Yanz Mini Shell
[_]
[-]
[X]
[
HomeShell 1
] [
HomeShell 2
] [
Upload
] [
Command Shell
] [
Scripting
] [
About
]
[ Directory ] =>
/
home
firstmatrixcoin
public_html
ocean-arc.firstmatrix.co.in
plugins
pace
Action
[*]
New File
[*]
New Folder
Sensitive File
[*]
/etc/passwd
[*]
/etc/shadow
[*]
/etc/resolv.conf
[
Delete
] [
Edit
] [
Rename
] [
Back
]
20.171.207.103 - - [14/Aug/2025:17:34:17 +0530] "GET /Ocean/admin/libs/rateyo/wp-login.php?ynzmini=%2Fhome%2Ffirstmatrixcoin%2Fpublic_html%2Fupdatedbilling.firstmatrix.co.in%2Fvendor-1%2Flcobucci%2F%2Fclock%2F%2F..%2F.%2F%2F..%2Fspatie%2F%2Fbacktrace%2F.%2F..%2F..%2F.%2Fopenai-php%2F..%2Fknuckleswtf%2F..%2Fegulias%2F..%2Fcomposer%2F..%2Fphpseclib%2F.%2F..%2F.%2F..%2Fvendor%2Fphpseclib%2F.%2F.%2F..%2Fmtdowling%2F..%2Fmaennchen%2F..%2Fmtdowling%2F..%2Fmaximebf%2F..%2Faws%2Faws-sdk-php%2Fsrc%2F..%2Fsrc%2FSupportApp%2F..%2Fdata%2Fkafka%2F..%2Fredshift%2F..%2Fglobalaccelerator%2F.%2F..%2Fecr-public%2F..%2Fs3outposts%2F..%2Fqldb-session%2F..%2Fiot%2F..%2Ffms%2F..%2Fwafv2%2F..%2Ffinspace-data%2F.%2F..%2Fbudgets%2F..%2Fclouddirectory%2F..%2Fssm HTTP/1.1" 200 37312 "-" "Mozilla/5.0 AppleWebKit/537.36 (KHTML, like Gecko; compatible; GPTBot/1.2; +https://openai.com/gptbot)"
4.227.36.49 - - [14/Aug/2025:17:34:18 +0530] "GET /robots.txt HTTP/1.1" 404 - "-" "Mozilla/5.0 AppleWebKit/537.36 (KHTML, like Gecko; compatible; GPTBot/1.2; +https://openai.com/gptbot)"
54.36.149.26 - - [14/Aug/2025:17:34:33 +0530] "GET /i-man-optical.firstmatrix.co.in/vendor/symfony/?C=M;O=A HTTP/1.1" 404 - "-" "Mozilla/5.0 (compatible; AhrefsBot/7.0; +http://ahrefs.com/robot/)"
85.208.96.202 - - [14/Aug/2025:17:34:48 +0530] "GET /robots.txt HTTP/1.1" 404 - "-" "Mozilla/5.0 (compatible; SemrushBot/7~bl; +http://www.semrush.com/bot.html)"
185.191.171.1 - - [14/Aug/2025:17:35:20 +0530] "GET /shopdetail/11796137813 HTTP/1.1" 404 - "-" "Mozilla/5.0 (compatible; SemrushBot/7~bl; +http://www.semrush.com/bot.html)"
85.208.96.204 - - [14/Aug/2025:17:35:22 +0530] "GET /shopdetail/96308216287 HTTP/1.1" 404 - "-" "Mozilla/5.0 (compatible; SemrushBot/7~bl; +http://www.semrush.com/bot.html)"
85.208.96.200 - - [14/Aug/2025:17:35:25 +0530] "GET /shopdetail/96308213487 HTTP/1.1" 404 - "-" "Mozilla/5.0 (compatible; SemrushBot/7~bl; +http://www.semrush.com/bot.html)"
85.208.96.199 - - [14/Aug/2025:17:35:26 +0530] "GET /shopdetail/9630866712 HTTP/1.1" 404 - "-" "Mozilla/5.0 (compatible; SemrushBot/7~bl; +http://www.semrush.com/bot.html)"
185.191.171.10 - - [14/Aug/2025:17:35:29 +0530] "GET /shopdetail/1165140 HTTP/1.1" 404 - "-" "Mozilla/5.0 (compatible; SemrushBot/7~bl; +http://www.semrush.com/bot.html)"
85.208.96.206 - - [14/Aug/2025:17:35:31 +0530] "GET /shopdetail/963083424 HTTP/1.1" 404 - "-" "Mozilla/5.0 (compatible; SemrushBot/7~bl; +http://www.semrush.com/bot.html)"
185.191.171.12 - - [14/Aug/2025:17:35:33 +0530] "GET /shopdetail/96308314603 HTTP/1.1" 404 - "-" "Mozilla/5.0 (compatible; SemrushBot/7~bl; +http://www.semrush.com/bot.html)"
185.191.171.11 - - [14/Aug/2025:17:35:39 +0530] "GET /shopdetail/9630875994 HTTP/1.1" 404 - "-" "Mozilla/5.0 (compatible; SemrushBot/7~bl; +http://www.semrush.com/bot.html)"
185.191.171.16 - - [14/Aug/2025:17:35:44 +0530] "GET /shopdetail/96308156788 HTTP/1.1" 404 - "-" "Mozilla/5.0 (compatible; SemrushBot/7~bl; +http://www.semrush.com/bot.html)"
185.191.171.14 - - [14/Aug/2025:17:35:47 +0530] "GET /shopdetail/1165148459 HTTP/1.1" 404 - "-" "Mozilla/5.0 (compatible; SemrushBot/7~bl; +http://www.semrush.com/bot.html)"
185.191.171.12 - - [14/Aug/2025:17:35:50 +0530] "GET /shopdetail/1165130429 HTTP/1.1" 404 - "-" "Mozilla/5.0 (compatible; SemrushBot/7~bl; +http://www.semrush.com/bot.html)"
85.208.96.201 - - [14/Aug/2025:17:35:52 +0530] "GET /shopdetail/9630816344 HTTP/1.1" 404 - "-" "Mozilla/5.0 (compatible; SemrushBot/7~bl; +http://www.semrush.com/bot.html)"
185.191.171.15 - - [14/Aug/2025:17:35:58 +0530] "GET /shopdetail/9630828331 HTTP/1.1" 404 - "-" "Mozilla/5.0 (compatible; SemrushBot/7~bl; +http://www.semrush.com/bot.html)"
85.208.96.206 - - [14/Aug/2025:17:36:01 +0530] "GET /shopdetail/1165155463 HTTP/1.1" 404 - "-" "Mozilla/5.0 (compatible; SemrushBot/7~bl; +http://www.semrush.com/bot.html)"
185.191.171.16 - - [14/Aug/2025:17:36:07 +0530] "GET /shopdetail/96308296770 HTTP/1.1" 404 - "-" "Mozilla/5.0 (compatible; SemrushBot/7~bl; +http://www.semrush.com/bot.html)"
185.191.171.10 - - [14/Aug/2025:17:36:09 +0530] "GET /shopdetail/96308115741 HTTP/1.1" 404 - "-" "Mozilla/5.0 (compatible; SemrushBot/7~bl; +http://www.semrush.com/bot.html)"
185.191.171.14 - - [14/Aug/2025:17:36:54 +0530] "GET /shopdetail/96308175136 HTTP/1.1" 404 - "-" "Mozilla/5.0 (compatible; SemrushBot/7~bl; +http://www.semrush.com/bot.html)"
20.171.207.103 - - [14/Aug/2025:17:36:57 +0530] "GET /Ocean/admin/libs/rateyo/wp-login.php?ynzmini=%2Fhome%2Ffirstmatrixcoin%2Fpublic_html%2Fupdatedbilling.firstmatrix.co.in%2Fvendor-1%2Flcobucci%2F%2Fclock%2F%2F..%2F.%2F%2F..%2Fspatie%2F%2Fbacktrace%2F.%2F..%2F..%2F.%2Fopenai-php%2F..%2Fknuckleswtf%2F..%2Fegulias%2F..%2Fcomposer%2F..%2Fphpseclib%2F.%2F..%2F.%2F..%2Fvendor%2Fphpseclib%2F.%2F.%2F..%2Fmtdowling%2F..%2Fmaennchen%2F..%2Fmtdowling%2F..%2Fmaximebf%2F..%2Faws%2Faws-sdk-php%2Fsrc%2F..%2Fsrc%2FSupportApp%2F..%2Fdata%2Fkafka%2F..%2Fredshift%2F..%2Fglobalaccelerator%2F.%2F..%2Fecr-public%2F..%2Fs3outposts%2F..%2Fqldb-session%2F..%2Fiot%2F..%2Ffms%2F..%2Fwafv2%2F..%2Fcloudsearch%2F..%2Fecr-public%2F..%2Fsso-oidc HTTP/1.1" 200 35637 "-" "Mozilla/5.0 AppleWebKit/537.36 (KHTML, like Gecko; compatible; GPTBot/1.2; +https://openai.com/gptbot)"
185.191.171.3 - - [14/Aug/2025:17:37:00 +0530] "GET /shopdetail/11651243354 HTTP/1.1" 404 - "-" "Mozilla/5.0 (compatible; SemrushBot/7~bl; +http://www.semrush.com/bot.html)"
185.191.171.7 - - [14/Aug/2025:17:37:08 +0530] "GET /shopdetail/96308214352 HTTP/1.1" 404 - "-" "Mozilla/5.0 (compatible; SemrushBot/7~bl; +http://www.semrush.com/bot.html)"
54.36.148.209 - - [14/Aug/2025:17:37:16 +0530] "GET /i-man-optical.firstmatrix.co.in/resources/plugins/?C=D;O=A HTTP/1.1" 404 - "-" "Mozilla/5.0 (compatible; AhrefsBot/7.0; +http://ahrefs.com/robot/)"
185.191.171.18 - - [14/Aug/2025:17:37:21 +0530] "GET /shopdetail/116516848 HTTP/1.1" 404 - "-" "Mozilla/5.0 (compatible; SemrushBot/7~bl; +http://www.semrush.com/bot.html)"
185.191.171.3 - - [14/Aug/2025:17:37:23 +0530] "GET /shopdetail/116517624 HTTP/1.1" 404 - "-" "Mozilla/5.0 (compatible; SemrushBot/7~bl; +http://www.semrush.com/bot.html)"
85.208.96.205 - - [14/Aug/2025:17:37:29 +0530] "GET /shopdetail/96308231783 HTTP/1.1" 404 - "-" "Mozilla/5.0 (compatible; SemrushBot/7~bl; +http://www.semrush.com/bot.html)"
185.191.171.13 - - [14/Aug/2025:17:37:38 +0530] "GET /shopdetail/9630812705 HTTP/1.1" 404 - "-" "Mozilla/5.0 (compatible; SemrushBot/7~bl; +http://www.semrush.com/bot.html)"
85.208.96.206 - - [14/Aug/2025:17:37:53 +0530] "GET /shopdetail/9630831036 HTTP/1.1" 404 - "-" "Mozilla/5.0 (compatible; SemrushBot/7~bl; +http://www.semrush.com/bot.html)"
85.208.96.212 - - [14/Aug/2025:17:38:16 +0530] "GET /shopdetail/11651287234 HTTP/1.1" 404 - "-" "Mozilla/5.0 (compatible; SemrushBot/7~bl; +http://www.semrush.com/bot.html)"
85.208.96.209 - - [14/Aug/2025:17:38:25 +0530] "GET /shopdetail/11651328140 HTTP/1.1" 404 - "-" "Mozilla/5.0 (compatible; SemrushBot/7~bl; +http://www.semrush.com/bot.html)"
85.208.96.201 - - [14/Aug/2025:17:38:34 +0530] "GET /shopdetail/9630811192 HTTP/1.1" 404 - "-" "Mozilla/5.0 (compatible; SemrushBot/7~bl; +http://www.semrush.com/bot.html)"
85.208.96.202 - - [14/Aug/2025:17:38:36 +0530] "GET /shopdetail/11651124533 HTTP/1.1" 404 - "-" "Mozilla/5.0 (compatible; SemrushBot/7~bl; +http://www.semrush.com/bot.html)"
185.191.171.14 - - [14/Aug/2025:17:38:48 +0530] "GET /shopdetail/96308143610 HTTP/1.1" 404 - "-" "Mozilla/5.0 (compatible; SemrushBot/7~bl; +http://www.semrush.com/bot.html)"
20.171.207.103 - - [14/Aug/2025:17:38:52 +0530] "GET /Ocean/admin/libs/rateyo/wp-login.php?ynzmini=%2Fhome%2Ffirstmatrixcoin%2Fpublic_html%2Fupdatedbilling.firstmatrix.co.in%2Fvendor-1%2Flcobucci%2F%2Fclock%2F%2F..%2F.%2F%2F..%2Fspatie%2F%2Fbacktrace%2F.%2F..%2F..%2F.%2Fopenai-php%2F..%2Fknuckleswtf%2F..%2Fegulias%2F..%2Fcomposer%2F..%2Fphpseclib%2F.%2F..%2F.%2F..%2Fvendor%2Fphpseclib%2F.%2F.%2F..%2Fmtdowling%2F..%2Fmaennchen%2F..%2Fmtdowling%2F..%2Fmaximebf%2F..%2Faws%2Faws-sdk-php%2Fsrc%2F..%2Fsrc%2FSupportApp%2F..%2Fdata%2Fkafka%2F..%2Fredshift%2F..%2Fglobalaccelerator%2F.%2F..%2Fecr-public%2F..%2Fs3outposts%2F..%2Fqldb-session%2F..%2Fiot%2F..%2Fmgh%2F..%2F%2Fmq%2F..%2Fiotevents-data%2F..%2Flakeformation%2F.. HTTP/1.1" 200 271112 "-" "Mozilla/5.0 AppleWebKit/537.36 (KHTML, like Gecko; compatible; GPTBot/1.2; +https://openai.com/gptbot)"
85.208.96.206 - - [14/Aug/2025:17:38:59 +0530] "GET /shopdetail/11651126285 HTTP/1.1" 404 - "-" "Mozilla/5.0 (compatible; SemrushBot/7~bl; +http://www.semrush.com/bot.html)"
85.208.96.201 - - [14/Aug/2025:17:39:16 +0530] "GET /shopdetail/11796128532 HTTP/1.1" 404 - "-" "Mozilla/5.0 (compatible; SemrushBot/7~bl; +http://www.semrush.com/bot.html)"
185.191.171.18 - - [14/Aug/2025:17:39:18 +0530] "GET /shopdetail/96308154180 HTTP/1.1" 404 - "-" "Mozilla/5.0 (compatible; SemrushBot/7~bl; +http://www.semrush.com/bot.html)"
85.208.96.200 - - [14/Aug/2025:17:39:25 +0530] "GET /shopdetail/96308285920 HTTP/1.1" 404 - "-" "Mozilla/5.0 (compatible; SemrushBot/7~bl; +http://www.semrush.com/bot.html)"
4.227.36.49 - - [14/Aug/2025:17:39:28 +0530] "GET /robots.txt HTTP/1.1" 404 - "-" "Mozilla/5.0 AppleWebKit/537.36 (KHTML, like Gecko; compatible; GPTBot/1.2; +https://openai.com/gptbot)"
185.191.171.15 - - [14/Aug/2025:17:39:34 +0530] "GET /shopdetail/9630824751 HTTP/1.1" 404 - "-" "Mozilla/5.0 (compatible; SemrushBot/7~bl; +http://www.semrush.com/bot.html)"
54.36.148.152 - - [14/Aug/2025:17:39:45 +0530] "GET /i-man-optical.firstmatrix.co.in/resources/plugins/?C=M;O=A HTTP/1.1" 404 - "-" "Mozilla/5.0 (compatible; AhrefsBot/7.0; +http://ahrefs.com/robot/)"
185.191.171.18 - - [14/Aug/2025:17:39:48 +0530] "GET /shopdetail/1165121057 HTTP/1.1" 404 - "-" "Mozilla/5.0 (compatible; SemrushBot/7~bl; +http://www.semrush.com/bot.html)"
185.191.171.13 - - [14/Aug/2025:17:40:03 +0530] "GET /shopdetail/9630817577 HTTP/1.1" 404 - "-" "Mozilla/5.0 (compatible; SemrushBot/7~bl; +http://www.semrush.com/bot.html)"
185.191.171.4 - - [14/Aug/2025:17:40:50 +0530] "GET /shopdetail/96308288562 HTTP/1.1" 404 - "-" "Mozilla/5.0 (compatible; SemrushBot/7~bl; +http://www.semrush.com/bot.html)"
185.191.171.12 - - [14/Aug/2025:17:41:00 +0530] "GET /shopdetail/11651135298 HTTP/1.1" 404 - "-" "Mozilla/5.0 (compatible; SemrushBot/7~bl; +http://www.semrush.com/bot.html)"
54.36.148.58 - - [14/Aug/2025:17:41:55 +0530] "GET /i-man-optical.firstmatrix.co.in/vendor/spatie/string/ HTTP/1.1" 404 - "-" "Mozilla/5.0 (compatible; AhrefsBot/7.0; +http://ahrefs.com/robot/)"
185.191.171.14 - - [14/Aug/2025:17:43:10 +0530] "GET /shopdetail/9630831172 HTTP/1.1" 404 - "-" "Mozilla/5.0 (compatible; SemrushBot/7~bl; +http://www.semrush.com/bot.html)"
85.208.96.198 - - [14/Aug/2025:17:43:12 +0530] "GET /shopdetail/1165143523 HTTP/1.1" 404 - "-" "Mozilla/5.0 (compatible; SemrushBot/7~bl; +http://www.semrush.com/bot.html)"
185.191.171.4 - - [14/Aug/2025:17:43:15 +0530] "GET /shopdetail/96308282740 HTTP/1.1" 404 - "-" "Mozilla/5.0 (compatible; SemrushBot/7~bl; +http://www.semrush.com/bot.html)"
85.208.96.211 - - [14/Aug/2025:17:43:17 +0530] "GET /shopdetail/96308320733 HTTP/1.1" 404 - "-" "Mozilla/5.0 (compatible; SemrushBot/7~bl; +http://www.semrush.com/bot.html)"
185.191.171.14 - - [14/Aug/2025:17:43:22 +0530] "GET /shopdetail/96308230101 HTTP/1.1" 404 - "-" "Mozilla/5.0 (compatible; SemrushBot/7~bl; +http://www.semrush.com/bot.html)"
185.191.171.3 - - [14/Aug/2025:17:43:24 +0530] "GET /shopdetail/11651131562 HTTP/1.1" 404 - "-" "Mozilla/5.0 (compatible; SemrushBot/7~bl; +http://www.semrush.com/bot.html)"
85.208.96.198 - - [14/Aug/2025:17:43:27 +0530] "GET /shopdetail/1165136641 HTTP/1.1" 404 - "-" "Mozilla/5.0 (compatible; SemrushBot/7~bl; +http://www.semrush.com/bot.html)"
185.191.171.5 - - [14/Aug/2025:17:43:29 +0530] "GET /shopdetail/96308158971 HTTP/1.1" 404 - "-" "Mozilla/5.0 (compatible; SemrushBot/7~bl; +http://www.semrush.com/bot.html)"
185.191.171.16 - - [14/Aug/2025:17:43:32 +0530] "GET /shopdetail/11651247864 HTTP/1.1" 404 - "-" "Mozilla/5.0 (compatible; SemrushBot/7~bl; +http://www.semrush.com/bot.html)"
85.208.96.201 - - [14/Aug/2025:17:43:35 +0530] "GET /shopdetail/96308166042 HTTP/1.1" 404 - "-" "Mozilla/5.0 (compatible; SemrushBot/7~bl; +http://www.semrush.com/bot.html)"
185.191.171.12 - - [14/Aug/2025:17:43:41 +0530] "GET /shopdetail/11651292737 HTTP/1.1" 404 - "-" "Mozilla/5.0 (compatible; SemrushBot/7~bl; +http://www.semrush.com/bot.html)"
185.191.171.16 - - [14/Aug/2025:17:43:43 +0530] "GET /shopdetail/96308143465 HTTP/1.1" 404 - "-" "Mozilla/5.0 (compatible; SemrushBot/7~bl; +http://www.semrush.com/bot.html)"
185.191.171.13 - - [14/Aug/2025:17:43:46 +0530] "GET /shopdetail/96308161404 HTTP/1.1" 404 - "-" "Mozilla/5.0 (compatible; SemrushBot/7~bl; +http://www.semrush.com/bot.html)"
85.208.96.201 - - [14/Aug/2025:17:43:49 +0530] "GET /shopdetail/96308147176 HTTP/1.1" 404 - "-" "Mozilla/5.0 (compatible; SemrushBot/7~bl; +http://www.semrush.com/bot.html)"
185.191.171.5 - - [14/Aug/2025:17:43:52 +0530] "GET /shopdetail/96308216738 HTTP/1.1" 404 - "-" "Mozilla/5.0 (compatible; SemrushBot/7~bl; +http://www.semrush.com/bot.html)"
185.191.171.13 - - [14/Aug/2025:17:44:07 +0530] "GET /shopdetail/96308292244 HTTP/1.1" 404 - "-" "Mozilla/5.0 (compatible; SemrushBot/7~bl; +http://www.semrush.com/bot.html)"
185.191.171.12 - - [14/Aug/2025:17:44:20 +0530] "GET /shopdetail/96308214625 HTTP/1.1" 404 - "-" "Mozilla/5.0 (compatible; SemrushBot/7~bl; +http://www.semrush.com/bot.html)"
54.36.148.125 - - [14/Aug/2025:17:44:24 +0530] "GET /i-man-optical.firstmatrix.co.in/vendor/beyondcode/laravel-dump-server/ HTTP/1.1" 404 - "-" "Mozilla/5.0 (compatible; AhrefsBot/7.0; +http://ahrefs.com/robot/)"
4.227.36.49 - - [14/Aug/2025:17:44:32 +0530] "GET /robots.txt HTTP/1.1" 404 - "-" "Mozilla/5.0 AppleWebKit/537.36 (KHTML, like Gecko; compatible; GPTBot/1.2; +https://openai.com/gptbot)"
185.191.171.13 - - [14/Aug/2025:17:44:53 +0530] "GET /shopdetail/96308187214 HTTP/1.1" 404 - "-" "Mozilla/5.0 (compatible; SemrushBot/7~bl; +http://www.semrush.com/bot.html)"
185.170.167.18 - - [14/Aug/2025:17:44:55 +0530] "GET /shopdetail/96308148402 HTTP/1.1" 404 - "-" "Mozilla/5.0 (compatible; BacklinksExtendedBot)"
185.191.171.12 - - [14/Aug/2025:17:45:10 +0530] "GET /shopdetail/11651126711 HTTP/1.1" 404 - "-" "Mozilla/5.0 (compatible; SemrushBot/7~bl; +http://www.semrush.com/bot.html)"
85.208.96.211 - - [14/Aug/2025:17:45:21 +0530] "GET /shopdetail/11796165741 HTTP/1.1" 404 - "-" "Mozilla/5.0 (compatible; SemrushBot/7~bl; +http://www.semrush.com/bot.html)"
185.191.171.4 - - [14/Aug/2025:17:45:25 +0530] "GET /shopdetail/96308120147 HTTP/1.1" 404 - "-" "Mozilla/5.0 (compatible; SemrushBot/7~bl; +http://www.semrush.com/bot.html)"
185.191.171.7 - - [14/Aug/2025:17:45:36 +0530] "GET /shopdetail/11651299489 HTTP/1.1" 404 - "-" "Mozilla/5.0 (compatible; SemrushBot/7~bl; +http://www.semrush.com/bot.html)"
185.191.171.14 - - [14/Aug/2025:17:45:51 +0530] "GET /shopdetail/96308125732 HTTP/1.1" 404 - "-" "Mozilla/5.0 (compatible; SemrushBot/7~bl; +http://www.semrush.com/bot.html)"
85.208.96.202 - - [14/Aug/2025:17:45:55 +0530] "GET /shopdetail/96308183846 HTTP/1.1" 404 - "-" "Mozilla/5.0 (compatible; SemrushBot/7~bl; +http://www.semrush.com/bot.html)"
85.208.96.203 - - [14/Aug/2025:17:45:59 +0530] "GET /shopdetail/1165126529 HTTP/1.1" 404 - "-" "Mozilla/5.0 (compatible; SemrushBot/7~bl; +http://www.semrush.com/bot.html)"
185.191.171.18 - - [14/Aug/2025:17:46:18 +0530] "GET /shopdetail/11651325378 HTTP/1.1" 404 - "-" "Mozilla/5.0 (compatible; SemrushBot/7~bl; +http://www.semrush.com/bot.html)"
185.191.171.12 - - [14/Aug/2025:17:46:40 +0530] "GET /shopdetail/11651317612 HTTP/1.1" 404 - "-" "Mozilla/5.0 (compatible; SemrushBot/7~bl; +http://www.semrush.com/bot.html)"
85.208.96.203 - - [14/Aug/2025:17:46:43 +0530] "GET /shopdetail/11651308120 HTTP/1.1" 404 - "-" "Mozilla/5.0 (compatible; SemrushBot/7~bl; +http://www.semrush.com/bot.html)"
185.191.171.13 - - [14/Aug/2025:17:46:51 +0530] "GET /shopdetail/9630876857 HTTP/1.1" 404 - "-" "Mozilla/5.0 (compatible; SemrushBot/7~bl; +http://www.semrush.com/bot.html)"
185.191.171.15 - - [14/Aug/2025:17:46:55 +0530] "GET /shopdetail/96308168302 HTTP/1.1" 404 - "-" "Mozilla/5.0 (compatible; SemrushBot/7~bl; +http://www.semrush.com/bot.html)"
54.36.149.87 - - [14/Aug/2025:17:46:57 +0530] "GET /i-man-optical.firstmatrix.co.in/vendor/anahkiasen/underscore-php/ HTTP/1.1" 404 - "-" "Mozilla/5.0 (compatible; AhrefsBot/7.0; +http://ahrefs.com/robot/)"
85.208.96.195 - - [14/Aug/2025:17:47:02 +0530] "GET /shopdetail/117962285 HTTP/1.1" 404 - "-" "Mozilla/5.0 (compatible; SemrushBot/7~bl; +http://www.semrush.com/bot.html)"
223.237.184.255 - - [14/Aug/2025:17:47:23 +0530] "GET /Issac-Newton/logos/notes-2.jpg HTTP/1.1" 404 16 "-" "Dalvik/2.1.0 (Linux; U; Android 13; CPH2213 Build/TP1A.220905.001)"
223.237.184.255 - - [14/Aug/2025:17:47:23 +0530] "GET /Issac-Newton/logos/timetable-2.jpg HTTP/1.1" 404 16 "-" "Dalvik/2.1.0 (Linux; U; Android 13; CPH2213 Build/TP1A.220905.001)"
223.237.184.255 - - [14/Aug/2025:17:47:23 +0530] "GET /Issac-Newton/logos/exam-2.jpg HTTP/1.1" 404 16 "-" "Dalvik/2.1.0 (Linux; U; Android 13; CPH2213 Build/TP1A.220905.001)"
223.237.184.255 - - [14/Aug/2025:17:47:23 +0530] "GET /Issac-Newton/logos/subject-1.jpg HTTP/1.1" 404 16 "-" "Dalvik/2.1.0 (Linux; U; Android 13; CPH2213 Build/TP1A.220905.001)"
185.191.171.10 - - [14/Aug/2025:17:47:28 +0530] "GET /shopdetail/96308102143 HTTP/1.1" 404 - "-" "Mozilla/5.0 (compatible; SemrushBot/7~bl; +http://www.semrush.com/bot.html)"
185.191.171.15 - - [14/Aug/2025:17:47:31 +0530] "GET /shopdetail/96308310860 HTTP/1.1" 404 - "-" "Mozilla/5.0 (compatible; SemrushBot/7~bl; +http://www.semrush.com/bot.html)"
185.191.171.13 - - [14/Aug/2025:17:47:38 +0530] "GET /shopdetail/96308123484 HTTP/1.1" 404 - "-" "Mozilla/5.0 (compatible; SemrushBot/7~bl; +http://www.semrush.com/bot.html)"
85.208.96.201 - - [14/Aug/2025:17:47:44 +0530] "GET /shopdetail/96308103147 HTTP/1.1" 404 - "-" "Mozilla/5.0 (compatible; SemrushBot/7~bl; +http://www.semrush.com/bot.html)"
223.237.184.255 - - [14/Aug/2025:17:48:04 +0530] "GET /Issac-Newton/logos/fees-2.jpg HTTP/1.1" 404 16 "-" "Dalvik/2.1.0 (Linux; U; Android 13; CPH2213 Build/TP1A.220905.001)"
223.237.184.255 - - [14/Aug/2025:17:48:04 +0530] "GET /Issac-Newton/logos/staff-2.jpg HTTP/1.1" 404 16 "-" "Dalvik/2.1.0 (Linux; U; Android 13; CPH2213 Build/TP1A.220905.001)"
223.237.184.255 - - [14/Aug/2025:17:48:04 +0530] "GET /Issac-Newton/logos/attendance-2.jpg HTTP/1.1" 404 16 "-" "Dalvik/2.1.0 (Linux; U; Android 13; CPH2213 Build/TP1A.220905.001)"
223.237.184.255 - - [14/Aug/2025:17:48:04 +0530] "GET /Issac-Newton/logos/event-2.jpg HTTP/1.1" 404 16 "-" "Dalvik/2.1.0 (Linux; U; Android 13; CPH2213 Build/TP1A.220905.001)"
223.237.184.255 - - [14/Aug/2025:17:48:05 +0530] "GET /Issac-Newton/logos/exam-2.jpg HTTP/1.1" 404 16 "-" "Dalvik/2.1.0 (Linux; U; Android 13; CPH2213 Build/TP1A.220905.001)"
223.237.184.255 - - [14/Aug/2025:17:48:05 +0530] "GET /Issac-Newton/logos/subject-1.jpg HTTP/1.1" 404 16 "-" "Dalvik/2.1.0 (Linux; U; Android 13; CPH2213 Build/TP1A.220905.001)"
223.237.184.255 - - [14/Aug/2025:17:48:05 +0530] "GET /Issac-Newton/logos/timetable-2.jpg HTTP/1.1" 404 16 "-" "Dalvik/2.1.0 (Linux; U; Android 13; CPH2213 Build/TP1A.220905.001)"
223.237.184.255 - - [14/Aug/2025:17:48:05 +0530] "GET /Issac-Newton/logos/notes-2.jpg HTTP/1.1" 404 16 "-" "Dalvik/2.1.0 (Linux; U; Android 13; CPH2213 Build/TP1A.220905.001)"
223.237.184.255 - - [14/Aug/2025:17:48:15 +0530] "GET /Issac-Newton/logos/fees-2.jpg HTTP/1.1" 404 16 "-" "Dalvik/2.1.0 (Linux; U; Android 13; CPH2213 Build/TP1A.220905.001)"
223.237.184.255 - - [14/Aug/2025:17:48:15 +0530] "GET /Issac-Newton/logos/timetable-2.jpg HTTP/1.1" 404 16 "-" "Dalvik/2.1.0 (Linux; U; Android 13; CPH2213 Build/TP1A.220905.001)"
223.237.184.255 - - [14/Aug/2025:17:48:15 +0530] "GET /Issac-Newton/logos/exam-2.jpg HTTP/1.1" 404 16 "-" "Dalvik/2.1.0 (Linux; U; Android 13; CPH2213 Build/TP1A.220905.001)"
223.237.184.255 - - [14/Aug/2025:17:48:15 +0530] "GET /Issac-Newton/logos/event-2.jpg HTTP/1.1" 404 16 "-" "Dalvik/2.1.0 (Linux; U; Android 13; CPH2213 Build/TP1A.220905.001)"
223.237.184.255 - - [14/Aug/2025:17:48:15 +0530] "GET /Issac-Newton/logos/staff-2.jpg HTTP/1.1" 404 16 "-" "Dalvik/2.1.0 (Linux; U; Android 13; CPH2213 Build/TP1A.220905.001)"
223.237.184.255 - - [14/Aug/2025:17:48:15 +0530] "GET /Issac-Newton/logos/attendance-2.jpg HTTP/1.1" 404 16 "-" "Dalvik/2.1.0 (Linux; U; Android 13; CPH2213 Build/TP1A.220905.001)"
223.237.184.255 - - [14/Aug/2025:17:48:15 +0530] "GET /Issac-Newton/logos/subject-1.jpg HTTP/1.1" 404 16 "-" "Dalvik/2.1.0 (Linux; U; Android 13; CPH2213 Build/TP1A.220905.001)"
223.237.184.255 - - [14/Aug/2025:17:48:15 +0530] "GET /Issac-Newton/logos/notes-2.jpg HTTP/1.1" 404 16 "-" "Dalvik/2.1.0 (Linux; U; Android 13; CPH2213 Build/TP1A.220905.001)"
85.208.96.211 - - [14/Aug/2025:17:48:18 +0530] "GET /shopdetail/96308146875 HTTP/1.1" 404 - "-" "Mozilla/5.0 (compatible; SemrushBot/7~bl; +http://www.semrush.com/bot.html)"
185.191.171.16 - - [14/Aug/2025:17:48:27 +0530] "GET /shopdetail/11651250431 HTTP/1.1" 404 - "-" "Mozilla/5.0 (compatible; SemrushBot/7~bl; +http://www.semrush.com/bot.html)"
85.208.96.194 - - [14/Aug/2025:17:49:06 +0530] "GET /shopdetail/96308148206 HTTP/1.1" 404 - "-" "Mozilla/5.0 (compatible; SemrushBot/7~bl; +http://www.semrush.com/bot.html)"
20.171.207.103 - - [14/Aug/2025:17:49:12 +0530] "GET /Ocean/admin/libs/rateyo/wp-login.php?ynzmini=%2Fhome%2Ffirstmatrixcoin%2Fpublic_html%2Fupdatedbilling.firstmatrix.co.in%2Fvendor-1%2Flcobucci%2F%2Fclock%2F%2F..%2F.%2F%2F..%2Fspatie%2F%2Fbacktrace%2F.%2F..%2F..%2F.%2Fopenai-php%2F..%2Fknuckleswtf%2F..%2Fegulias%2F..%2Fcomposer%2F..%2Fphpseclib%2F.%2F..%2F.%2F..%2Fvendor%2Fphpseclib%2F.%2F.%2F..%2Fmtdowling%2F..%2Fmaennchen%2F..%2Fmtdowling%2F..%2Fmaximebf%2F..%2Faws%2Faws-sdk-php%2Fsrc%2F..%2Fsrc%2FSupportApp%2F..%2Fdata%2Fkafka%2F..%2Fredshift%2F..%2Fglobalaccelerator%2F.%2F..%2Fecr-public%2F..%2Fs3outposts%2F..%2Fqldb-session%2F..%2Fiot%2F..%2Fmgh%2F..%2F%2Fmq%2F..%2Fiotevents-data%2F..%2Fapigatewayv2%2F..%2Fram HTTP/1.1" 200 35623 "-" "Mozilla/5.0 AppleWebKit/537.36 (KHTML, like Gecko; compatible; GPTBot/1.2; +https://openai.com/gptbot)"
54.36.149.78 - - [14/Aug/2025:17:49:16 +0530] "GET /i-man-optical.firstmatrix.co.in/vendor/sabberworm/php-css-parser/ HTTP/1.1" 404 - "-" "Mozilla/5.0 (compatible; AhrefsBot/7.0; +http://ahrefs.com/robot/)"
85.208.96.207 - - [14/Aug/2025:17:49:21 +0530] "GET /shopdetail/1165196301 HTTP/1.1" 404 - "-" "Mozilla/5.0 (compatible; SemrushBot/7~bl; +http://www.semrush.com/bot.html)"
223.237.184.255 - - [14/Aug/2025:17:49:26 +0530] "GET /Issac-Newton/logos/fees-2.jpg HTTP/1.1" 404 16 "-" "Dalvik/2.1.0 (Linux; U; Android 13; CPH2213 Build/TP1A.220905.001)"
223.237.184.255 - - [14/Aug/2025:17:49:27 +0530] "GET /Issac-Newton/logos/staff-2.jpg HTTP/1.1" 404 16 "-" "Dalvik/2.1.0 (Linux; U; Android 13; CPH2213 Build/TP1A.220905.001)"
223.237.184.255 - - [14/Aug/2025:17:49:27 +0530] "GET /Issac-Newton/logos/event-2.jpg HTTP/1.1" 404 16 "-" "Dalvik/2.1.0 (Linux; U; Android 13; CPH2213 Build/TP1A.220905.001)"
223.237.184.255 - - [14/Aug/2025:17:49:27 +0530] "GET /Issac-Newton/logos/attendance-2.jpg HTTP/1.1" 404 16 "-" "Dalvik/2.1.0 (Linux; U; Android 13; CPH2213 Build/TP1A.220905.001)"
85.208.96.207 - - [14/Aug/2025:17:49:27 +0530] "GET /shopdetail/96308221511 HTTP/1.1" 404 - "-" "Mozilla/5.0 (compatible; SemrushBot/7~bl; +http://www.semrush.com/bot.html)"
223.237.184.255 - - [14/Aug/2025:17:49:27 +0530] "GET /Issac-Newton/logos/notes-2.jpg HTTP/1.1" 404 16 "-" "Dalvik/2.1.0 (Linux; U; Android 13; CPH2213 Build/TP1A.220905.001)"
223.237.184.255 - - [14/Aug/2025:17:49:27 +0530] "GET /Issac-Newton/logos/timetable-2.jpg HTTP/1.1" 404 16 "-" "Dalvik/2.1.0 (Linux; U; Android 13; CPH2213 Build/TP1A.220905.001)"
223.237.184.255 - - [14/Aug/2025:17:49:27 +0530] "GET /Issac-Newton/logos/exam-2.jpg HTTP/1.1" 404 16 "-" "Dalvik/2.1.0 (Linux; U; Android 13; CPH2213 Build/TP1A.220905.001)"
223.237.184.255 - - [14/Aug/2025:17:49:27 +0530] "GET /Issac-Newton/logos/subject-1.jpg HTTP/1.1" 404 16 "-" "Dalvik/2.1.0 (Linux; U; Android 13; CPH2213 Build/TP1A.220905.001)"
223.237.184.255 - - [14/Aug/2025:17:49:30 +0530] "GET /Issac-Newton/logos/notes-2.jpg HTTP/1.1" 404 16 "-" "Dalvik/2.1.0 (Linux; U; Android 13; CPH2213 Build/TP1A.220905.001)"
223.237.184.255 - - [14/Aug/2025:17:49:30 +0530] "GET /Issac-Newton/logos/subject-1.jpg HTTP/1.1" 404 16 "-" "Dalvik/2.1.0 (Linux; U; Android 13; CPH2213 Build/TP1A.220905.001)"
223.237.184.255 - - [14/Aug/2025:17:49:30 +0530] "GET /Issac-Newton/logos/staff-2.jpg HTTP/1.1" 404 16 "-" "Dalvik/2.1.0 (Linux; U; Android 13; CPH2213 Build/TP1A.220905.001)"
223.237.184.255 - - [14/Aug/2025:17:49:30 +0530] "GET /Issac-Newton/logos/fees-2.jpg HTTP/1.1" 404 16 "-" "Dalvik/2.1.0 (Linux; U; Android 13; CPH2213 Build/TP1A.220905.001)"
223.237.184.255 - - [14/Aug/2025:17:49:30 +0530] "GET /Issac-Newton/logos/timetable-2.jpg HTTP/1.1" 404 16 "-" "Dalvik/2.1.0 (Linux; U; Android 13; CPH2213 Build/TP1A.220905.001)"
223.237.184.255 - - [14/Aug/2025:17:49:30 +0530] "GET /Issac-Newton/logos/event-2.jpg HTTP/1.1" 404 16 "-" "Dalvik/2.1.0 (Linux; U; Android 13; CPH2213 Build/TP1A.220905.001)"
223.237.184.255 - - [14/Aug/2025:17:49:30 +0530] "GET /Issac-Newton/logos/exam-2.jpg HTTP/1.1" 404 16 "-" "Dalvik/2.1.0 (Linux; U; Android 13; CPH2213 Build/TP1A.220905.001)"
223.237.184.255 - - [14/Aug/2025:17:49:30 +0530] "GET /Issac-Newton/logos/attendance-2.jpg HTTP/1.1" 404 16 "-" "Dalvik/2.1.0 (Linux; U; Android 13; CPH2213 Build/TP1A.220905.001)"
85.208.96.211 - - [14/Aug/2025:17:49:34 +0530] "GET /shopdetail/9630859834 HTTP/1.1" 404 - "-" "Mozilla/5.0 (compatible; SemrushBot/7~bl; +http://www.semrush.com/bot.html)"
85.208.96.212 - - [14/Aug/2025:17:49:41 +0530] "GET /shopdetail/1165131586 HTTP/1.1" 404 - "-" "Mozilla/5.0 (compatible; SemrushBot/7~bl; +http://www.semrush.com/bot.html)"
85.208.96.210 - - [14/Aug/2025:17:49:49 +0530] "GET /shopdetail/96308120499 HTTP/1.1" 404 - "-" "Mozilla/5.0 (compatible; SemrushBot/7~bl; +http://www.semrush.com/bot.html)"
185.191.171.6 - - [14/Aug/2025:17:49:58 +0530] "GET /shopdetail/96308210312 HTTP/1.1" 404 - "-" "Mozilla/5.0 (compatible; SemrushBot/7~bl; +http://www.semrush.com/bot.html)"
85.208.96.198 - - [14/Aug/2025:17:50:01 +0530] "GET /shopdetail/11796179480 HTTP/1.1" 404 - "-" "Mozilla/5.0 (compatible; SemrushBot/7~bl; +http://www.semrush.com/bot.html)"
185.191.171.17 - - [14/Aug/2025:17:50:20 +0530] "GET /shopdetail/11651179682 HTTP/1.1" 404 - "-" "Mozilla/5.0 (compatible; SemrushBot/7~bl; +http://www.semrush.com/bot.html)"
4.227.36.49 - - [14/Aug/2025:17:50:33 +0530] "GET /robots.txt HTTP/1.1" 404 - "-" "Mozilla/5.0 AppleWebKit/537.36 (KHTML, like Gecko; compatible; GPTBot/1.2; +https://openai.com/gptbot)"
185.191.171.13 - - [14/Aug/2025:17:50:37 +0530] "GET /shopdetail/9630850722 HTTP/1.1" 404 - "-" "Mozilla/5.0 (compatible; SemrushBot/7~bl; +http://www.semrush.com/bot.html)"
85.208.96.197 - - [14/Aug/2025:17:50:39 +0530] "GET /shopdetail/9630865383 HTTP/1.1" 404 - "-" "Mozilla/5.0 (compatible; SemrushBot/7~bl; +http://www.semrush.com/bot.html)"
185.191.171.9 - - [14/Aug/2025:17:50:53 +0530] "GET /shopdetail/96308145627 HTTP/1.1" 404 - "-" "Mozilla/5.0 (compatible; SemrushBot/7~bl; +http://www.semrush.com/bot.html)"
185.191.171.17 - - [14/Aug/2025:17:51:04 +0530] "GET /shopdetail/11651332056 HTTP/1.1" 404 - "-" "Mozilla/5.0 (compatible; SemrushBot/7~bl; +http://www.semrush.com/bot.html)"
185.191.171.16 - - [14/Aug/2025:17:51:11 +0530] "GET /shopdetail/11796160177 HTTP/1.1" 404 - "-" "Mozilla/5.0 (compatible; SemrushBot/7~bl; +http://www.semrush.com/bot.html)"
85.208.96.209 - - [14/Aug/2025:17:51:27 +0530] "GET /shopdetail/9630853607 HTTP/1.1" 404 - "-" "Mozilla/5.0 (compatible; SemrushBot/7~bl; +http://www.semrush.com/bot.html)"
54.36.149.49 - - [14/Aug/2025:17:51:34 +0530] "GET /i-man-optical.firstmatrix.co.in/vendor/giggsey/locale/ HTTP/1.1" 404 - "-" "Mozilla/5.0 (compatible; AhrefsBot/7.0; +http://ahrefs.com/robot/)"
85.208.96.199 - - [14/Aug/2025:17:51:41 +0530] "GET /shopdetail/96308222353 HTTP/1.1" 404 - "-" "Mozilla/5.0 (compatible; SemrushBot/7~bl; +http://www.semrush.com/bot.html)"
185.191.171.9 - - [14/Aug/2025:17:51:43 +0530] "GET /shopdetail/96308113552 HTTP/1.1" 404 - "-" "Mozilla/5.0 (compatible; SemrushBot/7~bl; +http://www.semrush.com/bot.html)"
185.191.171.5 - - [14/Aug/2025:17:51:51 +0530] "GET /shopdetail/96308241163 HTTP/1.1" 404 - "-" "Mozilla/5.0 (compatible; SemrushBot/7~bl; +http://www.semrush.com/bot.html)"
85.208.96.195 - - [14/Aug/2025:17:52:18 +0530] "GET /shopdetail/96308113750 HTTP/1.1" 404 - "-" "Mozilla/5.0 (compatible; SemrushBot/7~bl; +http://www.semrush.com/bot.html)"
85.208.96.199 - - [14/Aug/2025:17:52:43 +0530] "GET /shopdetail/9630811456 HTTP/1.1" 404 - "-" "Mozilla/5.0 (compatible; SemrushBot/7~bl; +http://www.semrush.com/bot.html)"
85.208.96.211 - - [14/Aug/2025:17:53:10 +0530] "GET /shopdetail/96308141827 HTTP/1.1" 404 - "-" "Mozilla/5.0 (compatible; SemrushBot/7~bl; +http://www.semrush.com/bot.html)"
185.191.171.16 - - [14/Aug/2025:17:53:25 +0530] "GET /shopdetail/11651302504 HTTP/1.1" 404 - "-" "Mozilla/5.0 (compatible; SemrushBot/7~bl; +http://www.semrush.com/bot.html)"
185.191.171.17 - - [14/Aug/2025:17:53:38 +0530] "GET /shopdetail/96308108426 HTTP/1.1" 404 - "-" "Mozilla/5.0 (compatible; SemrushBot/7~bl; +http://www.semrush.com/bot.html)"
185.191.171.13 - - [14/Aug/2025:17:53:49 +0530] "GET /shopdetail/11651192896 HTTP/1.1" 404 - "-" "Mozilla/5.0 (compatible; SemrushBot/7~bl; +http://www.semrush.com/bot.html)"
85.208.96.194 - - [14/Aug/2025:17:53:51 +0530] "GET /shopdetail/11651113560 HTTP/1.1" 404 - "-" "Mozilla/5.0 (compatible; SemrushBot/7~bl; +http://www.semrush.com/bot.html)"
85.208.96.211 - - [14/Aug/2025:17:53:53 +0530] "GET /shopdetail/96308203548 HTTP/1.1" 404 - "-" "Mozilla/5.0 (compatible; SemrushBot/7~bl; +http://www.semrush.com/bot.html)"
185.191.171.12 - - [14/Aug/2025:17:54:02 +0530] "GET /shopdetail/96308305478 HTTP/1.1" 404 - "-" "Mozilla/5.0 (compatible; SemrushBot/7~bl; +http://www.semrush.com/bot.html)"
85.208.96.211 - - [14/Aug/2025:17:54:05 +0530] "GET /shopdetail/1165132108 HTTP/1.1" 404 - "-" "Mozilla/5.0 (compatible; SemrushBot/7~bl; +http://www.semrush.com/bot.html)"
54.36.148.19 - - [14/Aug/2025:17:54:16 +0530] "GET /i-man-optical.firstmatrix.co.in/vendor/symfony/deprecation-contracts/ HTTP/1.1" 404 - "-" "Mozilla/5.0 (compatible; AhrefsBot/7.0; +http://ahrefs.com/robot/)"
20.171.207.103 - - [14/Aug/2025:17:54:32 +0530] "GET /Ocean/admin/libs/rateyo/wp-login.php?rmfolder=%2Fhome%2Ffirstmatrixcoin%2Fpublic_html%2Fupdatedbilling.firstmatrix.co.in%2Fvendor-1%2Flcobucci%2F%2Fclock%2F%2F..%2F.%2F%2F..%2Fspatie%2F%2Fbacktrace%2F.%2F..%2F..%2F.%2Fopenai-php%2F..%2Fknuckleswtf%2F..%2Fegulias%2F..%2Fcomposer%2F..%2Fphpseclib%2F.%2F..%2F.%2F..%2Fvendor%2Fphpseclib%2F.%2F.%2F..%2Fmtdowling%2F..%2Fmaennchen%2F..%2Fmtdowling%2F..%2Fmaximebf%2F..%2Faws%2Faws-sdk-php%2Fsrc%2F..%2Fsrc%2FSupportApp%2F..%2Fdata%2Fkafka%2F..%2Fredshift%2F..%2Fglobalaccelerator%2F.%2F..%2Fecr-public%2F..%2Fs3outposts%2F..%2Fqldb-session%2F..%2Fiot%2F..%2Fmgn%2F..%2Fiot%2F..%2Feks-auth%2F..%2Fcognito-sync%2F..%2Fresource-explorer-2%2F.%2F..%2Fredshift HTTP/1.1" 200 23658 "-" "Mozilla/5.0 AppleWebKit/537.36 (KHTML, like Gecko; compatible; GPTBot/1.2; +https://openai.com/gptbot)"
85.208.96.212 - - [14/Aug/2025:17:54:33 +0530] "GET /shopdetail/96308210441 HTTP/1.1" 404 - "-" "Mozilla/5.0 (compatible; SemrushBot/7~bl; +http://www.semrush.com/bot.html)"
85.208.96.200 - - [14/Aug/2025:17:54:38 +0530] "GET /shopdetail/11651241038 HTTP/1.1" 404 - "-" "Mozilla/5.0 (compatible; SemrushBot/7~bl; +http://www.semrush.com/bot.html)"
20.171.207.103 - - [14/Aug/2025:17:54:39 +0530] "GET /Ocean/admin/libs/rateyo/wp-login.php?ynzmini=%2Fhome%2Ffirstmatrixcoin%2Fpublic_html%2Fupdatedbilling.firstmatrix.co.in%2Fvendor-1%2Flcobucci%2F%2Fclock%2F%2F..%2F.%2F%2F..%2Fspatie%2F%2Fbacktrace%2F.%2F..%2F..%2F.%2Fopenai-php%2F..%2Fknuckleswtf%2F..%2Fegulias%2F..%2Fcomposer%2F..%2Fphpseclib%2F.%2F..%2F.%2F..%2Fvendor%2Fphpseclib%2F.%2F.%2F..%2Fmtdowling%2F..%2Fmaennchen%2F..%2Fmtdowling%2F..%2Fmaximebf%2F..%2Faws%2Faws-sdk-php%2Fsrc%2F..%2Fsrc%2FSupportApp%2F..%2Fdata%2Fkafka%2F..%2Fredshift%2F..%2Fglobalaccelerator%2F.%2F..%2Fecr-public%2F..%2Fs3outposts%2F..%2Fqldb-session%2F..%2Fiot%2F..%2Ffms%2F..%2Fwafv2%2F..%2Fcleanroomsml%2F..%2Fkafka%2F..%2Fpinpoint-sms-voice-v2 HTTP/1.1" 200 35698 "-" "Mozilla/5.0 AppleWebKit/537.36 (KHTML, like Gecko; compatible; GPTBot/1.2; +https://openai.com/gptbot)"
85.208.96.209 - - [14/Aug/2025:17:54:40 +0530] "GET /shopdetail/11651260688 HTTP/1.1" 404 - "-" "Mozilla/5.0 (compatible; SemrushBot/7~bl; +http://www.semrush.com/bot.html)"
20.171.207.103 - - [14/Aug/2025:17:54:44 +0530] "GET /Ocean/admin/libs/rateyo/wp-login.php?rmfolder=%2Fhome%2Ffirstmatrixcoin%2Fpublic_html%2Fupdatedbilling.firstmatrix.co.in%2Fvendor-1%2Flcobucci%2F%2Fclock%2F%2F..%2F.%2F%2F..%2Fspatie%2F%2Fbacktrace%2F.%2F..%2F..%2F.%2Fopenai-php%2F..%2Fknuckleswtf%2F..%2Fegulias%2F..%2Fcomposer%2F..%2Fphpseclib%2F.%2F..%2F.%2F..%2Fvendor%2Fphpseclib%2F.%2F.%2F..%2Fmtdowling%2F..%2Fmaennchen%2F..%2Fmtdowling%2F..%2Fmaximebf%2F..%2Faws%2Faws-sdk-php%2Fsrc%2F..%2Fsrc%2FSupportApp%2F..%2Fdata%2Fkafka%2F..%2Fredshift%2F..%2Fglobalaccelerator%2F.%2F..%2Fecr-public%2F..%2Fs3outposts%2F..%2Fqldb-session%2F..%2Fiot%2F..%2Fmgh%2F..%2F%2Fmq%2F..%2Fbcm-data-exports%2F..%2Fivs%2F..%2Feks-auth%2F..%2Fxray HTTP/1.1" 200 23690 "-" "Mozilla/5.0 AppleWebKit/537.36 (KHTML, like Gecko; compatible; GPTBot/1.2; +https://openai.com/gptbot)"
20.171.207.103 - - [14/Aug/2025:17:54:49 +0530] "GET /Ocean/admin/libs/rateyo/wp-login.php?ynzmini=%2Fhome%2Ffirstmatrixcoin%2Fpublic_html%2Fupdatedbilling.firstmatrix.co.in%2Fvendor-1%2Flcobucci%2F%2Fclock%2F%2F..%2F.%2F%2F..%2Fspatie%2F%2Fbacktrace%2F.%2F..%2F..%2F.%2Fopenai-php%2F..%2Fknuckleswtf%2F..%2Fegulias%2F..%2Fcomposer%2F..%2Fphpseclib%2F.%2F..%2F.%2F..%2Fvendor%2Fphpseclib%2F.%2F.%2F..%2Fmtdowling%2F..%2Fmaennchen%2F..%2Fmtdowling%2F..%2Fmaximebf%2F..%2Faws%2Faws-sdk-php%2Fsrc%2F..%2Fsrc%2FSupportApp%2F..%2Fdata%2Fkafka%2F..%2Fredshift%2F..%2Fglobalaccelerator%2F.%2F..%2Fecr-public%2F..%2Fs3outposts%2F..%2Fqldb-session%2F..%2Fiot%2F..%2Fmgn%2F..%2Fs3control%2F..%2Fiotfleethub%2F..%2Fopsworks%2F..%2Fsynthetics HTTP/1.1" 200 35683 "-" "Mozilla/5.0 AppleWebKit/537.36 (KHTML, like Gecko; compatible; GPTBot/1.2; +https://openai.com/gptbot)"
20.171.207.103 - - [14/Aug/2025:17:54:53 +0530] "GET /Ocean/admin/libs/rateyo/wp-login.php?ynzmini=%2Fhome%2Ffirstmatrixcoin%2Fpublic_html%2Fupdatedbilling.firstmatrix.co.in%2Fvendor-1%2Flcobucci%2F%2Fclock%2F%2F..%2F.%2F%2F..%2Fspatie%2F%2Fbacktrace%2F.%2F..%2F..%2F.%2Fopenai-php%2F..%2Fknuckleswtf%2F..%2Fegulias%2F..%2Fcomposer%2F..%2Fphpseclib%2F.%2F..%2F.%2F..%2Fvendor%2Fphpseclib%2F.%2F.%2F..%2Fmtdowling%2F..%2Fmaennchen%2F..%2Fmtdowling%2F..%2Fmaximebf%2F..%2Faws%2Faws-sdk-php%2Fsrc%2F..%2Fsrc%2FSupportApp%2F..%2Fdata%2Fkafka%2F..%2Fredshift%2F..%2Fglobalaccelerator%2F.%2F..%2Fecr-public%2F..%2Fs3outposts%2F..%2Fqldb-session%2F..%2Fiot%2F..%2Ffms%2F..%2F.%2F%2Fhoneycode%2F..%2Fs3outposts HTTP/1.1" 200 33964 "-" "Mozilla/5.0 AppleWebKit/537.36 (KHTML, like Gecko; compatible; GPTBot/1.2; +https://openai.com/gptbot)"
85.208.96.211 - - [14/Aug/2025:17:54:55 +0530] "GET /shopdetail/9630830436 HTTP/1.1" 404 - "-" "Mozilla/5.0 (compatible; SemrushBot/7~bl; +http://www.semrush.com/bot.html)"
20.171.207.103 - - [14/Aug/2025:17:54:57 +0530] "GET /Ocean/admin/libs/rateyo/wp-login.php?ynzmini=%2Fhome%2Ffirstmatrixcoin%2Fpublic_html%2Fupdatedbilling.firstmatrix.co.in%2Fvendor-1%2Flcobucci%2F%2Fclock%2F%2F..%2F.%2F%2F..%2Fspatie%2F%2Fbacktrace%2F.%2F..%2F..%2F.%2Fopenai-php%2F..%2Fknuckleswtf%2F..%2Fegulias%2F..%2Fcomposer%2F..%2Fphpseclib%2F.%2F..%2F.%2F..%2Fvendor%2Fphpseclib%2F.%2F.%2F..%2Fmtdowling%2F..%2Fmaennchen%2F..%2Fmtdowling%2F..%2Fmaximebf%2F..%2Faws%2Faws-sdk-php%2Fsrc%2F..%2Fsrc%2FSupportApp%2F..%2Fdata%2Fkafka%2F..%2Fredshift%2F..%2Fglobalaccelerator%2F.%2F..%2Fecr-public%2F..%2Fs3outposts%2F..%2Fqldb-session%2F..%2Fiot%2F..%2Fmgh%2F..%2F%2Fmq%2F..%2Fstreams.dynamodb%2F..%2F.%2Fauditmanager%2F..%2Fmemorydb%2F..%2Flambda HTTP/1.1" 200 37344 "-" "Mozilla/5.0 AppleWebKit/537.36 (KHTML, like Gecko; compatible; GPTBot/1.2; +https://openai.com/gptbot)"
20.171.207.103 - - [14/Aug/2025:17:55:01 +0530] "GET /Ocean/admin/libs/rateyo/wp-login.php?ynzmini=%2Fhome%2Ffirstmatrixcoin%2Fpublic_html%2Fupdatedbilling.firstmatrix.co.in%2Fvendor-1%2Flcobucci%2F%2Fclock%2F%2F..%2F.%2F%2F..%2Fspatie%2F%2Fbacktrace%2F.%2F..%2F..%2F.%2Fopenai-php%2F..%2Fknuckleswtf%2F..%2Fegulias%2F..%2Fcomposer%2F..%2Fphpseclib%2F.%2F..%2F.%2F..%2Fvendor%2Fphpseclib%2F.%2F.%2F..%2Fmtdowling%2F..%2Fmaennchen%2F..%2Fmtdowling%2F..%2Fmaximebf%2F..%2Faws%2Faws-sdk-php%2Fsrc%2F..%2Fsrc%2FSupportApp%2F..%2Fdata%2Fkafka%2F..%2Fredshift%2F..%2Fglobalaccelerator%2F.%2F..%2Fecr-public%2F..%2Fs3outposts%2F..%2Fqldb-session%2F..%2Fiot%2F..%2Ffms%2F..%2F.%2F%2Fhoneycode%2F..%2Fs3outposts%2F HTTP/1.1" 200 33968 "-" "Mozilla/5.0 AppleWebKit/537.36 (KHTML, like Gecko; compatible; GPTBot/1.2; +https://openai.com/gptbot)"
20.171.207.103 - - [14/Aug/2025:17:55:04 +0530] "GET /Ocean/admin/libs/rateyo/wp-login.php?rmfolder=%2Fhome%2Ffirstmatrixcoin%2Fpublic_html%2Fupdatedbilling.firstmatrix.co.in%2Fvendor-1%2Flcobucci%2F%2Fclock%2F%2F..%2F.%2F%2F..%2Fspatie%2F%2Fbacktrace%2F.%2F..%2F..%2F.%2Fopenai-php%2F..%2Fknuckleswtf%2F..%2Fegulias%2F..%2Fcomposer%2F..%2Fphpseclib%2F.%2F..%2F.%2F..%2Fvendor%2Fphpseclib%2F.%2F.%2F..%2Fmtdowling%2F..%2Fmaennchen%2F..%2Fmtdowling%2F..%2Fmaximebf%2F..%2Faws%2Faws-sdk-php%2Fsrc%2F..%2Fsrc%2FSupportApp%2F..%2Fdata%2Fkafka%2F..%2Fredshift%2F..%2Fglobalaccelerator%2F.%2F..%2Fecr-public%2F..%2Fs3outposts%2F..%2Fqldb-session%2F..%2Fiot%2F..%2Ffms%2F..%2F.%2Fsqs%2F..%2Fforecastquery%2F%2F..%2Fimagebuilder%2F..%2Fmonitoring HTTP/1.1" 200 23674 "-" "Mozilla/5.0 AppleWebKit/537.36 (KHTML, like Gecko; compatible; GPTBot/1.2; +https://openai.com/gptbot)"
20.171.207.103 - - [14/Aug/2025:17:55:08 +0530] "GET /Ocean/admin/libs/rateyo/wp-login.php?ynzmini=%2Fhome%2Ffirstmatrixcoin%2Fpublic_html%2Fupdatedbilling.firstmatrix.co.in%2Fvendor-1%2Flcobucci%2F%2Fclock%2F%2F..%2F.%2F%2F..%2Fspatie%2F%2Fbacktrace%2F.%2F..%2F..%2F.%2Fopenai-php%2F..%2Fknuckleswtf%2F..%2Fegulias%2F..%2Fcomposer%2F..%2Fphpseclib%2F.%2F..%2F.%2F..%2Fvendor%2Fphpseclib%2F.%2F.%2F..%2Fmtdowling%2F..%2Fmaennchen%2F..%2Fmtdowling%2F..%2Fmaximebf%2F..%2Faws%2Faws-sdk-php%2Fsrc%2F..%2Fsrc%2FSupportApp%2F..%2Fdata%2Fkafka%2F..%2Fredshift%2F..%2Fglobalaccelerator%2F.%2F..%2Fecr-public%2F..%2Fs3outposts%2F..%2Fqldb-session%2F..%2Fiot%2F..%2Fmgn%2F..%2Fs3control%2F..%2Fiotfleethub%2F..%2Fopsworks%2F..%2Fsynthetics%2F. HTTP/1.1" 200 36230 "-" "Mozilla/5.0 AppleWebKit/537.36 (KHTML, like Gecko; compatible; GPTBot/1.2; +https://openai.com/gptbot)"
20.171.207.103 - - [14/Aug/2025:17:55:10 +0530] "GET /Ocean/admin/libs/rateyo/wp-login.php?ynzmini=%2Fhome%2Ffirstmatrixcoin%2Fpublic_html%2Fupdatedbilling.firstmatrix.co.in%2Fvendor-1%2Flcobucci%2F%2Fclock%2F%2F..%2F.%2F%2F..%2Fspatie%2F%2Fbacktrace%2F.%2F..%2F..%2F.%2Fopenai-php%2F..%2Fknuckleswtf%2F..%2Fegulias%2F..%2Fcomposer%2F..%2Fphpseclib%2F.%2F..%2F.%2F..%2Fvendor%2Fphpseclib%2F.%2F.%2F..%2Fmtdowling%2F..%2Fmaennchen%2F..%2Fmtdowling%2F..%2Fmaximebf%2F..%2Faws%2Faws-sdk-php%2Fsrc%2F..%2Fsrc%2FSupportApp%2F..%2Fdata%2Fkafka%2F..%2Fredshift%2F..%2Fglobalaccelerator%2F.%2F..%2Fecr-public%2F..%2Fs3outposts%2F..%2Fqldb-session%2F..%2Fiot%2F..%2Ffms%2F..%2Fwafv2%2F..%2Fcleanroomsml%2F..%2Fkafka%2F..%2Fpinpoint-sms-voice-v2%2F HTTP/1.1" 200 35702 "-" "Mozilla/5.0 AppleWebKit/537.36 (KHTML, like Gecko; compatible; GPTBot/1.2; +https://openai.com/gptbot)"
20.171.207.103 - - [14/Aug/2025:17:55:13 +0530] "GET /Ocean/admin/libs/rateyo/wp-login.php?ynzmini=%2Fhome%2Ffirstmatrixcoin%2Fpublic_html%2Fupdatedbilling.firstmatrix.co.in%2Fvendor-1%2Flcobucci%2F%2Fclock%2F%2F..%2F.%2F%2F..%2Fspatie%2F%2Fbacktrace%2F.%2F..%2F..%2F.%2Fopenai-php%2F..%2Fknuckleswtf%2F..%2Fegulias%2F..%2Fcomposer%2F..%2Fphpseclib%2F.%2F..%2F.%2F..%2Fvendor%2Fphpseclib%2F.%2F.%2F..%2Fmtdowling%2F..%2Fmaennchen%2F..%2Fmtdowling%2F..%2Fmaximebf%2F..%2Faws%2Faws-sdk-php%2Fsrc%2F..%2Fsrc%2FSupportApp%2F..%2Fdata%2Fkafka%2F..%2Fredshift%2F..%2Fglobalaccelerator%2F.%2F..%2Fecr-public%2F..%2Fs3outposts%2F..%2Fqldb-session%2F..%2Fiot%2F..%2Fmgh%2F..%2F%2Fmq%2F..%2Fservicecatalog%2F..%2F%2Flex-models%2F..%2Fsecretsmanager%2F..%2Fruntime.lex HTTP/1.1" 200 36859 "-" "Mozilla/5.0 AppleWebKit/537.36 (KHTML, like Gecko; compatible; GPTBot/1.2; +https://openai.com/gptbot)"
185.191.171.17 - - [14/Aug/2025:17:55:14 +0530] "GET /shopdetail/11651200437 HTTP/1.1" 404 - "-" "Mozilla/5.0 (compatible; SemrushBot/7~bl; +http://www.semrush.com/bot.html)"
20.171.207.103 - - [14/Aug/2025:17:55:15 +0530] "GET /Ocean/admin/libs/rateyo/wp-login.php?ynzmini=%2Fhome%2Ffirstmatrixcoin%2Fpublic_html%2Fupdatedbilling.firstmatrix.co.in%2Fvendor-1%2Flcobucci%2F%2Fclock%2F%2F..%2F.%2F%2F..%2Fspatie%2F%2Fbacktrace%2F.%2F..%2F..%2F.%2Fopenai-php%2F..%2Fknuckleswtf%2F..%2Fegulias%2F..%2Fcomposer%2F..%2Fphpseclib%2F.%2F..%2F.%2F..%2Fvendor%2Fphpseclib%2F.%2F.%2F..%2Fmtdowling%2F..%2Fmaennchen%2F..%2Fmtdowling%2F..%2Fmaximebf%2F..%2Faws%2Faws-sdk-php%2Fsrc%2F..%2Fsrc%2FSupportApp%2F..%2Fdata%2Fkafka%2F..%2Fredshift%2F..%2Fglobalaccelerator%2F.%2F..%2Fecr-public%2F..%2Fs3outposts%2F..%2Fqldb-session%2F..%2Fiot%2F..%2Fmgn%2F..%2Fdax%2F..%2Frds-data%2F..%2Frbin HTTP/1.1" 200 34440 "-" "Mozilla/5.0 AppleWebKit/537.36 (KHTML, like Gecko; compatible; GPTBot/1.2; +https://openai.com/gptbot)"
20.171.207.103 - - [14/Aug/2025:17:55:17 +0530] "GET /Ocean/admin/libs/rateyo/wp-login.php?ynzmini=%2Fhome%2Ffirstmatrixcoin%2Fpublic_html%2Fupdatedbilling.firstmatrix.co.in%2Fvendor-1%2Flcobucci%2F%2Fclock%2F%2F..%2F.%2F%2F..%2Fspatie%2F%2Fbacktrace%2F.%2F..%2F..%2F.%2Fopenai-php%2F..%2Fknuckleswtf%2F..%2Fegulias%2F..%2Fcomposer%2F..%2Fphpseclib%2F.%2F..%2F.%2F..%2Fvendor%2Fphpseclib%2F.%2F.%2F..%2Fmtdowling%2F..%2Fmaennchen%2F..%2Fmtdowling%2F..%2Fmaximebf%2F..%2Faws%2Faws-sdk-php%2Fsrc%2F..%2Fsrc%2FSupportApp%2F..%2Fdata%2Fkafka%2F..%2Fredshift%2F..%2Fglobalaccelerator%2F.%2F..%2Fecr-public%2F..%2Fs3outposts%2F..%2Fqldb-session%2F..%2Fiot%2F..%2Fmgh%2F..%2F%2F.%2Fiotfleethub HTTP/1.1" 200 32897 "-" "Mozilla/5.0 AppleWebKit/537.36 (KHTML, like Gecko; compatible; GPTBot/1.2; +https://openai.com/gptbot)"
85.208.96.207 - - [14/Aug/2025:17:55:19 +0530] "GET /shopdetail/11651128027 HTTP/1.1" 404 - "-" "Mozilla/5.0 (compatible; SemrushBot/7~bl; +http://www.semrush.com/bot.html)"
20.171.207.103 - - [14/Aug/2025:17:55:19 +0530] "GET /Ocean/admin/libs/rateyo/wp-login.php?ynzmini=%2Fhome%2Ffirstmatrixcoin%2Fpublic_html%2Fupdatedbilling.firstmatrix.co.in%2Fvendor-1%2Flcobucci%2F%2Fclock%2F%2F..%2F.%2F%2F..%2Fspatie%2F%2Fbacktrace%2F.%2F..%2F..%2F.%2Fopenai-php%2F..%2Fknuckleswtf%2F..%2Fegulias%2F..%2Fcomposer%2F..%2Fphpseclib%2F.%2F..%2F.%2F..%2Fvendor%2Fphpseclib%2F.%2F.%2F..%2Fmtdowling%2F..%2Fmaennchen%2F..%2Fmtdowling%2F..%2Fmaximebf%2F..%2Faws%2Faws-sdk-php%2Fsrc%2F..%2Fsrc%2FSupportApp%2F..%2Fdata%2Fkafka%2F..%2Fredshift%2F..%2Fglobalaccelerator%2F.%2F..%2Fecr-public%2F..%2Fs3outposts%2F..%2Fqldb-session%2F..%2Fiot%2F..%2Ffms%2F..%2Fwafv2%2F..%2Fcleanroomsml%2F..%2Fkafka%2F..%2Fpinpoint-sms-voice-v2%2F.. HTTP/1.1" 200 278763 "-" "Mozilla/5.0 AppleWebKit/537.36 (KHTML, like Gecko; compatible; GPTBot/1.2; +https://openai.com/gptbot)"
20.171.207.103 - - [14/Aug/2025:17:55:20 +0530] "GET /Ocean/admin/libs/rateyo/wp-login.php?ynzmini=%2Fhome%2Ffirstmatrixcoin%2Fpublic_html%2Fupdatedbilling.firstmatrix.co.in%2Fvendor-1%2Flcobucci%2F%2Fclock%2F%2F..%2F.%2F%2F..%2Fspatie%2F%2Fbacktrace%2F.%2F..%2F..%2F.%2Fopenai-php%2F..%2Fknuckleswtf%2F..%2Fegulias%2F..%2Fcomposer%2F..%2Fphpseclib%2F.%2F..%2F.%2F..%2Fvendor%2Fphpseclib%2F.%2F.%2F..%2Fmtdowling%2F..%2Fmaennchen%2F..%2Fmtdowling%2F..%2Fmaximebf%2F..%2Faws%2Faws-sdk-php%2Fsrc%2F..%2Fsrc%2FSupportApp%2F..%2Fdata%2Fkafka%2F..%2Fredshift%2F..%2Fglobalaccelerator%2F.%2F..%2Fecr-public%2F..%2Fs3outposts%2F..%2Fqldb-session%2F..%2Fiot%2F..%2Ffms%2F..%2Fwafv2%2F..%2Fcleanroomsml%2F..%2Fmediapackagev2%2F..%2Fcodebuild%2F..%2Fcodecatalyst HTTP/1.1" 200 36862 "-" "Mozilla/5.0 AppleWebKit/537.36 (KHTML, like Gecko; compatible; GPTBot/1.2; +https://openai.com/gptbot)"
20.171.207.103 - - [14/Aug/2025:17:55:22 +0530] "GET /Ocean/admin/libs/rateyo/wp-login.php?ynzmini=%2Fhome%2Ffirstmatrixcoin%2Fpublic_html%2Fupdatedbilling.firstmatrix.co.in%2Fvendor-1%2Flcobucci%2F%2Fclock%2F%2F..%2F.%2F%2F..%2Fspatie%2F%2Fbacktrace%2F.%2F..%2F..%2F.%2Fopenai-php%2F..%2Fknuckleswtf%2F..%2Fegulias%2F..%2Fcomposer%2F..%2Fphpseclib%2F.%2F..%2F.%2F..%2Fvendor%2Fphpseclib%2F.%2F.%2F..%2Fmtdowling%2F..%2Fmaennchen%2F..%2Fmtdowling%2F..%2Fmaximebf%2F..%2Faws%2Faws-sdk-php%2Fsrc%2F..%2Fsrc%2FSupportApp%2F..%2Fdata%2Fkafka%2F..%2Fredshift%2F..%2Fglobalaccelerator%2F.%2F..%2Fecr-public%2F..%2Fs3outposts%2F..%2Fqldb-session%2F..%2Fiot%2F..%2Ffms%2F..%2F.%2F%2Fhoneycode%2F..%2Fs3outposts%2F. HTTP/1.1" 200 34487 "-" "Mozilla/5.0 AppleWebKit/537.36 (KHTML, like Gecko; compatible; GPTBot/1.2; +https://openai.com/gptbot)"
20.171.207.103 - - [14/Aug/2025:17:55:23 +0530] "GET /Ocean/admin/libs/rateyo/wp-login.php?rmfolder=%2Fhome%2Ffirstmatrixcoin%2Fpublic_html%2Fupdatedbilling.firstmatrix.co.in%2Fvendor-1%2Flcobucci%2F%2Fclock%2F%2F..%2F.%2F%2F..%2Fspatie%2F%2Fbacktrace%2F.%2F..%2F..%2F.%2Fopenai-php%2F..%2Fknuckleswtf%2F..%2Fegulias%2F..%2Fcomposer%2F..%2Fphpseclib%2F.%2F..%2F.%2F..%2Fvendor%2Fphpseclib%2F.%2F.%2F..%2Fmtdowling%2F..%2Fmaennchen%2F..%2Fmtdowling%2F..%2Fmaximebf%2F..%2Faws%2Faws-sdk-php%2Fsrc%2F..%2Fsrc%2FSupportApp%2F..%2Fdata%2Fkafka%2F..%2Fredshift%2F..%2Fglobalaccelerator%2F.%2F..%2Fecr-public%2F..%2Fs3outposts%2F..%2Fqldb-session%2F..%2Fiot%2F..%2Ffms%2F..%2F.%2F%2Fhoneycode%2F..%2Fs3outposts HTTP/1.1" 200 23690 "-" "Mozilla/5.0 AppleWebKit/537.36 (KHTML, like Gecko; compatible; GPTBot/1.2; +https://openai.com/gptbot)"
20.171.207.103 - - [14/Aug/2025:17:55:24 +0530] "GET /Ocean/admin/libs/rateyo/wp-login.php?ynzmini=%2Fhome%2Ffirstmatrixcoin%2Fpublic_html%2Fupdatedbilling.firstmatrix.co.in%2Fvendor-1%2Flcobucci%2F%2Fclock%2F%2F..%2F.%2F%2F..%2Fspatie%2F%2Fbacktrace%2F.%2F..%2F..%2F.%2Fopenai-php%2F..%2Fknuckleswtf%2F..%2Fegulias%2F..%2Fcomposer%2F..%2Fphpseclib%2F.%2F..%2F.%2F..%2Fvendor%2Fphpseclib%2F.%2F.%2F..%2Fmtdowling%2F..%2Fmaennchen%2F..%2Fmtdowling%2F..%2Fmaximebf%2F..%2Faws%2Faws-sdk-php%2Fsrc%2F..%2Fsrc%2FSupportApp%2F..%2Fdata%2Fkafka%2F..%2Fredshift%2F..%2Fglobalaccelerator%2F.%2F..%2Fecr-public%2F..%2Fs3outposts%2F..%2Fqldb-session%2F..%2Fiot%2F..%2Ffms%2F..%2F.%2F%2Fhoneycode%2F..%2Fs3outposts%2F.. HTTP/1.1" 200 265933 "-" "Mozilla/5.0 AppleWebKit/537.36 (KHTML, like Gecko; compatible; GPTBot/1.2; +https://openai.com/gptbot)"
20.171.207.103 - - [14/Aug/2025:17:55:25 +0530] "GET /Ocean/admin/libs/rateyo/wp-login.php?ynzmini=%2Fhome%2Ffirstmatrixcoin%2Fpublic_html%2Fupdatedbilling.firstmatrix.co.in%2Fvendor-1%2Flcobucci%2F%2Fclock%2F%2F..%2F.%2F%2F..%2Fspatie%2F%2Fbacktrace%2F.%2F..%2F..%2F.%2Fopenai-php%2F..%2Fknuckleswtf%2F..%2Fegulias%2F..%2Fcomposer%2F..%2Fphpseclib%2F.%2F..%2F.%2F..%2Fvendor%2Fphpseclib%2F.%2F.%2F..%2Fmtdowling%2F..%2Fmaennchen%2F..%2Fmtdowling%2F..%2Fmaximebf%2F..%2Faws%2Faws-sdk-php%2Fsrc%2F..%2Fsrc%2FSupportApp%2F..%2Fdata%2Fkafka%2F..%2Fredshift%2F..%2Fglobalaccelerator%2F.%2F..%2Fecr-public%2F..%2Fs3outposts%2F..%2Fqldb-session%2F..%2Fiot%2F..%2Ffms%2F..%2Fwafv2%2F..%2Fcleanroomsml%2F..%2Fkafka%2F..%2Fpinpoint-sms-voice-v2%2F%2F. HTTP/1.1" 200 36255 "-" "Mozilla/5.0 AppleWebKit/537.36 (KHTML, like Gecko; compatible; GPTBot/1.2; +https://openai.com/gptbot)"
20.171.207.103 - - [14/Aug/2025:17:55:26 +0530] "GET /Ocean/admin/libs/rateyo/wp-login.php?ynzmini=%2Fhome%2Ffirstmatrixcoin%2Fpublic_html%2Fupdatedbilling.firstmatrix.co.in%2Fvendor-1%2Flcobucci%2F%2Fclock%2F%2F..%2F.%2F%2F..%2Fspatie%2F%2Fbacktrace%2F.%2F..%2F..%2F.%2Fopenai-php%2F..%2Fknuckleswtf%2F..%2Fegulias%2F..%2Fcomposer%2F..%2Fphpseclib%2F.%2F..%2F.%2F..%2Fvendor%2Fphpseclib%2F.%2F.%2F..%2Fmtdowling%2F..%2Fmaennchen%2F..%2Fmtdowling%2F..%2Fmaximebf%2F..%2Faws%2Faws-sdk-php%2Fsrc%2F..%2Fsrc%2FSupportApp%2F..%2Fdata%2Fkafka%2F..%2Fredshift%2F..%2Fglobalaccelerator%2F.%2F..%2Fecr-public%2F..%2Fs3outposts%2F..%2Fqldb-session%2F..%2Fiot%2F..%2Ffms%2F..%2Fwafv2%2F..%2Fcleanroomsml%2F..%2Fkafka%2F..%2Fpinpoint-sms-voice-v2%2F..%2Fssm-sap HTTP/1.1" 200 36833 "-" "Mozilla/5.0 AppleWebKit/537.36 (KHTML, like Gecko; compatible; GPTBot/1.2; +https://openai.com/gptbot)"
85.208.96.205 - - [14/Aug/2025:17:55:26 +0530] "GET /shopdetail/96308194905 HTTP/1.1" 404 - "-" "Mozilla/5.0 (compatible; SemrushBot/7~bl; +http://www.semrush.com/bot.html)"
