20.171.207.103 - - [14/Aug/2025:18:02:01 +0530] "GET /Ocean/admin/libs/rateyo/wp-login.php?ynzmini=%2Fhome%2Ffirstmatrixcoin%2Fpublic_html%2Fupdatedbilling.firstmatrix.co.in%2Fvendor-1%2Flcobucci%2F%2Fclock%2F%2F..%2F.%2F%2F..%2Fspatie%2F%2Fbacktrace%2F.%2F..%2F..%2F.%2Fopenai-php%2F..%2Fknuckleswtf%2F..%2Fegulias%2F..%2Fcomposer%2F..%2Fphpseclib%2F.%2F..%2F.%2F..%2Fvendor%2Fphpseclib%2F.%2F.%2F..%2Fmtdowling%2F..%2Fmaennchen%2F..%2Fmtdowling%2F..%2Fmaximebf%2F..%2Faws%2Faws-sdk-php%2Fsrc%2F..%2Fsrc%2FSupportApp%2F..%2Fdata%2Fkafka%2F..%2Fredshift%2F..%2Fglobalaccelerator%2F.%2F..%2Fecr-public%2F..%2Fs3outposts%2F..%2Fqldb-session%2F..%2Fiot%2F..%2Fmgn%2F..%2Fs3control%2F..%2Fauditmanager%2F..%2Fchime%2F..%2Fworkdocs%2F..%2Famplify%2F.. HTTP/1.1" 200 280630 "-" "Mozilla/5.0 AppleWebKit/537.36 (KHTML, like Gecko; compatible; GPTBot/1.2; +https://openai.com/gptbot)"
223.185.216.109 - - [14/Aug/2025:18:02:02 +0530] "GET /Issac-Newton/logos/attendance-2.jpg HTTP/1.1" 404 16 "-" "Dalvik/2.1.0 (Linux; U; Android 11; SM-M127G Build/RP1A.200720.012)"
223.185.216.109 - - [14/Aug/2025:18:02:02 +0530] "GET /Issac-Newton/logos/fees-2.jpg HTTP/1.1" 404 16 "-" "Dalvik/2.1.0 (Linux; U; Android 11; SM-M127G Build/RP1A.200720.012)"
223.185.216.109 - - [14/Aug/2025:18:02:02 +0530] "GET /Issac-Newton/logos/staff-2.jpg HTTP/1.1" 404 16 "-" "Dalvik/2.1.0 (Linux; U; Android 11; SM-M127G Build/RP1A.200720.012)"
223.185.216.109 - - [14/Aug/2025:18:02:02 +0530] "GET /Issac-Newton/logos/event-2.jpg HTTP/1.1" 404 16 "-" "Dalvik/2.1.0 (Linux; U; Android 11; SM-M127G Build/RP1A.200720.012)"
20.171.207.103 - - [14/Aug/2025:18:02:02 +0530] "GET /Ocean/admin/libs/rateyo/wp-login.php?ynzmini=%2Fhome%2Ffirstmatrixcoin%2Fpublic_html%2Fupdatedbilling.firstmatrix.co.in%2Fvendor-1%2Flcobucci%2F%2Fclock%2F%2F..%2F.%2F%2F..%2Fspatie%2F%2Fbacktrace%2F.%2F..%2F..%2F.%2Fopenai-php%2F..%2Fknuckleswtf%2F..%2Fegulias%2F..%2Fcomposer%2F..%2Fphpseclib%2F.%2F..%2F.%2F..%2Fvendor%2Fphpseclib%2F.%2F.%2F..%2Fmtdowling%2F..%2Fmaennchen%2F..%2Fmtdowling%2F..%2Fmaximebf%2F..%2Faws%2Faws-sdk-php%2Fsrc%2F..%2Fsrc%2FSupportApp%2F..%2Fdata%2Fkafka%2F..%2Fredshift%2F..%2Fglobalaccelerator%2F.%2F..%2Fecr-public%2F..%2Fs3outposts%2F..%2Fqldb-session%2F..%2Fswf%2F..%2Frum%2F..%2Fstates%2F..%2Fs3control%2F..%2Fschemas%2F..%2Fauditmanager%2F..%2Fmedialive%2F. HTTP/1.1" 200 37329 "-" "Mozilla/5.0 AppleWebKit/537.36 (KHTML, like Gecko; compatible; GPTBot/1.2; +https://openai.com/gptbot)"
223.185.216.109 - - [14/Aug/2025:18:02:02 +0530] "GET /Issac-Newton/logos/notes-2.jpg HTTP/1.1" 404 16 "-" "Dalvik/2.1.0 (Linux; U; Android 11; SM-M127G Build/RP1A.200720.012)"
223.185.216.109 - - [14/Aug/2025:18:02:02 +0530] "GET /Issac-Newton/logos/exam-2.jpg HTTP/1.1" 404 16 "-" "Dalvik/2.1.0 (Linux; U; Android 11; SM-M127G Build/RP1A.200720.012)"
223.185.216.109 - - [14/Aug/2025:18:02:02 +0530] "GET /Issac-Newton/logos/timetable-2.jpg HTTP/1.1" 404 16 "-" "Dalvik/2.1.0 (Linux; U; Android 11; SM-M127G Build/RP1A.200720.012)"
223.185.216.109 - - [14/Aug/2025:18:02:02 +0530] "GET /Issac-Newton/logos/subject-1.jpg HTTP/1.1" 404 16 "-" "Dalvik/2.1.0 (Linux; U; Android 11; SM-M127G Build/RP1A.200720.012)"
20.171.207.103 - - [14/Aug/2025:18:02:03 +0530] "GET /Ocean/admin/libs/rateyo/wp-login.php?ynzmini=%2Fhome%2Ffirstmatrixcoin%2Fpublic_html%2Fupdatedbilling.firstmatrix.co.in%2Fvendor-1%2Flcobucci%2F%2Fclock%2F%2F..%2F.%2F%2F..%2Fspatie%2F%2Fbacktrace%2F.%2F..%2F..%2F.%2Fopenai-php%2F..%2Fknuckleswtf%2F..%2Fegulias%2F..%2Fcomposer%2F..%2Fphpseclib%2F.%2F..%2F.%2F..%2Fvendor%2Fphpseclib%2F.%2F.%2F..%2Fmtdowling%2F..%2Fmaennchen%2F..%2Fmtdowling%2F..%2Fmaximebf%2F..%2Faws%2Faws-sdk-php%2Fsrc%2F..%2Fsrc%2FSupportApp%2F..%2Fdata%2Fkafka%2F..%2Fredshift%2F..%2Fglobalaccelerator%2F.%2F..%2Fecr-public%2F..%2Fs3outposts%2F..%2Fqldb-session%2F..%2Fiot%2F..%2Ffms%2F..%2Fwafv2%2F..%2Fcodepipeline%2F..%2Fiot-jobs-data%2F..%2Fxray%2F..%2Ftimestream-write%2F HTTP/1.1" 200 36844 "-" "Mozilla/5.0 AppleWebKit/537.36 (KHTML, like Gecko; compatible; GPTBot/1.2; +https://openai.com/gptbot)"
20.171.207.103 - - [14/Aug/2025:18:02:04 +0530] "GET /Ocean/admin/libs/rateyo/wp-login.php?ynzmini=%2Fhome%2Ffirstmatrixcoin%2Fpublic_html%2Fupdatedbilling.firstmatrix.co.in%2Fvendor-1%2Flcobucci%2F%2Fclock%2F%2F..%2F.%2F%2F..%2Fspatie%2F%2Fbacktrace%2F.%2F..%2F..%2F.%2Fopenai-php%2F..%2Fknuckleswtf%2F..%2Fegulias%2F..%2Fcomposer%2F..%2Fphpseclib%2F.%2F..%2F.%2F..%2Fvendor%2Fphpseclib%2F.%2F.%2F..%2Fmtdowling%2F..%2Fmaennchen%2F..%2Fmtdowling%2F..%2Fmaximebf%2F..%2Faws%2Faws-sdk-php%2Fsrc%2F..%2Fsrc%2FSupportApp%2F..%2Fdata%2Fkafka%2F..%2Fredshift%2F..%2Fglobalaccelerator%2F.%2F..%2Fecr-public%2F..%2Fs3outposts%2F..%2Fqldb-session%2F..%2Fiot%2F..%2Frum%2F..%2F.%2Fkeyspaces%2F..%2Fpanorama HTTP/1.1" 200 33943 "-" "Mozilla/5.0 AppleWebKit/537.36 (KHTML, like Gecko; compatible; GPTBot/1.2; +https://openai.com/gptbot)"
20.171.207.103 - - [14/Aug/2025:18:02:06 +0530] "GET /Ocean/admin/libs/rateyo/wp-login.php?ynzmini=%2Fhome%2Ffirstmatrixcoin%2Fpublic_html%2Fupdatedbilling.firstmatrix.co.in%2Fvendor-1%2Flcobucci%2F%2Fclock%2F%2F..%2F.%2F%2F..%2Fspatie%2F%2Fbacktrace%2F.%2F..%2F..%2F.%2Fopenai-php%2F..%2Fknuckleswtf%2F..%2Fegulias%2F..%2Fcomposer%2F..%2Fphpseclib%2F.%2F..%2F.%2F..%2Fvendor%2Fphpseclib%2F.%2F.%2F..%2Fmtdowling%2F..%2Fmaennchen%2F..%2Fmtdowling%2F..%2Fmaximebf%2F..%2Faws%2Faws-sdk-php%2Fsrc%2F..%2Fsrc%2FSupportApp%2F..%2Fdata%2Fkafka%2F..%2Fredshift%2F..%2Fglobalaccelerator%2F.%2F..%2Fecr-public%2F..%2Fs3outposts%2F..%2Fqldb-session%2F..%2Fiot%2F..%2Fmgn%2F..%2Fs3control%2F..%2Felasticache%2F..%2Fdax%2F..%2Fmediastore-data%2F..%2Fiotfleethub HTTP/1.1" 200 36837 "-" "Mozilla/5.0 AppleWebKit/537.36 (KHTML, like Gecko; compatible; GPTBot/1.2; +https://openai.com/gptbot)"
20.171.207.103 - - [14/Aug/2025:18:02:07 +0530] "GET /Ocean/admin/libs/rateyo/wp-login.php?ynzmini=%2Fhome%2Ffirstmatrixcoin%2Fpublic_html%2Fupdatedbilling.firstmatrix.co.in%2Fvendor-1%2Flcobucci%2F%2Fclock%2F%2F..%2F.%2F%2F..%2Fspatie%2F%2Fbacktrace%2F.%2F..%2F..%2F.%2Fopenai-php%2F..%2Fknuckleswtf%2F..%2Fegulias%2F..%2Fcomposer%2F..%2Fphpseclib%2F.%2F..%2F.%2F..%2Fvendor%2Fphpseclib%2F.%2F.%2F..%2Fmtdowling%2F..%2Fmaennchen%2F..%2Fmtdowling%2F..%2Fmaximebf%2F..%2Faws%2Faws-sdk-php%2Fsrc%2F..%2Fsrc%2FSupportApp%2F..%2Fdata%2Fkafka%2F..%2Fredshift%2F..%2Fglobalaccelerator%2F.%2F..%2Fecr-public%2F..%2Fs3outposts%2F..%2Fqldb-session%2F..%2Fiot%2F..%2Fmgn%2F..%2Fs3control%2F..%2Fauditmanager%2F..%2Ffsx%2F..%2Fpricing%2F..%2Felastic-inference HTTP/1.1" 200 36827 "-" "Mozilla/5.0 AppleWebKit/537.36 (KHTML, like Gecko; compatible; GPTBot/1.2; +https://openai.com/gptbot)"
20.171.207.103 - - [14/Aug/2025:18:02:08 +0530] "GET /Ocean/admin/libs/rateyo/wp-login.php?ynzmini=%2Fhome%2Ffirstmatrixcoin%2Fpublic_html%2Fupdatedbilling.firstmatrix.co.in%2Fvendor-1%2Flcobucci%2F%2Fclock%2F%2F..%2F.%2F%2F..%2Fspatie%2F%2Fbacktrace%2F.%2F..%2F..%2F.%2Fopenai-php%2F..%2Fknuckleswtf%2F..%2Fegulias%2F..%2Fcomposer%2F..%2Fphpseclib%2F.%2F..%2F.%2F..%2Fvendor%2Fphpseclib%2F.%2F.%2F..%2Fmtdowling%2F..%2Fmaennchen%2F..%2Fmtdowling%2F..%2Fmaximebf%2F..%2Faws%2Faws-sdk-php%2Fsrc%2F..%2Fsrc%2FSupportApp%2F..%2Fdata%2Fkafka%2F..%2Fredshift%2F..%2Fglobalaccelerator%2F.%2F..%2Fecr-public%2F..%2Fs3outposts%2F..%2Fqldb-session%2F..%2Fiot%2F..%2Fmgn%2F..%2Fdax%2F..%2Fsnowball%2F..%2Fbackup-gateway%2F..%2Fruntime.lex.v2%2F..%2Fvpc-lattice HTTP/1.1" 200 36819 "-" "Mozilla/5.0 AppleWebKit/537.36 (KHTML, like Gecko; compatible; GPTBot/1.2; +https://openai.com/gptbot)"
20.171.207.103 - - [14/Aug/2025:18:02:09 +0530] "GET /Ocean/admin/libs/rateyo/wp-login.php?ynzmini=%2Fhome%2Ffirstmatrixcoin%2Fpublic_html%2Fupdatedbilling.firstmatrix.co.in%2Fvendor-1%2Flcobucci%2F%2Fclock%2F%2F..%2F.%2F%2F..%2Fspatie%2F%2Fbacktrace%2F.%2F..%2F..%2F.%2Fopenai-php%2F..%2Fknuckleswtf%2F..%2Fegulias%2F..%2Fcomposer%2F..%2Fphpseclib%2F.%2F..%2F.%2F..%2Fvendor%2Fphpseclib%2F.%2F.%2F..%2Fmtdowling%2F..%2Fmaennchen%2F..%2Fmtdowling%2F..%2Fmaximebf%2F..%2Faws%2Faws-sdk-php%2Fsrc%2F..%2Fsrc%2FSupportApp%2F..%2Fdata%2Fkafka%2F..%2Fredshift%2F..%2Fglobalaccelerator%2F.%2F..%2Fecr-public%2F..%2Fs3outposts%2F..%2Fqldb-session%2F..%2Fiot%2F..%2Fmgh%2F..%2F%2Fmq%2F..%2Fbcm-data-exports%2F..%2Fivs%2F..%2Fautoscaling-plans%2F..%2Faccount HTTP/1.1" 200 36800 "-" "Mozilla/5.0 AppleWebKit/537.36 (KHTML, like Gecko; compatible; GPTBot/1.2; +https://openai.com/gptbot)"
20.171.207.103 - - [14/Aug/2025:18:02:10 +0530] "GET /Ocean/admin/libs/rateyo/wp-login.php?ynzmini=%2Fhome%2Ffirstmatrixcoin%2Fpublic_html%2Fupdatedbilling.firstmatrix.co.in%2Fvendor-1%2Flcobucci%2F%2Fclock%2F%2F..%2F.%2F%2F..%2Fspatie%2F%2Fbacktrace%2F.%2F..%2F..%2F.%2Fopenai-php%2F..%2Fknuckleswtf%2F..%2Fegulias%2F..%2Fcomposer%2F..%2Fphpseclib%2F.%2F..%2F.%2F..%2Fvendor%2Fphpseclib%2F.%2F.%2F..%2Fmtdowling%2F..%2Fmaennchen%2F..%2Fmtdowling%2F..%2Fmaximebf%2F..%2Faws%2Faws-sdk-php%2Fsrc%2F..%2Fsrc%2FSupportApp%2F..%2Fdata%2Fkafka%2F..%2Fredshift%2F..%2Fglobalaccelerator%2F.%2F..%2Fecr-public%2F..%2Fs3outposts%2F..%2Fqldb-session%2F..%2Fiot%2F..%2Fmgn%2F..%2Fs3control%2F..%2Fcloudtrail%2F..%2Ftextract HTTP/1.1" 200 34544 "-" "Mozilla/5.0 AppleWebKit/537.36 (KHTML, like Gecko; compatible; GPTBot/1.2; +https://openai.com/gptbot)"
20.171.207.103 - - [14/Aug/2025:18:02:11 +0530] "GET /Ocean/admin/libs/rateyo/wp-login.php?ynzmini=%2Fhome%2Ffirstmatrixcoin%2Fpublic_html%2Fupdatedbilling.firstmatrix.co.in%2Fvendor-1%2Flcobucci%2F%2Fclock%2F%2F..%2F.%2F%2F..%2Fspatie%2F%2Fbacktrace%2F.%2F..%2F..%2F.%2Fopenai-php%2F..%2Fknuckleswtf%2F..%2Fegulias%2F..%2Fcomposer%2F..%2Fphpseclib%2F.%2F..%2F.%2F..%2Fvendor%2Fphpseclib%2F.%2F.%2F..%2Fmtdowling%2F..%2Fmaennchen%2F..%2Fmtdowling%2F..%2Fmaximebf%2F..%2Faws%2Faws-sdk-php%2Fsrc%2F..%2Fsrc%2FSupportApp%2F..%2Fdata%2Fkafka%2F..%2Fredshift%2F..%2Fglobalaccelerator%2F.%2F..%2Fecr-public%2F..%2Fs3outposts%2F..%2Fqldb-session%2F..%2Fiot%2F..%2Fmgn%2F..%2Fdax%2F..%2Fsnowball%2F..%2Fbackup-gateway%2F..%2Fs3control%2F..%2Fdatapipeline%2F.. HTTP/1.1" 200 282541 "-" "Mozilla/5.0 AppleWebKit/537.36 (KHTML, like Gecko; compatible; GPTBot/1.2; +https://openai.com/gptbot)"
20.171.207.103 - - [14/Aug/2025:18:02:12 +0530] "GET /Ocean/admin/libs/rateyo/wp-login.php?ynzmini=%2Fhome%2Ffirstmatrixcoin%2Fpublic_html%2Fupdatedbilling.firstmatrix.co.in%2Fvendor-1%2Flcobucci%2F%2Fclock%2F%2F..%2F.%2F%2F..%2Fspatie%2F%2Fbacktrace%2F.%2F..%2F..%2F.%2Fopenai-php%2F..%2Fknuckleswtf%2F..%2Fegulias%2F..%2Fcomposer%2F..%2Fphpseclib%2F.%2F..%2F.%2F..%2Fvendor%2Fphpseclib%2F.%2F.%2F..%2Fmtdowling%2F..%2Fmaennchen%2F..%2Fmtdowling%2F..%2Fmaximebf%2F..%2Faws%2Faws-sdk-php%2Fsrc%2F..%2Fsrc%2FSupportApp%2F..%2Fdata%2Fkafka%2F..%2Fredshift%2F..%2Fglobalaccelerator%2F.%2F..%2Fecr-public%2F..%2Fs3outposts%2F..%2Fqldb-session%2F..%2Fiot%2F..%2Fmgn%2F..%2Fs3control%2F..%2Fpanorama%2F..%2Fdatabrew%2F..%2Flakeformation%2F..%2Fsupport-app HTTP/1.1" 200 36835 "-" "Mozilla/5.0 AppleWebKit/537.36 (KHTML, like Gecko; compatible; GPTBot/1.2; +https://openai.com/gptbot)"
20.171.207.103 - - [14/Aug/2025:18:02:14 +0530] "GET /Ocean/admin/libs/rateyo/wp-login.php?ynzmini=%2Fhome%2Ffirstmatrixcoin%2Fpublic_html%2Fupdatedbilling.firstmatrix.co.in%2Fvendor-1%2Flcobucci%2F%2Fclock%2F%2F..%2F.%2F%2F..%2Fspatie%2F%2Fbacktrace%2F.%2F..%2F..%2F.%2Fopenai-php%2F..%2Fknuckleswtf%2F..%2Fegulias%2F..%2Fcomposer%2F..%2Fphpseclib%2F.%2F..%2F.%2F..%2Fvendor%2Fphpseclib%2F.%2F.%2F..%2Fmtdowling%2F..%2Fmaennchen%2F..%2Fmtdowling%2F..%2Fmaximebf%2F..%2Faws%2Faws-sdk-php%2Fsrc%2F..%2Fsrc%2FSupportApp%2F..%2Fdata%2Fkafka%2F..%2Fredshift%2F..%2Fglobalaccelerator%2F.%2F..%2Fecr-public%2F..%2Fs3outposts%2F..%2Fqldb-session%2F..%2Fswf%2F..%2Famp%2F..%2F.%2Fsqs%2F..%2Fpinpoint-sms-voice-v2%2F..%2Fivs%2F..%2Fworkspaces-web%2F..%2Fsigner HTTP/1.1" 200 37344 "-" "Mozilla/5.0 AppleWebKit/537.36 (KHTML, like Gecko; compatible; GPTBot/1.2; +https://openai.com/gptbot)"
20.171.207.103 - - [14/Aug/2025:18:02:15 +0530] "GET /Ocean/admin/libs/rateyo/wp-login.php?ynzmini=%2Fhome%2Ffirstmatrixcoin%2Fpublic_html%2Fupdatedbilling.firstmatrix.co.in%2Fvendor-1%2Flcobucci%2F%2Fclock%2F%2F..%2F.%2F%2F..%2Fspatie%2F%2Fbacktrace%2F.%2F..%2F..%2F.%2Fopenai-php%2F..%2Fknuckleswtf%2F..%2Fegulias%2F..%2Fcomposer%2F..%2Fphpseclib%2F.%2F..%2F.%2F..%2Fvendor%2Fphpseclib%2F.%2F.%2F..%2Fmtdowling%2F..%2Fmaennchen%2F..%2Fmtdowling%2F..%2Fmaximebf%2F..%2Faws%2Faws-sdk-php%2Fsrc%2F..%2Fsrc%2FSupportApp%2F..%2Fdata%2Fkafka%2F..%2Fredshift%2F..%2Fglobalaccelerator%2F.%2F..%2Fecr-public%2F..%2Fs3outposts%2F..%2Fqldb-session%2F..%2Fiot%2F..%2Fmgn%2F..%2Fmacie2%2F..%2Fhoneycode%2F..%2Fkms HTTP/1.1" 200 34471 "-" "Mozilla/5.0 AppleWebKit/537.36 (KHTML, like Gecko; compatible; GPTBot/1.2; +https://openai.com/gptbot)"
20.171.207.103 - - [14/Aug/2025:18:02:16 +0530] "GET /Ocean/admin/libs/rateyo/wp-login.php?ynzmini=%2Fhome%2Ffirstmatrixcoin%2Fpublic_html%2Fupdatedbilling.firstmatrix.co.in%2Fvendor-1%2Flcobucci%2F%2Fclock%2F%2F..%2F.%2F%2F..%2Fspatie%2F%2Fbacktrace%2F.%2F..%2F..%2F.%2Fopenai-php%2F..%2Fknuckleswtf%2F..%2Fegulias%2F..%2Fcomposer%2F..%2Fphpseclib%2F.%2F..%2F.%2F..%2Fvendor%2Fphpseclib%2F.%2F.%2F..%2Fmtdowling%2F..%2Fmaennchen%2F..%2Fmtdowling%2F..%2Fmaximebf%2F..%2Faws%2Faws-sdk-php%2Fsrc%2F..%2Fsrc%2FSupportApp%2F..%2Fdata%2Fkafka%2F..%2Fredshift%2F..%2Fglobalaccelerator%2F.%2F..%2Fecr-public%2F..%2Fs3outposts%2F..%2Fqldb-session%2F..%2Fiot%2F..%2Fmgn%2F..%2Fs3control%2F..%2Fiottwinmaker%2F..%2Fbudgets%2F..%2F%2Fmonitoring%2F..%2Fserverlessrepo HTTP/1.1" 200 36877 "-" "Mozilla/5.0 AppleWebKit/537.36 (KHTML, like Gecko; compatible; GPTBot/1.2; +https://openai.com/gptbot)"
223.185.216.109 - - [14/Aug/2025:18:02:17 +0530] "GET /Issac-Newton/logos/notes-2.jpg HTTP/1.1" 404 16 "-" "Dalvik/2.1.0 (Linux; U; Android 11; SM-M127G Build/RP1A.200720.012)"
223.185.216.109 - - [14/Aug/2025:18:02:17 +0530] "GET /Issac-Newton/logos/fees-2.jpg HTTP/1.1" 404 16 "-" "Dalvik/2.1.0 (Linux; U; Android 11; SM-M127G Build/RP1A.200720.012)"
223.185.216.109 - - [14/Aug/2025:18:02:17 +0530] "GET /Issac-Newton/logos/subject-1.jpg HTTP/1.1" 404 16 "-" "Dalvik/2.1.0 (Linux; U; Android 11; SM-M127G Build/RP1A.200720.012)"
223.185.216.109 - - [14/Aug/2025:18:02:17 +0530] "GET /Issac-Newton/logos/staff-2.jpg HTTP/1.1" 404 16 "-" "Dalvik/2.1.0 (Linux; U; Android 11; SM-M127G Build/RP1A.200720.012)"
20.171.207.103 - - [14/Aug/2025:18:02:17 +0530] "GET /Ocean/admin/libs/rateyo/wp-login.php?ynzmini=%2Fhome%2Ffirstmatrixcoin%2Fpublic_html%2Fupdatedbilling.firstmatrix.co.in%2Fvendor-1%2Flcobucci%2F%2Fclock%2F%2F..%2F.%2F%2F..%2Fspatie%2F%2Fbacktrace%2F.%2F..%2F..%2F.%2Fopenai-php%2F..%2Fknuckleswtf%2F..%2Fegulias%2F..%2Fcomposer%2F..%2Fphpseclib%2F.%2F..%2F.%2F..%2Fvendor%2Fphpseclib%2F.%2F.%2F..%2Fmtdowling%2F..%2Fmaennchen%2F..%2Fmtdowling%2F..%2Fmaximebf%2F..%2Faws%2Faws-sdk-php%2Fsrc%2F..%2Fsrc%2FSupportApp%2F..%2Fdata%2Fkafka%2F..%2Fredshift%2F..%2Fglobalaccelerator%2F.%2F..%2Fecr-public%2F..%2Fs3outposts%2F..%2Fqldb-session%2F..%2Fiot%2F..%2Frum%2F..%2Frum%2F..%2Fevents%2F..%2Fcloud9 HTTP/1.1" 200 34438 "-" "Mozilla/5.0 AppleWebKit/537.36 (KHTML, like Gecko; compatible; GPTBot/1.2; +https://openai.com/gptbot)"
223.185.216.109 - - [14/Aug/2025:18:02:18 +0530] "GET /Issac-Newton/logos/event-2.jpg HTTP/1.1" 404 16 "-" "Dalvik/2.1.0 (Linux; U; Android 11; SM-M127G Build/RP1A.200720.012)"
223.185.216.109 - - [14/Aug/2025:18:02:18 +0530] "GET /Issac-Newton/logos/exam-2.jpg HTTP/1.1" 404 16 "-" "Dalvik/2.1.0 (Linux; U; Android 11; SM-M127G Build/RP1A.200720.012)"
223.185.216.109 - - [14/Aug/2025:18:02:18 +0530] "GET /Issac-Newton/logos/timetable-2.jpg HTTP/1.1" 404 16 "-" "Dalvik/2.1.0 (Linux; U; Android 11; SM-M127G Build/RP1A.200720.012)"
223.185.216.109 - - [14/Aug/2025:18:02:18 +0530] "GET /Issac-Newton/logos/attendance-2.jpg HTTP/1.1" 404 16 "-" "Dalvik/2.1.0 (Linux; U; Android 11; SM-M127G Build/RP1A.200720.012)"
85.208.96.204 - - [14/Aug/2025:18:02:18 +0530] "GET /shopdetail/96308139274 HTTP/1.1" 404 - "-" "Mozilla/5.0 (compatible; SemrushBot/7~bl; +http://www.semrush.com/bot.html)"
20.171.207.103 - - [14/Aug/2025:18:02:18 +0530] "GET /Ocean/admin/libs/rateyo/wp-login.php?ynzmini=%2Fhome%2Ffirstmatrixcoin%2Fpublic_html%2Fupdatedbilling.firstmatrix.co.in%2Fvendor-1%2Flcobucci%2F%2Fclock%2F%2F..%2F.%2F%2F..%2Fspatie%2F%2Fbacktrace%2F.%2F..%2F..%2F.%2Fopenai-php%2F..%2Fknuckleswtf%2F..%2Fegulias%2F..%2Fcomposer%2F..%2Fphpseclib%2F.%2F..%2F.%2F..%2Fvendor%2Fphpseclib%2F.%2F.%2F..%2Fmtdowling%2F..%2Fmaennchen%2F..%2Fmtdowling%2F..%2Fmaximebf%2F..%2Faws%2Faws-sdk-php%2Fsrc%2F..%2Fsrc%2FSupportApp%2F..%2Fdata%2Fkafka%2F..%2Fredshift%2F..%2Fglobalaccelerator%2F.%2F..%2Fecr-public%2F..%2Fs3outposts%2F..%2Fqldb-session%2F..%2Fiot%2F..%2Fmgn%2F..%2Fs3control%2F..%2Felasticache%2F..%2Fdax%2F..%2Fmediastore-data%2F..%2Fiotfleethub%2F.. HTTP/1.1" 200 283742 "-" "Mozilla/5.0 AppleWebKit/537.36 (KHTML, like Gecko; compatible; GPTBot/1.2; +https://openai.com/gptbot)"
20.171.207.103 - - [14/Aug/2025:18:02:20 +0530] "GET /Ocean/admin/libs/rateyo/wp-login.php?ynzmini=%2Fhome%2Ffirstmatrixcoin%2Fpublic_html%2Fupdatedbilling.firstmatrix.co.in%2Fvendor-1%2Flcobucci%2F%2Fclock%2F%2F..%2F.%2F%2F..%2Fspatie%2F%2Fbacktrace%2F.%2F..%2F..%2F.%2Fopenai-php%2F..%2Fknuckleswtf%2F..%2Fegulias%2F..%2Fcomposer%2F..%2Fphpseclib%2F.%2F..%2F.%2F..%2Fvendor%2Fphpseclib%2F.%2F.%2F..%2Fmtdowling%2F..%2Fmaennchen%2F..%2Fmtdowling%2F..%2Fmaximebf%2F..%2Faws%2Faws-sdk-php%2Fsrc%2F..%2Fsrc%2FSupportApp%2F..%2Fdata%2Fkafka%2F..%2Fredshift%2F..%2Fglobalaccelerator%2F.%2F..%2Fecr-public%2F..%2Fs3outposts%2F..%2Fqldb-session%2F..%2Fiot%2F..%2Fmgn%2F..%2Fs3control%2F..%2Fauditmanager%2F..%2Ffsx%2F..%2Fpricing%2F..%2Felastic-inference%2F.. HTTP/1.1" 200 283343 "-" "Mozilla/5.0 AppleWebKit/537.36 (KHTML, like Gecko; compatible; GPTBot/1.2; +https://openai.com/gptbot)"
85.208.96.206 - - [14/Aug/2025:18:02:20 +0530] "GET /shopdetail/60525131712 HTTP/1.1" 404 - "-" "Mozilla/5.0 (compatible; SemrushBot/7~bl; +http://www.semrush.com/bot.html)"
20.171.207.103 - - [14/Aug/2025:18:02:21 +0530] "GET /Ocean/admin/libs/rateyo/wp-login.php?ynzmini=%2Fhome%2Ffirstmatrixcoin%2Fpublic_html%2Fupdatedbilling.firstmatrix.co.in%2Fvendor-1%2Flcobucci%2F%2Fclock%2F%2F..%2F.%2F%2F..%2Fspatie%2F%2Fbacktrace%2F.%2F..%2F..%2F.%2Fopenai-php%2F..%2Fknuckleswtf%2F..%2Fegulias%2F..%2Fcomposer%2F..%2Fphpseclib%2F.%2F..%2F.%2F..%2Fvendor%2Fphpseclib%2F.%2F.%2F..%2Fmtdowling%2F..%2Fmaennchen%2F..%2Fmtdowling%2F..%2Fmaximebf%2F..%2Faws%2Faws-sdk-php%2Fsrc%2F..%2Fsrc%2FSupportApp%2F..%2Fdata%2Fkafka%2F..%2Fredshift%2F..%2Fglobalaccelerator%2F.%2F..%2Fecr-public%2F..%2Fs3outposts%2F..%2Fqldb-session%2F..%2Fiot%2F..%2Frum%2F..%2F.%2Fkeyspaces%2F..%2Fpanorama%2F HTTP/1.1" 200 33947 "-" "Mozilla/5.0 AppleWebKit/537.36 (KHTML, like Gecko; compatible; GPTBot/1.2; +https://openai.com/gptbot)"
20.171.207.103 - - [14/Aug/2025:18:02:22 +0530] "GET /Ocean/admin/libs/rateyo/wp-login.php?ynzmini=%2Fhome%2Ffirstmatrixcoin%2Fpublic_html%2Fupdatedbilling.firstmatrix.co.in%2Fvendor-1%2Flcobucci%2F%2Fclock%2F%2F..%2F.%2F%2F..%2Fspatie%2F%2Fbacktrace%2F.%2F..%2F..%2F.%2Fopenai-php%2F..%2Fknuckleswtf%2F..%2Fegulias%2F..%2Fcomposer%2F..%2Fphpseclib%2F.%2F..%2F.%2F..%2Fvendor%2Fphpseclib%2F.%2F.%2F..%2Fmtdowling%2F..%2Fmaennchen%2F..%2Fmtdowling%2F..%2Fmaximebf%2F..%2Faws%2Faws-sdk-php%2Fsrc%2F..%2Fsrc%2FSupportApp%2F..%2Fdata%2Fkafka%2F..%2Fredshift%2F..%2Fglobalaccelerator%2F.%2F..%2Fecr-public%2F..%2Fs3outposts%2F..%2Fqldb-session%2F..%2Fiot%2F..%2Fmgn%2F..%2Fdax%2F..%2Fsnowball%2F..%2Fbackup-gateway%2F..%2Fruntime.lex.v2%2F..%2Fvpc-lattice%2F. HTTP/1.1" 200 37382 "-" "Mozilla/5.0 AppleWebKit/537.36 (KHTML, like Gecko; compatible; GPTBot/1.2; +https://openai.com/gptbot)"
85.208.96.209 - - [14/Aug/2025:18:02:22 +0530] "GET /shopdetail/1165175865 HTTP/1.1" 404 - "-" "Mozilla/5.0 (compatible; SemrushBot/7~bl; +http://www.semrush.com/bot.html)"
20.171.207.103 - - [14/Aug/2025:18:02:23 +0530] "GET /Ocean/admin/libs/rateyo/wp-login.php?ynzmini=%2Fhome%2Ffirstmatrixcoin%2Fpublic_html%2Fupdatedbilling.firstmatrix.co.in%2Fvendor-1%2Flcobucci%2F%2Fclock%2F%2F..%2F.%2F%2F..%2Fspatie%2F%2Fbacktrace%2F.%2F..%2F..%2F.%2Fopenai-php%2F..%2Fknuckleswtf%2F..%2Fegulias%2F..%2Fcomposer%2F..%2Fphpseclib%2F.%2F..%2F.%2F..%2Fvendor%2Fphpseclib%2F.%2F.%2F..%2Fmtdowling%2F..%2Fmaennchen%2F..%2Fmtdowling%2F..%2Fmaximebf%2F..%2Faws%2Faws-sdk-php%2Fsrc%2F..%2Fsrc%2FSupportApp%2F..%2Fdata%2Fkafka%2F..%2Fredshift%2F..%2Fglobalaccelerator%2F.%2F..%2Fecr-public%2F..%2Fs3outposts%2F..%2Fqldb-session%2F..%2Fswf%2F..%2Famp%2F..%2Fs3%2F.%2F..%2Fbedrock-runtime%2F..%2Fvpc-lattice%2F%2F..%2Fglacier HTTP/1.1" 200 36159 "-" "Mozilla/5.0 AppleWebKit/537.36 (KHTML, like Gecko; compatible; GPTBot/1.2; +https://openai.com/gptbot)"
20.171.207.103 - - [14/Aug/2025:18:02:24 +0530] "GET /Ocean/admin/libs/rateyo/wp-login.php?ynzmini=%2Fhome%2Ffirstmatrixcoin%2Fpublic_html%2Fupdatedbilling.firstmatrix.co.in%2Fvendor-1%2Flcobucci%2F%2Fclock%2F%2F..%2F.%2F%2F..%2Fspatie%2F%2Fbacktrace%2F.%2F..%2F..%2F.%2Fopenai-php%2F..%2Fknuckleswtf%2F..%2Fegulias%2F..%2Fcomposer%2F..%2Fphpseclib%2F.%2F..%2F.%2F..%2Fvendor%2Fphpseclib%2F.%2F.%2F..%2Fmtdowling%2F..%2Fmaennchen%2F..%2Fmtdowling%2F..%2Fmaximebf%2F..%2Faws%2Faws-sdk-php%2Fsrc%2F..%2Fsrc%2FSupportApp%2F..%2Fdata%2Fkafka%2F..%2Fredshift%2F..%2Fglobalaccelerator%2F.%2F..%2Fecr-public%2F..%2Fs3outposts%2F..%2Fqldb-session%2F..%2Fiot%2F..%2Fmgn%2F..%2Fs3control%2F..%2Fcloudtrail%2F..%2Ftextract%2F.. HTTP/1.1" 200 269962 "-" "Mozilla/5.0 AppleWebKit/537.36 (KHTML, like Gecko; compatible; GPTBot/1.2; +https://openai.com/gptbot)"
85.208.96.195 - - [14/Aug/2025:18:02:24 +0530] "GET /shopdetail/96308119883 HTTP/1.1" 404 - "-" "Mozilla/5.0 (compatible; SemrushBot/7~bl; +http://www.semrush.com/bot.html)"
20.171.207.103 - - [14/Aug/2025:18:02:25 +0530] "GET /Ocean/admin/libs/rateyo/wp-login.php?ynzmini=%2Fhome%2Ffirstmatrixcoin%2Fpublic_html%2Fupdatedbilling.firstmatrix.co.in%2Fvendor-1%2Flcobucci%2F%2Fclock%2F%2F..%2F.%2F%2F..%2Fspatie%2F%2Fbacktrace%2F.%2F..%2F..%2F.%2Fopenai-php%2F..%2Fknuckleswtf%2F..%2Fegulias%2F..%2Fcomposer%2F..%2Fphpseclib%2F.%2F..%2F.%2F..%2Fvendor%2Fphpseclib%2F.%2F.%2F..%2Fmtdowling%2F..%2Fmaennchen%2F..%2Fmtdowling%2F..%2Fmaximebf%2F..%2Faws%2Faws-sdk-php%2Fsrc%2F..%2Fsrc%2FSupportApp%2F..%2Fdata%2Fkafka%2F..%2Fredshift%2F..%2Fglobalaccelerator%2F.%2F..%2Fecr-public%2F..%2Fs3outposts%2F..%2Fqldb-session%2F..%2Fiot%2F..%2Fmgn%2F..%2Fs3control%2F..%2Fiotfleethub%2F..%2Fopsworks%2F..%2Frum%2F..%2Fvpc-lattice%2F HTTP/1.1" 200 36795 "-" "Mozilla/5.0 AppleWebKit/537.36 (KHTML, like Gecko; compatible; GPTBot/1.2; +https://openai.com/gptbot)"
20.171.207.103 - - [14/Aug/2025:18:02:26 +0530] "GET /Ocean/admin/libs/rateyo/wp-login.php?ynzmini=%2Fhome%2Ffirstmatrixcoin%2Fpublic_html%2Fupdatedbilling.firstmatrix.co.in%2Fvendor-1%2Flcobucci%2F%2Fclock%2F%2F..%2F.%2F%2F..%2Fspatie%2F%2Fbacktrace%2F.%2F..%2F..%2F.%2Fopenai-php%2F..%2Fknuckleswtf%2F..%2Fegulias%2F..%2Fcomposer%2F..%2Fphpseclib%2F.%2F..%2F.%2F..%2Fvendor%2Fphpseclib%2F.%2F.%2F..%2Fmtdowling%2F..%2Fmaennchen%2F..%2Fmtdowling%2F..%2Fmaximebf%2F..%2Faws%2Faws-sdk-php%2Fsrc%2F..%2Fsrc%2FSupportApp%2F..%2Fdata%2Fkafka%2F..%2Fredshift%2F..%2Fglobalaccelerator%2F.%2F..%2Fecr-public%2F..%2Fs3outposts%2F..%2Fqldb-session%2F..%2Fiot%2F..%2Fmgn%2F..%2Fs3control%2F..%2Fiottwinmaker%2F..%2Fcloud9%2F..%2Fautoscaling%2F..%2Fservicecatalog HTTP/1.1" 200 36868 "-" "Mozilla/5.0 AppleWebKit/537.36 (KHTML, like Gecko; compatible; GPTBot/1.2; +https://openai.com/gptbot)"
185.191.171.1 - - [14/Aug/2025:18:02:27 +0530] "GET /shopdetail/96308211898 HTTP/1.1" 404 - "-" "Mozilla/5.0 (compatible; SemrushBot/7~bl; +http://www.semrush.com/bot.html)"
20.171.207.103 - - [14/Aug/2025:18:02:28 +0530] "GET /Ocean/admin/libs/rateyo/wp-login.php?rmfolder=%2Fhome%2Ffirstmatrixcoin%2Fpublic_html%2Fupdatedbilling.firstmatrix.co.in%2Fvendor-1%2Flcobucci%2F%2Fclock%2F%2F..%2F.%2F%2F..%2Fspatie%2F%2Fbacktrace%2F.%2F..%2F..%2F.%2Fopenai-php%2F..%2Fknuckleswtf%2F..%2Fegulias%2F..%2Fcomposer%2F..%2Fphpseclib%2F.%2F..%2F.%2F..%2Fvendor%2Fphpseclib%2F.%2F.%2F..%2Fmtdowling%2F..%2Fmaennchen%2F..%2Fmtdowling%2F..%2Fmaximebf%2F..%2Faws%2Faws-sdk-php%2Fsrc%2F..%2Fsrc%2FSupportApp%2F..%2Fdata%2Fkafka%2F..%2Fredshift%2F..%2Fglobalaccelerator%2F.%2F..%2Fecr-public%2F..%2Fs3outposts%2F..%2Fqldb-session%2F..%2Fswf%2F..%2Famp%2F..%2F.%2Fsqs%2F..%2Fpinpoint-sms-voice-v2%2F..%2Fivs%2F..%2Fworkspaces-web%2F..%2Fsigner HTTP/1.1" 200 23149 "-" "Mozilla/5.0 AppleWebKit/537.36 (KHTML, like Gecko; compatible; GPTBot/1.2; +https://openai.com/gptbot)"
20.171.207.103 - - [14/Aug/2025:18:02:29 +0530] "GET /Ocean/admin/libs/rateyo/wp-login.php?ynzmini=%2Fhome%2Ffirstmatrixcoin%2Fpublic_html%2Fupdatedbilling.firstmatrix.co.in%2Fvendor-1%2Flcobucci%2F%2Fclock%2F%2F..%2F.%2F%2F..%2Fspatie%2F%2Fbacktrace%2F.%2F..%2F..%2F.%2Fopenai-php%2F..%2Fknuckleswtf%2F..%2Fegulias%2F..%2Fcomposer%2F..%2Fphpseclib%2F.%2F..%2F.%2F..%2Fvendor%2Fphpseclib%2F.%2F.%2F..%2Fmtdowling%2F..%2Fmaennchen%2F..%2Fmtdowling%2F..%2Fmaximebf%2F..%2Faws%2Faws-sdk-php%2Fsrc%2F..%2Fsrc%2FSupportApp%2F..%2Fdata%2Fkafka%2F..%2Fredshift%2F..%2Fglobalaccelerator%2F.%2F..%2Fecr-public%2F..%2Fs3outposts%2F..%2Fqldb-session%2F..%2Fiot%2F..%2Fmgn%2F..%2Fs3control%2F..%2Fauditmanager%2F..%2Fswf%2F..%2Fdocdb HTTP/1.1" 200 35618 "-" "Mozilla/5.0 AppleWebKit/537.36 (KHTML, like Gecko; compatible; GPTBot/1.2; +https://openai.com/gptbot)"
20.171.207.103 - - [14/Aug/2025:18:02:30 +0530] "GET /Ocean/admin/libs/rateyo/wp-login.php?ynzmini=%2Fhome%2Ffirstmatrixcoin%2Fpublic_html%2Fupdatedbilling.firstmatrix.co.in%2Fvendor-1%2Flcobucci%2F%2Fclock%2F%2F..%2F.%2F%2F..%2Fspatie%2F%2Fbacktrace%2F.%2F..%2F..%2F.%2Fopenai-php%2F..%2Fknuckleswtf%2F..%2Fegulias%2F..%2Fcomposer%2F..%2Fphpseclib%2F.%2F..%2F.%2F..%2Fvendor%2Fphpseclib%2F.%2F.%2F..%2Fmtdowling%2F..%2Fmaennchen%2F..%2Fmtdowling%2F..%2Fmaximebf%2F..%2Faws%2Faws-sdk-php%2Fsrc%2F..%2Fsrc%2FSupportApp%2F..%2Fdata%2Fkafka%2F..%2Fredshift%2F..%2Fglobalaccelerator%2F.%2F..%2Fecr-public%2F..%2Fs3outposts%2F..%2Fqldb-session%2F..%2Fiot%2F..%2Ffms%2F..%2Fwafv2%2F..%2Fservicecatalog%2F.%2F..%2Fecr-public%2F..%2Fhealthlake%2F..%2Fsqs HTTP/1.1" 200 37323 "-" "Mozilla/5.0 AppleWebKit/537.36 (KHTML, like Gecko; compatible; GPTBot/1.2; +https://openai.com/gptbot)"
20.171.207.103 - - [14/Aug/2025:18:02:31 +0530] "GET /Ocean/admin/libs/rateyo/wp-login.php?ynzmini=%2Fhome%2Ffirstmatrixcoin%2Fpublic_html%2Fupdatedbilling.firstmatrix.co.in%2Fvendor-1%2Flcobucci%2F%2Fclock%2F%2F..%2F.%2F%2F..%2Fspatie%2F%2Fbacktrace%2F.%2F..%2F..%2F.%2Fopenai-php%2F..%2Fknuckleswtf%2F..%2Fegulias%2F..%2Fcomposer%2F..%2Fphpseclib%2F.%2F..%2F.%2F..%2Fvendor%2Fphpseclib%2F.%2F.%2F..%2Fmtdowling%2F..%2Fmaennchen%2F..%2Fmtdowling%2F..%2Fmaximebf%2F..%2Faws%2Faws-sdk-php%2Fsrc%2F..%2Fsrc%2FSupportApp%2F..%2Fdata%2Fkafka%2F..%2Fredshift%2F..%2Fglobalaccelerator%2F.%2F..%2Fecr-public%2F..%2Fs3outposts%2F..%2Fqldb-session%2F..%2Fiot%2F..%2Fmgh%2F..%2F%2Fmq%2F..%2Fbcm-data-exports%2F..%2F.%2F%2Fcodeguru-reviewer%2F..%2Frbin%2F. HTTP/1.1" 200 36778 "-" "Mozilla/5.0 AppleWebKit/537.36 (KHTML, like Gecko; compatible; GPTBot/1.2; +https://openai.com/gptbot)"
85.208.96.210 - - [14/Aug/2025:18:02:31 +0530] "GET /shopdetail/11651121978 HTTP/1.1" 404 - "-" "Mozilla/5.0 (compatible; SemrushBot/7~bl; +http://www.semrush.com/bot.html)"
20.171.207.103 - - [14/Aug/2025:18:02:32 +0530] "GET /Ocean/admin/libs/rateyo/wp-login.php?ynzmini=%2Fhome%2Ffirstmatrixcoin%2Fpublic_html%2Fupdatedbilling.firstmatrix.co.in%2Fvendor-1%2Flcobucci%2F%2Fclock%2F%2F..%2F.%2F%2F..%2Fspatie%2F%2Fbacktrace%2F.%2F..%2F..%2F.%2Fopenai-php%2F..%2Fknuckleswtf%2F..%2Fegulias%2F..%2Fcomposer%2F..%2Fphpseclib%2F.%2F..%2F.%2F..%2Fvendor%2Fphpseclib%2F.%2F.%2F..%2Fmtdowling%2F..%2Fmaennchen%2F..%2Fmtdowling%2F..%2Fmaximebf%2F..%2Faws%2Faws-sdk-php%2Fsrc%2F..%2Fsrc%2FSupportApp%2F..%2Fdata%2Fkafka%2F..%2Fredshift%2F..%2Fglobalaccelerator%2F.%2F..%2Fecr-public%2F..%2Fs3outposts%2F..%2Fqldb-session%2F..%2Fiot%2F..%2Fmgh%2F..%2F%2Fmq%2F..%2Fbcm-data-exports%2F..%2F.%2Ffirehose%2F..%2Flicense-manager%2F..%2Fmgn HTTP/1.1" 200 37339 "-" "Mozilla/5.0 AppleWebKit/537.36 (KHTML, like Gecko; compatible; GPTBot/1.2; +https://openai.com/gptbot)"
85.208.96.206 - - [14/Aug/2025:18:02:33 +0530] "GET /shopdetail/96308265314 HTTP/1.1" 404 - "-" "Mozilla/5.0 (compatible; SemrushBot/7~bl; +http://www.semrush.com/bot.html)"
20.171.207.103 - - [14/Aug/2025:18:02:33 +0530] "GET /Ocean/admin/libs/rateyo/wp-login.php?ynzmini=%2Fhome%2Ffirstmatrixcoin%2Fpublic_html%2Fupdatedbilling.firstmatrix.co.in%2Fvendor-1%2Flcobucci%2F%2Fclock%2F%2F..%2F.%2F%2F..%2Fspatie%2F%2Fbacktrace%2F.%2F..%2F..%2F.%2Fopenai-php%2F..%2Fknuckleswtf%2F..%2Fegulias%2F..%2Fcomposer%2F..%2Fphpseclib%2F.%2F..%2F.%2F..%2Fvendor%2Fphpseclib%2F.%2F.%2F..%2Fmtdowling%2F..%2Fmaennchen%2F..%2Fmtdowling%2F..%2Fmaximebf%2F..%2Faws%2Faws-sdk-php%2Fsrc%2F..%2Fsrc%2FSupportApp%2F..%2Fdata%2Fkafka%2F..%2Fredshift%2F..%2Fglobalaccelerator%2F.%2F..%2Fecr-public%2F..%2Fs3outposts%2F..%2Fqldb-session%2F..%2Fiot%2F..%2Fmgn%2F..%2Fdax%2F..%2Fwaf%2F..%2Fclouddirectory%2F..%2Fiotfleetwise HTTP/1.1" 200 35593 "-" "Mozilla/5.0 AppleWebKit/537.36 (KHTML, like Gecko; compatible; GPTBot/1.2; +https://openai.com/gptbot)"
20.171.207.103 - - [14/Aug/2025:18:02:34 +0530] "GET /Ocean/admin/libs/rateyo/wp-login.php?ynzmini=%2Fhome%2Ffirstmatrixcoin%2Fpublic_html%2Fupdatedbilling.firstmatrix.co.in%2Fvendor-1%2Flcobucci%2F%2Fclock%2F%2F..%2F.%2F%2F..%2Fspatie%2F%2Fbacktrace%2F.%2F..%2F..%2F.%2Fopenai-php%2F..%2Fknuckleswtf%2F..%2Fegulias%2F..%2Fcomposer%2F..%2Fphpseclib%2F.%2F..%2F.%2F..%2Fvendor%2Fphpseclib%2F.%2F.%2F..%2Fmtdowling%2F..%2Fmaennchen%2F..%2Fmtdowling%2F..%2Fmaximebf%2F..%2Faws%2Faws-sdk-php%2Fsrc%2F..%2Fsrc%2FSupportApp%2F..%2Fdata%2Fkafka%2F..%2Fredshift%2F..%2Fglobalaccelerator%2F.%2F..%2Fecr-public%2F..%2Fs3outposts%2F..%2Fqldb-session%2F..%2Fiot%2F..%2Ffms%2F..%2F.%2Fsqs%2F..%2Fforecastquery%2F%2F..%2Fdevops-guru HTTP/1.1" 200 35041 "-" "Mozilla/5.0 AppleWebKit/537.36 (KHTML, like Gecko; compatible; GPTBot/1.2; +https://openai.com/gptbot)"
85.208.96.212 - - [14/Aug/2025:18:02:35 +0530] "GET /shopdetail/96308161826 HTTP/1.1" 404 - "-" "Mozilla/5.0 (compatible; SemrushBot/7~bl; +http://www.semrush.com/bot.html)"
20.171.207.103 - - [14/Aug/2025:18:02:35 +0530] "GET /Ocean/admin/libs/rateyo/wp-login.php?ynzmini=%2Fhome%2Ffirstmatrixcoin%2Fpublic_html%2Fupdatedbilling.firstmatrix.co.in%2Fvendor-1%2Flcobucci%2F%2Fclock%2F%2F..%2F.%2F%2F..%2Fspatie%2F%2Fbacktrace%2F.%2F..%2F..%2F.%2Fopenai-php%2F..%2Fknuckleswtf%2F..%2Fegulias%2F..%2Fcomposer%2F..%2Fphpseclib%2F.%2F..%2F.%2F..%2Fvendor%2Fphpseclib%2F.%2F.%2F..%2Fmtdowling%2F..%2Fmaennchen%2F..%2Fmtdowling%2F..%2Fmaximebf%2F..%2Faws%2Faws-sdk-php%2Fsrc%2F..%2Fsrc%2FSupportApp%2F..%2Fdata%2Fkafka%2F..%2Fredshift%2F..%2Fglobalaccelerator%2F.%2F..%2Fecr-public%2F..%2Fs3outposts%2F..%2Fqldb-session%2F..%2Fiot%2F..%2Fmgn%2F..%2Fdax%2F..%2Fsnowball%2F..%2Fbackup-gateway%2F..%2Febs%2F..%2Fs3control HTTP/1.1" 200 36717 "-" "Mozilla/5.0 AppleWebKit/537.36 (KHTML, like Gecko; compatible; GPTBot/1.2; +https://openai.com/gptbot)"
20.171.207.103 - - [14/Aug/2025:18:02:37 +0530] "GET /Ocean/admin/libs/rateyo/wp-login.php?ynzmini=%2Fhome%2Ffirstmatrixcoin%2Fpublic_html%2Fupdatedbilling.firstmatrix.co.in%2Fvendor-1%2Flcobucci%2F%2Fclock%2F%2F..%2F.%2F%2F..%2Fspatie%2F%2Fbacktrace%2F.%2F..%2F..%2F.%2Fopenai-php%2F..%2Fknuckleswtf%2F..%2Fegulias%2F..%2Fcomposer%2F..%2Fphpseclib%2F.%2F..%2F.%2F..%2Fvendor%2Fphpseclib%2F.%2F.%2F..%2Fmtdowling%2F..%2Fmaennchen%2F..%2Fmtdowling%2F..%2Fmaximebf%2F..%2Faws%2Faws-sdk-php%2Fsrc%2F..%2Fsrc%2FSupportApp%2F..%2Fdata%2Fkafka%2F..%2Fredshift%2F..%2Fglobalaccelerator%2F.%2F..%2Fecr-public%2F..%2Fs3outposts%2F..%2Fqldb-session%2F..%2Fswf%2F..%2Frum%2F..%2Fstates%2F..%2Fs3control%2F..%2Fdatasync%2F..%2Fmediaconvert%2F. HTTP/1.1" 200 36185 "-" "Mozilla/5.0 AppleWebKit/537.36 (KHTML, like Gecko; compatible; GPTBot/1.2; +https://openai.com/gptbot)"
85.208.96.204 - - [14/Aug/2025:18:02:38 +0530] "GET /shopdetail/9630857725 HTTP/1.1" 404 - "-" "Mozilla/5.0 (compatible; SemrushBot/7~bl; +http://www.semrush.com/bot.html)"
20.171.207.103 - - [14/Aug/2025:18:02:38 +0530] "GET /Ocean/admin/libs/rateyo/wp-login.php?ynzmini=%2Fhome%2Ffirstmatrixcoin%2Fpublic_html%2Fupdatedbilling.firstmatrix.co.in%2Fvendor-1%2Flcobucci%2F%2Fclock%2F%2F..%2F.%2F%2F..%2Fspatie%2F%2Fbacktrace%2F.%2F..%2F..%2F.%2Fopenai-php%2F..%2Fknuckleswtf%2F..%2Fegulias%2F..%2Fcomposer%2F..%2Fphpseclib%2F.%2F..%2F.%2F..%2Fvendor%2Fphpseclib%2F.%2F.%2F..%2Fmtdowling%2F..%2Fmaennchen%2F..%2Fmtdowling%2F..%2Fmaximebf%2F..%2Faws%2Faws-sdk-php%2Fsrc%2F..%2Fsrc%2FSupportApp%2F..%2Fdata%2Fkafka%2F..%2Fredshift%2F..%2Fglobalaccelerator%2F.%2F..%2Fecr-public%2F..%2Fs3outposts%2F..%2Fqldb-session%2F..%2Fiot%2F..%2Fmgn%2F..%2Fdax%2F..%2Frds-data%2F..%2Fsupplychain%2F..%2Fdocdb HTTP/1.1" 200 35570 "-" "Mozilla/5.0 AppleWebKit/537.36 (KHTML, like Gecko; compatible; GPTBot/1.2; +https://openai.com/gptbot)"
20.171.207.103 - - [14/Aug/2025:18:02:39 +0530] "GET /Ocean/admin/libs/rateyo/wp-login.php?ynzmini=%2Fhome%2Ffirstmatrixcoin%2Fpublic_html%2Fupdatedbilling.firstmatrix.co.in%2Fvendor-1%2Flcobucci%2F%2Fclock%2F%2F..%2F.%2F%2F..%2Fspatie%2F%2Fbacktrace%2F.%2F..%2F..%2F.%2Fopenai-php%2F..%2Fknuckleswtf%2F..%2Fegulias%2F..%2Fcomposer%2F..%2Fphpseclib%2F.%2F..%2F.%2F..%2Fvendor%2Fphpseclib%2F.%2F.%2F..%2Fmtdowling%2F..%2Fmaennchen%2F..%2Fmtdowling%2F..%2Fmaximebf%2F..%2Faws%2Faws-sdk-php%2Fsrc%2F..%2Fsrc%2FSupportApp%2F..%2Fdata%2Fkafka%2F..%2Fredshift%2F..%2Fglobalaccelerator%2F.%2F..%2Fecr-public%2F..%2Fs3outposts%2F..%2Fqldb-session%2F..%2Fswf%2F..%2Frum%2F..%2Fstates%2F..%2Fs3control%2F..%2Fpinpoint-email%2F..%2Fcloudhsm HTTP/1.1" 200 35661 "-" "Mozilla/5.0 AppleWebKit/537.36 (KHTML, like Gecko; compatible; GPTBot/1.2; +https://openai.com/gptbot)"
85.208.96.201 - - [14/Aug/2025:18:02:40 +0530] "GET /shopdetail/11796249012 HTTP/1.1" 404 - "-" "Mozilla/5.0 (compatible; SemrushBot/7~bl; +http://www.semrush.com/bot.html)"
20.171.207.103 - - [14/Aug/2025:18:02:40 +0530] "GET /Ocean/admin/libs/rateyo/wp-login.php?ynzmini=%2Fhome%2Ffirstmatrixcoin%2Fpublic_html%2Fupdatedbilling.firstmatrix.co.in%2Fvendor-1%2Flcobucci%2F%2Fclock%2F%2F..%2F.%2F%2F..%2Fspatie%2F%2Fbacktrace%2F.%2F..%2F..%2F.%2Fopenai-php%2F..%2Fknuckleswtf%2F..%2Fegulias%2F..%2Fcomposer%2F..%2Fphpseclib%2F.%2F..%2F.%2F..%2Fvendor%2Fphpseclib%2F.%2F.%2F..%2Fmtdowling%2F..%2Fmaennchen%2F..%2Fmtdowling%2F..%2Fmaximebf%2F..%2Faws%2Faws-sdk-php%2Fsrc%2F..%2Fsrc%2FSupportApp%2F..%2Fdata%2Fkafka%2F..%2Fredshift%2F..%2Fglobalaccelerator%2F.%2F..%2Fecr-public%2F..%2Fs3outposts%2F..%2Fqldb-session%2F..%2Fiot%2F..%2Fmgh%2F..%2F%2Fmq%2F..%2Fiotevents-data%2F..%2Fappstream%2F..%2Femr-serverless%2F..%2Fappflow HTTP/1.1" 200 36812 "-" "Mozilla/5.0 AppleWebKit/537.36 (KHTML, like Gecko; compatible; GPTBot/1.2; +https://openai.com/gptbot)"
20.171.207.103 - - [14/Aug/2025:18:02:41 +0530] "GET /Ocean/admin/libs/rateyo/wp-login.php?ynzmini=%2Fhome%2Ffirstmatrixcoin%2Fpublic_html%2Fupdatedbilling.firstmatrix.co.in%2Fvendor-1%2Flcobucci%2F%2Fclock%2F%2F..%2F.%2F%2F..%2Fspatie%2F%2Fbacktrace%2F.%2F..%2F..%2F.%2Fopenai-php%2F..%2Fknuckleswtf%2F..%2Fegulias%2F..%2Fcomposer%2F..%2Fphpseclib%2F.%2F..%2F.%2F..%2Fvendor%2Fphpseclib%2F.%2F.%2F..%2Fmtdowling%2F..%2Fmaennchen%2F..%2Fmtdowling%2F..%2Fmaximebf%2F..%2Faws%2Faws-sdk-php%2Fsrc%2F..%2Fsrc%2FSupportApp%2F..%2Fdata%2Fkafka%2F..%2Fredshift%2F..%2Fglobalaccelerator%2F.%2F..%2Fecr-public%2F..%2Fs3outposts%2F..%2Fqldb-session%2F..%2Fiot%2F..%2Fmgn%2F..%2Fs3control%2F..%2Fauditmanager%2F..%2Fswf%2F..%2Fdocdb%2F.. HTTP/1.1" 200 273337 "-" "Mozilla/5.0 AppleWebKit/537.36 (KHTML, like Gecko; compatible; GPTBot/1.2; +https://openai.com/gptbot)"
85.208.96.199 - - [14/Aug/2025:18:02:42 +0530] "GET /shopdetail/11796107846 HTTP/1.1" 404 - "-" "Mozilla/5.0 (compatible; SemrushBot/7~bl; +http://www.semrush.com/bot.html)"
20.171.207.103 - - [14/Aug/2025:18:02:42 +0530] "GET /Ocean/admin/libs/rateyo/wp-login.php?ynzmini=%2Fhome%2Ffirstmatrixcoin%2Fpublic_html%2Fupdatedbilling.firstmatrix.co.in%2Fvendor-1%2Flcobucci%2F%2Fclock%2F%2F..%2F.%2F%2F..%2Fspatie%2F%2Fbacktrace%2F.%2F..%2F..%2F.%2Fopenai-php%2F..%2Fknuckleswtf%2F..%2Fegulias%2F..%2Fcomposer%2F..%2Fphpseclib%2F.%2F..%2F.%2F..%2Fvendor%2Fphpseclib%2F.%2F.%2F..%2Fmtdowling%2F..%2Fmaennchen%2F..%2Fmtdowling%2F..%2Fmaximebf%2F..%2Faws%2Faws-sdk-php%2Fsrc%2F..%2Fsrc%2FSupportApp%2F..%2Fdata%2Fkafka%2F..%2Fredshift%2F..%2Fglobalaccelerator%2F.%2F..%2Fecr-public%2F..%2Fs3outposts%2F..%2Fqldb-session%2F..%2Fswf%2F..%2Famp%2F..%2F.%2Fmedialive%2F..%2Fcloudhsm%2F..%2Fruntime.lex.v2%2F..%2Flakeformation%2F..%2Fcleanrooms HTTP/1.1" 200 37402 "-" "Mozilla/5.0 AppleWebKit/537.36 (KHTML, like Gecko; compatible; GPTBot/1.2; +https://openai.com/gptbot)"
20.171.207.103 - - [14/Aug/2025:18:02:44 +0530] "GET /Ocean/admin/libs/rateyo/wp-login.php?ynzmini=%2Fhome%2Ffirstmatrixcoin%2Fpublic_html%2Fupdatedbilling.firstmatrix.co.in%2Fvendor-1%2Flcobucci%2F%2Fclock%2F%2F..%2F.%2F%2F..%2Fspatie%2F%2Fbacktrace%2F.%2F..%2F..%2F.%2Fopenai-php%2F..%2Fknuckleswtf%2F..%2Fegulias%2F..%2Fcomposer%2F..%2Fphpseclib%2F.%2F..%2F.%2F..%2Fvendor%2Fphpseclib%2F.%2F.%2F..%2Fmtdowling%2F..%2Fmaennchen%2F..%2Fmtdowling%2F..%2Fmaximebf%2F..%2Faws%2Faws-sdk-php%2Fsrc%2F..%2Fsrc%2FSupportApp%2F..%2Fdata%2Fkafka%2F..%2Fredshift%2F..%2Fglobalaccelerator%2F.%2F..%2Fecr-public%2F..%2Fs3outposts%2F..%2Fqldb-session%2F..%2Fswf%2F..%2Famp%2F..%2F.%2Fsqs%2F..%2Fnetwork-firewall%2F..%2Fapigateway%2F.%2F..%2Fhealthlake%2F. HTTP/1.1" 200 37279 "-" "Mozilla/5.0 AppleWebKit/537.36 (KHTML, like Gecko; compatible; GPTBot/1.2; +https://openai.com/gptbot)"
20.171.207.103 - - [14/Aug/2025:18:02:45 +0530] "GET /Ocean/admin/libs/rateyo/wp-login.php?ynzmini=%2Fhome%2Ffirstmatrixcoin%2Fpublic_html%2Fupdatedbilling.firstmatrix.co.in%2Fvendor-1%2Flcobucci%2F%2Fclock%2F%2F..%2F.%2F%2F..%2Fspatie%2F%2Fbacktrace%2F.%2F..%2F..%2F.%2Fopenai-php%2F..%2Fknuckleswtf%2F..%2Fegulias%2F..%2Fcomposer%2F..%2Fphpseclib%2F.%2F..%2F.%2F..%2Fvendor%2Fphpseclib%2F.%2F.%2F..%2Fmtdowling%2F..%2Fmaennchen%2F..%2Fmtdowling%2F..%2Fmaximebf%2F..%2Faws%2Faws-sdk-php%2Fsrc%2F..%2Fsrc%2FSupportApp%2F..%2Fdata%2Fkafka%2F..%2Fredshift%2F..%2Fglobalaccelerator%2F.%2F..%2Fecr-public%2F..%2Fs3outposts%2F..%2Fqldb-session%2F..%2Fiot%2F..%2Fmgn%2F..%2Fdax%2F..%2Fwaf%2F..%2Fclouddirectory%2F..%2Fiotfleetwise%2F. HTTP/1.1" 200 36134 "-" "Mozilla/5.0 AppleWebKit/537.36 (KHTML, like Gecko; compatible; GPTBot/1.2; +https://openai.com/gptbot)"
20.171.207.103 - - [14/Aug/2025:18:02:46 +0530] "GET /Ocean/admin/libs/rateyo/wp-login.php?ynzmini=%2Fhome%2Ffirstmatrixcoin%2Fpublic_html%2Fupdatedbilling.firstmatrix.co.in%2Fvendor-1%2Flcobucci%2F%2Fclock%2F%2F..%2F.%2F%2F..%2Fspatie%2F%2Fbacktrace%2F.%2F..%2F..%2F.%2Fopenai-php%2F..%2Fknuckleswtf%2F..%2Fegulias%2F..%2Fcomposer%2F..%2Fphpseclib%2F.%2F..%2F.%2F..%2Fvendor%2Fphpseclib%2F.%2F.%2F..%2Fmtdowling%2F..%2Fmaennchen%2F..%2Fmtdowling%2F..%2Fmaximebf%2F..%2Faws%2Faws-sdk-php%2Fsrc%2F..%2Fsrc%2FSupportApp%2F..%2Fdata%2Fkafka%2F..%2Fredshift%2F..%2Fglobalaccelerator%2F.%2F..%2Fecr-public%2F..%2Fs3outposts%2F..%2Fqldb-session%2F..%2Fiot%2F..%2Ffms%2F..%2F.%2Fsqs%2F..%2Fforecastquery%2F%2F..%2Fdevops-guru%2F.. HTTP/1.1" 200 271605 "-" "Mozilla/5.0 AppleWebKit/537.36 (KHTML, like Gecko; compatible; GPTBot/1.2; +https://openai.com/gptbot)"
20.171.207.103 - - [14/Aug/2025:18:02:47 +0530] "GET /Ocean/admin/libs/rateyo/wp-login.php?ynzmini=%2Fhome%2Ffirstmatrixcoin%2Fpublic_html%2Fupdatedbilling.firstmatrix.co.in%2Fvendor-1%2Flcobucci%2F%2Fclock%2F%2F..%2F.%2F%2F..%2Fspatie%2F%2Fbacktrace%2F.%2F..%2F..%2F.%2Fopenai-php%2F..%2Fknuckleswtf%2F..%2Fegulias%2F..%2Fcomposer%2F..%2Fphpseclib%2F.%2F..%2F.%2F..%2Fvendor%2Fphpseclib%2F.%2F.%2F..%2Fmtdowling%2F..%2Fmaennchen%2F..%2Fmtdowling%2F..%2Fmaximebf%2F..%2Faws%2Faws-sdk-php%2Fsrc%2F..%2Fsrc%2FSupportApp%2F..%2Fdata%2Fkafka%2F..%2Fredshift%2F..%2Fglobalaccelerator%2F.%2F..%2Fecr-public%2F..%2Fs3outposts%2F..%2Fqldb-session%2F..%2Fiot%2F..%2Fmgn%2F..%2Fdax%2F..%2Fwaf%2F..%2Fclouddirectory%2F..%2Fiotfleetwise%2F.. HTTP/1.1" 200 274454 "-" "Mozilla/5.0 AppleWebKit/537.36 (KHTML, like Gecko; compatible; GPTBot/1.2; +https://openai.com/gptbot)"
20.171.207.103 - - [14/Aug/2025:18:02:48 +0530] "GET /Ocean/admin/libs/rateyo/wp-login.php?rmfolder=%2Fhome%2Ffirstmatrixcoin%2Fpublic_html%2Fupdatedbilling.firstmatrix.co.in%2Fvendor-1%2Flcobucci%2F%2Fclock%2F%2F..%2F.%2F%2F..%2Fspatie%2F%2Fbacktrace%2F.%2F..%2F..%2F.%2Fopenai-php%2F..%2Fknuckleswtf%2F..%2Fegulias%2F..%2Fcomposer%2F..%2Fphpseclib%2F.%2F..%2F.%2F..%2Fvendor%2Fphpseclib%2F.%2F.%2F..%2Fmtdowling%2F..%2Fmaennchen%2F..%2Fmtdowling%2F..%2Fmaximebf%2F..%2Faws%2Faws-sdk-php%2Fsrc%2F..%2Fsrc%2FSupportApp%2F..%2Fdata%2Fkafka%2F..%2Fredshift%2F..%2Fglobalaccelerator%2F.%2F..%2Fecr-public%2F..%2Fs3outposts%2F..%2Fqldb-session%2F..%2Fiot%2F..%2Fmgn%2F..%2Fdax%2F..%2Fwaf%2F..%2Fclouddirectory%2F..%2Fiotfleetwise HTTP/1.1" 200 23149 "-" "Mozilla/5.0 AppleWebKit/537.36 (KHTML, like Gecko; compatible; GPTBot/1.2; +https://openai.com/gptbot)"
54.36.148.71 - - [14/Aug/2025:18:02:49 +0530] "GET /i-man-optical.firstmatrix.co.in/vendor/markbaker/complex/ HTTP/1.1" 404 - "-" "Mozilla/5.0 (compatible; AhrefsBot/7.0; +http://ahrefs.com/robot/)"
20.171.207.103 - - [14/Aug/2025:18:02:49 +0530] "GET /Ocean/admin/libs/rateyo/wp-login.php?ynzmini=%2Fhome%2Ffirstmatrixcoin%2Fpublic_html%2Fupdatedbilling.firstmatrix.co.in%2Fvendor-1%2Flcobucci%2F%2Fclock%2F%2F..%2F.%2F%2F..%2Fspatie%2F%2Fbacktrace%2F.%2F..%2F..%2F.%2Fopenai-php%2F..%2Fknuckleswtf%2F..%2Fegulias%2F..%2Fcomposer%2F..%2Fphpseclib%2F.%2F..%2F.%2F..%2Fvendor%2Fphpseclib%2F.%2F.%2F..%2Fmtdowling%2F..%2Fmaennchen%2F..%2Fmtdowling%2F..%2Fmaximebf%2F..%2Faws%2Faws-sdk-php%2Fsrc%2F..%2Fsrc%2FSupportApp%2F..%2Fdata%2Fkafka%2F..%2Fredshift%2F..%2Fglobalaccelerator%2F.%2F..%2Fecr-public%2F..%2Fs3outposts%2F..%2Fqldb-session%2F..%2Fiot%2F..%2Fmgn%2F..%2Fdax%2F..%2Fsnowball%2F..%2Fbackup-gateway%2F..%2Febs%2F..%2Fs3control%2F HTTP/1.1" 200 36721 "-" "Mozilla/5.0 AppleWebKit/537.36 (KHTML, like Gecko; compatible; GPTBot/1.2; +https://openai.com/gptbot)"
20.171.207.103 - - [14/Aug/2025:18:02:50 +0530] "GET /Ocean/admin/libs/rateyo/wp-login.php?ynzmini=%2Fhome%2Ffirstmatrixcoin%2Fpublic_html%2Fupdatedbilling.firstmatrix.co.in%2Fvendor-1%2Flcobucci%2F%2Fclock%2F%2F..%2F.%2F%2F..%2Fspatie%2F%2Fbacktrace%2F.%2F..%2F..%2F.%2Fopenai-php%2F..%2Fknuckleswtf%2F..%2Fegulias%2F..%2Fcomposer%2F..%2Fphpseclib%2F.%2F..%2F.%2F..%2Fvendor%2Fphpseclib%2F.%2F.%2F..%2Fmtdowling%2F..%2Fmaennchen%2F..%2Fmtdowling%2F..%2Fmaximebf%2F..%2Faws%2Faws-sdk-php%2Fsrc%2F..%2Fsrc%2FSupportApp%2F..%2Fdata%2Fkafka%2F..%2Fredshift%2F..%2Fglobalaccelerator%2F.%2F..%2Fecr-public%2F..%2Fs3outposts%2F..%2Fqldb-session%2F..%2Fiot%2F..%2Ffms%2F..%2Fwafv2%2F..%2Ffinspace-data%2F.%2F..%2Fbudgets%2F..%2Fclouddirectory%2F..%2Fopsworkscm HTTP/1.1" 200 37361 "-" "Mozilla/5.0 AppleWebKit/537.36 (KHTML, like Gecko; compatible; GPTBot/1.2; +https://openai.com/gptbot)"
20.171.207.103 - - [14/Aug/2025:18:02:51 +0530] "GET /Ocean/admin/libs/rateyo/wp-login.php?ynzmini=%2Fhome%2Ffirstmatrixcoin%2Fpublic_html%2Fupdatedbilling.firstmatrix.co.in%2Fvendor-1%2Flcobucci%2F%2Fclock%2F%2F..%2F.%2F%2F..%2Fspatie%2F%2Fbacktrace%2F.%2F..%2F..%2F.%2Fopenai-php%2F..%2Fknuckleswtf%2F..%2Fegulias%2F..%2Fcomposer%2F..%2Fphpseclib%2F.%2F..%2F.%2F..%2Fvendor%2Fphpseclib%2F.%2F.%2F..%2Fmtdowling%2F..%2Fmaennchen%2F..%2Fmtdowling%2F..%2Fmaximebf%2F..%2Faws%2Faws-sdk-php%2Fsrc%2F..%2Fsrc%2FSupportApp%2F..%2Fdata%2Fkafka%2F..%2Fredshift%2F..%2Fglobalaccelerator%2F.%2F..%2Fecr-public%2F..%2Fs3outposts%2F..%2Fqldb-session%2F..%2Fiot%2F..%2Fmgh%2F..%2F%2Fmq%2F..%2Fiotevents-data%2F..%2Fcodestar%2F..%2Fschemas HTTP/1.1" 200 35619 "-" "Mozilla/5.0 AppleWebKit/537.36 (KHTML, like Gecko; compatible; GPTBot/1.2; +https://openai.com/gptbot)"
20.171.207.103 - - [14/Aug/2025:18:02:53 +0530] "GET /Ocean/admin/libs/rateyo/wp-login.php?ynzmini=%2Fhome%2Ffirstmatrixcoin%2Fpublic_html%2Fupdatedbilling.firstmatrix.co.in%2Fvendor-1%2Flcobucci%2F%2Fclock%2F%2F..%2F.%2F%2F..%2Fspatie%2F%2Fbacktrace%2F.%2F..%2F..%2F.%2Fopenai-php%2F..%2Fknuckleswtf%2F..%2Fegulias%2F..%2Fcomposer%2F..%2Fphpseclib%2F.%2F..%2F.%2F..%2Fvendor%2Fphpseclib%2F.%2F.%2F..%2Fmtdowling%2F..%2Fmaennchen%2F..%2Fmtdowling%2F..%2Fmaximebf%2F..%2Faws%2Faws-sdk-php%2Fsrc%2F..%2Fsrc%2FSupportApp%2F..%2Fdata%2Fkafka%2F..%2Fredshift%2F..%2Fglobalaccelerator%2F.%2F..%2Fecr-public%2F..%2Fs3outposts%2F..%2Fqldb-session%2F..%2Fiot%2F..%2Fmgh%2F..%2F%2Fmq%2F..%2Fresource-groups%2F..%2Fmobile HTTP/1.1" 200 34509 "-" "Mozilla/5.0 AppleWebKit/537.36 (KHTML, like Gecko; compatible; GPTBot/1.2; +https://openai.com/gptbot)"
20.171.207.103 - - [14/Aug/2025:18:02:54 +0530] "GET /Ocean/admin/libs/rateyo/wp-login.php?ynzmini=%2Fhome%2Ffirstmatrixcoin%2Fpublic_html%2Fupdatedbilling.firstmatrix.co.in%2Fvendor-1%2Flcobucci%2F%2Fclock%2F%2F..%2F.%2F%2F..%2Fspatie%2F%2Fbacktrace%2F.%2F..%2F..%2F.%2Fopenai-php%2F..%2Fknuckleswtf%2F..%2Fegulias%2F..%2Fcomposer%2F..%2Fphpseclib%2F.%2F..%2F.%2F..%2Fvendor%2Fphpseclib%2F.%2F.%2F..%2Fmtdowling%2F..%2Fmaennchen%2F..%2Fmtdowling%2F..%2Fmaximebf%2F..%2Faws%2Faws-sdk-php%2Fsrc%2F..%2Fsrc%2FSupportApp%2F..%2Fdata%2Fkafka%2F..%2Fredshift%2F..%2Fglobalaccelerator%2F.%2F..%2Fecr-public%2F..%2Fs3outposts%2F..%2Fqldb-session%2F..%2Fswf%2F..%2Famp%2F..%2F.%2Fsqs%2F..%2Fiotfleetwise%2F..%2Fkms HTTP/1.1" 200 34971 "-" "Mozilla/5.0 AppleWebKit/537.36 (KHTML, like Gecko; compatible; GPTBot/1.2; +https://openai.com/gptbot)"
20.171.207.103 - - [14/Aug/2025:18:02:55 +0530] "GET /Ocean/admin/libs/rateyo/wp-login.php?rmfolder=%2Fhome%2Ffirstmatrixcoin%2Fpublic_html%2Fupdatedbilling.firstmatrix.co.in%2Fvendor-1%2Flcobucci%2F%2Fclock%2F%2F..%2F.%2F%2F..%2Fspatie%2F%2Fbacktrace%2F.%2F..%2F..%2F.%2Fopenai-php%2F..%2Fknuckleswtf%2F..%2Fegulias%2F..%2Fcomposer%2F..%2Fphpseclib%2F.%2F..%2F.%2F..%2Fvendor%2Fphpseclib%2F.%2F.%2F..%2Fmtdowling%2F..%2Fmaennchen%2F..%2Fmtdowling%2F..%2Fmaximebf%2F..%2Faws%2Faws-sdk-php%2Fsrc%2F..%2Fsrc%2FSupportApp%2F..%2Fdata%2Fkafka%2F..%2Fredshift%2F..%2Fglobalaccelerator%2F.%2F..%2Fecr-public%2F..%2Fs3outposts%2F..%2Fqldb-session%2F..%2Fiot%2F..%2Ffms%2F..%2F.%2Fsqs%2F..%2Fforecastquery%2F%2F..%2Fdevops-guru HTTP/1.1" 200 23149 "-" "Mozilla/5.0 AppleWebKit/537.36 (KHTML, like Gecko; compatible; GPTBot/1.2; +https://openai.com/gptbot)"
20.171.207.103 - - [14/Aug/2025:18:02:56 +0530] "GET /Ocean/admin/libs/rateyo/wp-login.php?ynzmini=%2Fhome%2Ffirstmatrixcoin%2Fpublic_html%2Fupdatedbilling.firstmatrix.co.in%2Fvendor-1%2Flcobucci%2F%2Fclock%2F%2F..%2F.%2F%2F..%2Fspatie%2F%2Fbacktrace%2F.%2F..%2F..%2F.%2Fopenai-php%2F..%2Fknuckleswtf%2F..%2Fegulias%2F..%2Fcomposer%2F..%2Fphpseclib%2F.%2F..%2F.%2F..%2Fvendor%2Fphpseclib%2F.%2F.%2F..%2Fmtdowling%2F..%2Fmaennchen%2F..%2Fmtdowling%2F..%2Fmaximebf%2F..%2Faws%2Faws-sdk-php%2Fsrc%2F..%2Fsrc%2FSupportApp%2F..%2Fdata%2Fkafka%2F..%2Fredshift%2F..%2Fglobalaccelerator%2F.%2F..%2Fecr-public%2F..%2Fs3outposts%2F..%2Fqldb-session%2F..%2Fiot%2F..%2Fmgh%2F..%2F%2Fmq%2F..%2Fiotevents-data%2F..%2Fapigatewayv2%2F..%2Fopsworkscm%2F..%2Finspector HTTP/1.1" 200 36824 "-" "Mozilla/5.0 AppleWebKit/537.36 (KHTML, like Gecko; compatible; GPTBot/1.2; +https://openai.com/gptbot)"
20.171.207.103 - - [14/Aug/2025:18:02:57 +0530] "GET /Ocean/admin/libs/rateyo/wp-login.php?ynzmini=%2Fhome%2Ffirstmatrixcoin%2Fpublic_html%2Fupdatedbilling.firstmatrix.co.in%2Fvendor-1%2Flcobucci%2F%2Fclock%2F%2F..%2F.%2F%2F..%2Fspatie%2F%2Fbacktrace%2F.%2F..%2F..%2F.%2Fopenai-php%2F..%2Fknuckleswtf%2F..%2Fegulias%2F..%2Fcomposer%2F..%2Fphpseclib%2F.%2F..%2F.%2F..%2Fvendor%2Fphpseclib%2F.%2F.%2F..%2Fmtdowling%2F..%2Fmaennchen%2F..%2Fmtdowling%2F..%2Fmaximebf%2F..%2Faws%2Faws-sdk-php%2Fsrc%2F..%2Fsrc%2FSupportApp%2F..%2Fdata%2Fkafka%2F..%2Fredshift%2F..%2Fglobalaccelerator%2F.%2F..%2Fecr-public%2F..%2Fs3outposts%2F..%2Fqldb-session%2F..%2Fswf%2F..%2Famp%2F..%2F.%2Fmedialive%2F..%2F%2Fruntime.lex.v2%2F..%2Fserverlessrepo%2F..%2Flogs HTTP/1.1" 200 36238 "-" "Mozilla/5.0 AppleWebKit/537.36 (KHTML, like Gecko; compatible; GPTBot/1.2; +https://openai.com/gptbot)"
20.171.207.103 - - [14/Aug/2025:18:02:58 +0530] "GET /Ocean/admin/libs/rateyo/wp-login.php?ynzmini=%2Fhome%2Ffirstmatrixcoin%2Fpublic_html%2Fupdatedbilling.firstmatrix.co.in%2Fvendor-1%2Flcobucci%2F%2Fclock%2F%2F..%2F.%2F%2F..%2Fspatie%2F%2Fbacktrace%2F.%2F..%2F..%2F.%2Fopenai-php%2F..%2Fknuckleswtf%2F..%2Fegulias%2F..%2Fcomposer%2F..%2Fphpseclib%2F.%2F..%2F.%2F..%2Fvendor%2Fphpseclib%2F.%2F.%2F..%2Fmtdowling%2F..%2Fmaennchen%2F..%2Fmtdowling%2F..%2Fmaximebf%2F..%2Faws%2Faws-sdk-php%2Fsrc%2F..%2Fsrc%2FSupportApp%2F..%2Fdata%2Fkafka%2F..%2Fredshift%2F..%2Fglobalaccelerator%2F.%2F..%2Fecr-public%2F..%2Fs3outposts%2F..%2Fqldb-session%2F..%2Fswf%2F..%2Frum%2F..%2Fstates%2F..%2Fs3control%2F..%2Fstreams.dynamodb%2F..%2Fsms-voice%2F..%2F..%2FMultipart HTTP/1.1" 200 38722 "-" "Mozilla/5.0 AppleWebKit/537.36 (KHTML, like Gecko; compatible; GPTBot/1.2; +https://openai.com/gptbot)"
20.171.207.103 - - [14/Aug/2025:18:03:00 +0530] "GET /Ocean/admin/libs/rateyo/wp-login.php?ynzmini=%2Fhome%2Ffirstmatrixcoin%2Fpublic_html%2Fupdatedbilling.firstmatrix.co.in%2Fvendor-1%2Flcobucci%2F%2Fclock%2F%2F..%2F.%2F%2F..%2Fspatie%2F%2Fbacktrace%2F.%2F..%2F..%2F.%2Fopenai-php%2F..%2Fknuckleswtf%2F..%2Fegulias%2F..%2Fcomposer%2F..%2Fphpseclib%2F.%2F..%2F.%2F..%2Fvendor%2Fphpseclib%2F.%2F.%2F..%2Fmtdowling%2F..%2Fmaennchen%2F..%2Fmtdowling%2F..%2Fmaximebf%2F..%2Faws%2Faws-sdk-php%2Fsrc%2F..%2Fsrc%2FSupportApp%2F..%2Fdata%2Fkafka%2F..%2Fredshift%2F..%2Fglobalaccelerator%2F.%2F..%2Fecr-public%2F..%2Fs3outposts%2F..%2Fqldb-session%2F..%2Fswf%2F..%2Frum%2F..%2Fstates%2F..%2Fs3control%2F..%2Fopsworks%2F..%2Fiottwinmaker HTTP/1.1" 200 35641 "-" "Mozilla/5.0 AppleWebKit/537.36 (KHTML, like Gecko; compatible; GPTBot/1.2; +https://openai.com/gptbot)"
