20.171.207.223 - - [22/Jul/2025:18:35:06 +0530] "GET /database/migrations/?HX=%2F%2Fsys%2Fmodule%2Fusbcore%2Fdrivers%2Fusb%3Ahub%2F1-0%3A1.0%2Fsubsystem%2Fdevices%2Fusb1%2F1-1%2F1-1%3A1.0%2F0003%3A0627%3A0001.0001%2Fdriver%2F0003%3A0627%3A0001.0001%2Fhidraw%2Fhidraw0%2Fdevice%2Fdriver%2F0003%3A0627%3A0001.0001%2Fsubsystem%2Fdrivers%2Fhid-generic%2F0003%3A0627%3A0001.0001%2Fsubsystem%2Fdevices%2F0003%3A0627%3A0001.0001%2Fdriver%2F0003%3A0627%3A0001.0001%2Fhidraw%2Fhidraw0%2Fdevice%2Fhidraw%2Fhidraw0%2Fdevice%2Fdriver%2F0003%3A0627%3A0001.0001%2Fdriver%2F0003%3A0627%3A0001.0001%2Fdriver%2F0003%3A0627%3A0001.0001%2Fhidraw%2Fhidraw0%2Fsubsystem%2Fhidraw0%2Fdevice%2Fhidraw%2Fhidraw0%2Fdevice%2Fhidraw%2Fhidraw0%2Fdevice%2Fdriver%2F0003%3A0627%3A0001.0001%2Fsubsystem%2Fdevices%2F0003%3A0627%3A0001.0001%2Fsubsystem%2Fdrivers%2Fntrig HTTP/1.1" 200 42373 "-" "Mozilla/5.0 AppleWebKit/537.36 (KHTML, like Gecko; compatible; GPTBot/1.2; +https://openai.com/gptbot)"
20.171.207.179 - - [22/Jul/2025:18:35:41 +0530] "GET /database/migrations/?HX=%2F%2Fsys%2Fclass%2Fmisc%2Fwatchdog%2Fdevice%2Fsubsystem%2Fdevices%2FQEMU0001%3A00%2Ffirmware_node%2Fdriver%2FQEMU0001%3A00%2Fsubsystem%2Fdevices%2FPNP0A08%3A00%2Fdevice%3A01%2Fsubsystem%2Fdevices%2Fdevice%3A05%2Fphysical_node%2F0000%3A02%3A00.0%2Fvirtio1%2Fhost0%2Ftarget0%3A0%3A0%2F0%3A0%3A0%3A0%2Fscsi_generic%2Fsg0%2Fdevice%2Fblock%2Fsda%2Fsda1%2Fsubsystem%2Floop0%2Fsubsystem%2Fsda%2Fdevice%2Fblock%2Fsda%2Fdevice%2Fsubsystem%2Fdevices%2Fhost4%2Fscsi_host%2Fhost4%2Fdevice%2Fscsi_host%2Fhost4%2Fsubsystem%2Fhost3%2Fsubsystem%2Fhost1%2Fsubsystem%2Fhost3%2Fsubsystem%2Fhost1%2Fsubsystem%2Fhost6%2Fsubsystem%2Fhost0%2Fdevice%2Ftarget0%3A0%3A0%2Fsubsystem%2Fdevices%2Fhost4%2Fscsi_host%2Fhost4%2Fsubsystem%2Fhost4%2Fdevice%2Fscsi_host HTTP/1.1" 200 32263 "-" "Mozilla/5.0 AppleWebKit/537.36 (KHTML, like Gecko; compatible; GPTBot/1.2; +https://openai.com/gptbot)"
20.171.207.223 - - [22/Jul/2025:18:36:11 +0530] "GET /database/migrations/?HX=%2F%2Fproc%2Fself%2Froot%2Fsys%2Fdev%2Fchar%2F247%3A2%2Fdevice%2Fusb1%2F1-1%2F1-1%3A1.0%2F0003%3A0627%3A0001.0001%2Fdriver%2F0003%3A0627%3A0001.0001%2Fhidraw%2Fhidraw0%2Fdevice%2Fdriver%2F0003%3A0627%3A0001.0001%2Fsubsystem%2Fdrivers%2Fhid-generic%2F0003%3A0627%3A0001.0001%2Fsubsystem%2Fdevices%2F0003%3A0627%3A0001.0001%2Fdriver%2F0003%3A0627%3A0001.0001%2Fhidraw%2Fhidraw0%2Fdevice%2Fsubsystem%2Fdevices%2F0003%3A0627%3A0001.0001%2Fhidraw%2Fhidraw0%2Fdevice%2Fdriver%2F0003%3A0627%3A0001.0001%2Fdriver%2F0003%3A0627%3A0001.0001%2Fsubsystem%2Fdrivers%2Fhid-generic%2F0003%3A0627%3A0001.0001%2Fhidraw%2Fhidraw0%2Fdevice%2Fdriver%2F0003%3A0627%3A0001.0001%2Fhidraw%2Fhidraw0%2Fsubsystem%2Fhidraw0%2Fsubsystem%2Fhidraw0%2Fdevice%2Fsubsystem%2Fdrivers%2Fhid-generic HTTP/1.1" 200 42489 "-" "Mozilla/5.0 AppleWebKit/537.36 (KHTML, like Gecko; compatible; GPTBot/1.2; +https://openai.com/gptbot)"
20.171.207.179 - - [22/Jul/2025:18:36:46 +0530] "GET /database/migrations/?HX=%2F%2Fsys%2Fclass%2Fmisc%2Fwatchdog%2Fdevice%2Fsubsystem%2Fdevices%2FQEMU0001%3A00%2Ffirmware_node%2Fdriver%2FQEMU0001%3A00%2Fsubsystem%2Fdevices%2FPNP0A08%3A00%2Fdevice%3A01%2Fsubsystem%2Fdevices%2Fdevice%3A05%2Fphysical_node%2F0000%3A02%3A00.0%2Fvirtio1%2Fhost0%2Ftarget0%3A0%3A0%2F0%3A0%3A0%3A0%2Fscsi_generic%2Fsg0%2Fdevice%2Fblock%2Fsda%2Fsda1%2Fsubsystem%2Floop0%2Fsubsystem%2Fsda%2Fdevice%2Fblock%2Fsda%2Fdevice%2Fsubsystem%2Fdevices%2Fhost4%2Fscsi_host%2Fhost4%2Fdevice%2Fscsi_host%2Fhost4%2Fsubsystem%2Fhost3%2Fsubsystem%2Fhost1%2Fsubsystem%2Fhost3%2Fsubsystem%2Fhost1%2Fsubsystem%2Fhost4%2Fdevice%2Fsubsystem%2Fdevices%2Fhost0%2Fscsi_host%2Fhost0%2Fsubsystem%2Fhost0%2Fdevice%2Ftarget0%3A0%3A0%2Fsubsystem%2Fdevices%2Fhost4 HTTP/1.1" 200 41400 "-" "Mozilla/5.0 AppleWebKit/537.36 (KHTML, like Gecko; compatible; GPTBot/1.2; +https://openai.com/gptbot)"
20.171.207.223 - - [22/Jul/2025:18:37:11 +0530] "GET /database/migrations/?HX=%2F%2Fproc%2Fself%2Froot%2Fsys%2Fdev%2Fchar%2F247%3A2%2Fdevice%2Fusb1%2F1-1%2F1-1%3A1.0%2F0003%3A0627%3A0001.0001%2Fdriver%2F0003%3A0627%3A0001.0001%2Fhidraw%2Fhidraw0%2Fdevice%2Fdriver%2F0003%3A0627%3A0001.0001%2Fsubsystem%2Fdrivers%2Fhid-generic%2F0003%3A0627%3A0001.0001%2Fsubsystem%2Fdevices%2F0003%3A0627%3A0001.0001%2Fdriver%2F0003%3A0627%3A0001.0001%2Fhidraw%2Fhidraw0%2Fdevice%2Fsubsystem%2Fdevices%2F0003%3A0627%3A0001.0001%2Fhidraw%2Fhidraw0%2Fdevice%2Fdriver%2F0003%3A0627%3A0001.0001%2Fdriver%2F0003%3A0627%3A0001.0001%2Fsubsystem%2Fdrivers%2Fhid-generic%2F0003%3A0627%3A0001.0001%2Fhidraw%2Fhidraw0%2Fdevice%2Fdriver%2F0003%3A0627%3A0001.0001%2Fhidraw%2Fhidraw0%2Fsubsystem%2Fhidraw0%2Fdevice%2Fhidraw%2Fhidraw0%2Fdevice%2Fsubsystem%2Fdrivers%2Fntrig%2Fmodule HTTP/1.1" 200 36182 "-" "Mozilla/5.0 AppleWebKit/537.36 (KHTML, like Gecko; compatible; GPTBot/1.2; +https://openai.com/gptbot)"
20.171.207.179 - - [22/Jul/2025:18:37:48 +0530] "GET /database/migrations/?HX=%2F%2Fsys%2Fclass%2Fmisc%2Fwatchdog%2Fdevice%2Fsubsystem%2Fdevices%2FQEMU0001%3A00%2Ffirmware_node%2Fdriver%2FQEMU0001%3A00%2Fsubsystem%2Fdevices%2FPNP0A08%3A00%2Fdevice%3A01%2Fsubsystem%2Fdevices%2Fdevice%3A05%2Fphysical_node%2F0000%3A02%3A00.0%2Fvirtio1%2Fhost0%2Ftarget0%3A0%3A0%2F0%3A0%3A0%3A0%2Fscsi_generic%2Fsg0%2Fdevice%2Fblock%2Fsda%2Fsda1%2Fsubsystem%2Floop0%2Fsubsystem%2Fsda%2Fdevice%2Fblock%2Fsda%2Fdevice%2Fsubsystem%2Fdevices%2Fhost4%2Fscsi_host%2Fhost4%2Fdevice%2Fscsi_host%2Fhost4%2Fsubsystem%2Fhost3%2Fsubsystem%2Fhost1%2Fsubsystem%2Fhost3%2Fsubsystem%2Fhost1%2Fsubsystem%2Fhost6%2Fsubsystem%2Fhost0%2Fdevice%2Ftarget0%3A0%3A0%2Fsubsystem%2Fdevices%2Fhost1%2Fsubsystem%2Fdevices%2Fhost0%2Fscsi_host%2Fhost0%2Fdevice%2Fscsi_host%2Fhost0 HTTP/1.1" 200 101934 "-" "Mozilla/5.0 AppleWebKit/537.36 (KHTML, like Gecko; compatible; GPTBot/1.2; +https://openai.com/gptbot)"
20.171.207.223 - - [22/Jul/2025:18:38:12 +0530] "GET /database/migrations/?HX=%2F%2Fproc%2Fself%2Froot%2Fsys%2Fdev%2Fchar%2F247%3A2%2Fdevice%2Fusb1%2F1-1%2F1-1%3A1.0%2F0003%3A0627%3A0001.0001%2Fdriver%2F0003%3A0627%3A0001.0001%2Fhidraw%2Fhidraw0%2Fdevice%2Fdriver%2F0003%3A0627%3A0001.0001%2Fsubsystem%2Fdrivers%2Fhid-generic%2F0003%3A0627%3A0001.0001%2Fsubsystem%2Fdevices%2F0003%3A0627%3A0001.0001%2Fdriver%2F0003%3A0627%3A0001.0001%2Fhidraw%2Fhidraw0%2Fdevice%2Fsubsystem%2Fdevices%2F0003%3A0627%3A0001.0001%2Fhidraw%2Fhidraw0%2Fdevice%2Fdriver%2F0003%3A0627%3A0001.0001%2Fdriver%2F0003%3A0627%3A0001.0001%2Fsubsystem%2Fdrivers%2Fhid-generic%2F0003%3A0627%3A0001.0001%2Fhidraw%2Fhidraw0%2Fdevice%2Fdriver%2F0003%3A0627%3A0001.0001%2Fhidraw%2Fhidraw0%2Fsubsystem%2Fhidraw0%2Fsubsystem%2Fhidraw0%2Fdevice%2Fsubsystem%2Fdrivers%2Fapple HTTP/1.1" 200 42287 "-" "Mozilla/5.0 AppleWebKit/537.36 (KHTML, like Gecko; compatible; GPTBot/1.2; +https://openai.com/gptbot)"
20.171.207.179 - - [22/Jul/2025:18:38:53 +0530] "GET /database/migrations/?HX=%2F%2Fsys%2Fclass%2Fmisc%2Fwatchdog%2Fdevice%2Fsubsystem%2Fdevices%2FQEMU0001%3A00%2Ffirmware_node%2Fdriver%2FQEMU0001%3A00%2Fsubsystem%2Fdevices%2FPNP0A08%3A00%2Fdevice%3A01%2Fsubsystem%2Fdevices%2Fdevice%3A05%2Fphysical_node%2F0000%3A02%3A00.0%2Fvirtio1%2Fhost0%2Ftarget0%3A0%3A0%2F0%3A0%3A0%3A0%2Fscsi_generic%2Fsg0%2Fdevice%2Fblock%2Fsda%2Fsda1%2Fsubsystem%2Floop0%2Fsubsystem%2Fsda%2Fdevice%2Fblock%2Fsda%2Fdevice%2Fsubsystem%2Fdevices%2Fhost4%2Fscsi_host%2Fhost4%2Fdevice%2Fscsi_host%2Fhost4%2Fsubsystem%2Fhost3%2Fsubsystem%2Fhost1%2Fsubsystem%2Fhost3%2Fsubsystem%2Fhost1%2Fsubsystem%2Fhost0%2Fsubsystem%2Fhost2%2Fsubsystem%2Fhost3%2Fdevice%2Fsubsystem%2Fdevices%2F0%3A0%3A0%3A0%2Fscsi_generic%2Fsg0%2Fdevice%2Fscsi_generic%2Fsg0%2Fpower HTTP/1.1" 200 60900 "-" "Mozilla/5.0 AppleWebKit/537.36 (KHTML, like Gecko; compatible; GPTBot/1.2; +https://openai.com/gptbot)"
20.171.207.223 - - [22/Jul/2025:18:39:16 +0530] "GET /database/migrations/?HX=%2F%2Fproc%2Fself%2Froot%2Fsys%2Fdev%2Fchar%2F247%3A2%2Fdevice%2Fusb1%2F1-1%2F1-1%3A1.0%2F0003%3A0627%3A0001.0001%2Fdriver%2F0003%3A0627%3A0001.0001%2Fhidraw%2Fhidraw0%2Fdevice%2Fdriver%2F0003%3A0627%3A0001.0001%2Fsubsystem%2Fdrivers%2Fhid-generic%2F0003%3A0627%3A0001.0001%2Fsubsystem%2Fdevices%2F0003%3A0627%3A0001.0001%2Fdriver%2F0003%3A0627%3A0001.0001%2Fhidraw%2Fhidraw0%2Fdevice%2Fsubsystem%2Fdevices%2F0003%3A0627%3A0001.0001%2Fhidraw%2Fhidraw0%2Fdevice%2Fdriver%2F0003%3A0627%3A0001.0001%2Fdriver%2F0003%3A0627%3A0001.0001%2Fsubsystem%2Fdrivers%2Fhid-generic%2F0003%3A0627%3A0001.0001%2Fhidraw%2Fhidraw0%2Fdevice%2Fdriver%2F0003%3A0627%3A0001.0001%2Fhidraw%2Fhidraw0%2Fsubsystem%2Fhidraw0%2Fsubsystem%2Fhidraw0%2Fdevice%2Fsubsystem%2Fdrivers%2Fntrig HTTP/1.1" 200 42287 "-" "Mozilla/5.0 AppleWebKit/537.36 (KHTML, like Gecko; compatible; GPTBot/1.2; +https://openai.com/gptbot)"
20.171.207.179 - - [22/Jul/2025:18:39:58 +0530] "GET /database/migrations/?HX=%2F%2Fsys%2Fclass%2Fmisc%2Fwatchdog%2Fdevice%2Fsubsystem%2Fdevices%2FQEMU0001%3A00%2Ffirmware_node%2Fdriver%2FQEMU0001%3A00%2Fsubsystem%2Fdevices%2FPNP0A08%3A00%2Fdevice%3A01%2Fsubsystem%2Fdevices%2Fdevice%3A05%2Fphysical_node%2F0000%3A02%3A00.0%2Fvirtio1%2Fhost0%2Ftarget0%3A0%3A0%2F0%3A0%3A0%3A0%2Fscsi_generic%2Fsg0%2Fdevice%2Fblock%2Fsda%2Fsda1%2Fsubsystem%2Floop0%2Fsubsystem%2Fsda%2Fdevice%2Fblock%2Fsda%2Fdevice%2Fsubsystem%2Fdevices%2Fhost4%2Fscsi_host%2Fhost4%2Fdevice%2Fscsi_host%2Fhost4%2Fsubsystem%2Fhost3%2Fsubsystem%2Fhost1%2Fsubsystem%2Fhost3%2Fsubsystem%2Fhost1%2Fsubsystem%2Fhost6%2Fsubsystem%2Fhost0%2Fdevice%2Ftarget0%3A0%3A0%2Fsubsystem%2Fdevices%2Fhost1%2Fsubsystem%2Fdevices%2Fhost1%2Fscsi_host%2Fhost1%2Fpower HTTP/1.1" 200 59847 "-" "Mozilla/5.0 AppleWebKit/537.36 (KHTML, like Gecko; compatible; GPTBot/1.2; +https://openai.com/gptbot)"
20.171.207.223 - - [22/Jul/2025:18:40:17 +0530] "GET /database/migrations/?HX=%2F%2Fproc%2Fself%2Froot%2Fsys%2Fdev%2Fchar%2F247%3A2%2Fdevice%2Fusb1%2F1-1%2F1-1%3A1.0%2F0003%3A0627%3A0001.0001%2Fdriver%2F0003%3A0627%3A0001.0001%2Fhidraw%2Fhidraw0%2Fdevice%2Fdriver%2F0003%3A0627%3A0001.0001%2Fsubsystem%2Fdrivers%2Fhid-generic%2F0003%3A0627%3A0001.0001%2Fsubsystem%2Fdevices%2F0003%3A0627%3A0001.0001%2Fdriver%2F0003%3A0627%3A0001.0001%2Fhidraw%2Fhidraw0%2Fdevice%2Fsubsystem%2Fdevices%2F0003%3A0627%3A0001.0001%2Fhidraw%2Fhidraw0%2Fdevice%2Fdriver%2F0003%3A0627%3A0001.0001%2Fdriver%2F0003%3A0627%3A0001.0001%2Fsubsystem%2Fdrivers%2Fhid-generic%2F0003%3A0627%3A0001.0001%2Fhidraw%2Fhidraw0%2Fdevice%2Fdriver%2F0003%3A0627%3A0001.0001%2Fhidraw%2Fhidraw0%2Fsubsystem%2Fhidraw0%2Fsubsystem%2Fhidraw0%2Fdevice%2Fsubsystem%2Fdrivers%2Fezkey HTTP/1.1" 200 39691 "-" "Mozilla/5.0 AppleWebKit/537.36 (KHTML, like Gecko; compatible; GPTBot/1.2; +https://openai.com/gptbot)"
20.171.207.179 - - [22/Jul/2025:18:41:01 +0530] "GET /database/migrations/?HX=%2F%2Fsys%2Fclass%2Fmisc%2Fwatchdog%2Fdevice%2Fsubsystem%2Fdevices%2FQEMU0001%3A00%2Ffirmware_node%2Fdriver%2FQEMU0001%3A00%2Fsubsystem%2Fdevices%2FPNP0A08%3A00%2Fdevice%3A01%2Fsubsystem%2Fdevices%2Fdevice%3A05%2Fphysical_node%2F0000%3A02%3A00.0%2Fvirtio1%2Fhost0%2Ftarget0%3A0%3A0%2F0%3A0%3A0%3A0%2Fscsi_generic%2Fsg0%2Fdevice%2Fblock%2Fsda%2Fsda1%2Fsubsystem%2Floop0%2Fsubsystem%2Fsda%2Fdevice%2Fblock%2Fsda%2Fdevice%2Fsubsystem%2Fdevices%2Fhost4%2Fscsi_host%2Fhost4%2Fdevice%2Fscsi_host%2Fhost4%2Fsubsystem%2Fhost3%2Fsubsystem%2Fhost1%2Fsubsystem%2Fhost3%2Fsubsystem%2Fhost1%2Fsubsystem%2Fhost5%2Fsubsystem%2Fhost1%2Fdevice%2Fsubsystem%2Fdrivers%2Fsd%2F0%3A0%3A0%3A0%2Fsubsystem%2Fdevices%2Fhost0%2Fscsi_host%2Fhost0%2Fdevice%2Fscsi_host HTTP/1.1" 200 32867 "-" "Mozilla/5.0 AppleWebKit/537.36 (KHTML, like Gecko; compatible; GPTBot/1.2; +https://openai.com/gptbot)"
20.171.207.223 - - [22/Jul/2025:18:41:21 +0530] "GET /database/migrations/?HX=%2F%2Fsys%2Fmodule%2Fusbcore%2Fdrivers%2Fusb%3Ahub%2F1-0%3A1.0%2Fsubsystem%2Fdevices%2Fusb1%2F1-1%2F1-1%3A1.0%2F0003%3A0627%3A0001.0001%2Fdriver%2F0003%3A0627%3A0001.0001%2Fhidraw%2Fhidraw0%2Fdevice%2Fdriver%2F0003%3A0627%3A0001.0001%2Fsubsystem%2Fdrivers%2Fhid-generic%2F0003%3A0627%3A0001.0001%2Fsubsystem%2Fdevices%2F0003%3A0627%3A0001.0001%2Fdriver%2F0003%3A0627%3A0001.0001%2Fhidraw%2Fhidraw0%2Fdevice%2Fhidraw%2Fhidraw0%2Fdevice%2Fdriver%2F0003%3A0627%3A0001.0001%2Fdriver%2F0003%3A0627%3A0001.0001%2Fdriver%2F0003%3A0627%3A0001.0001%2Fhidraw%2Fhidraw0%2Fsubsystem%2Fhidraw0%2Fdevice%2Fhidraw%2Fhidraw0%2Fdevice%2Fhidraw%2Fhidraw0%2Fdevice%2Fdriver%2F0003%3A0627%3A0001.0001%2Fsubsystem%2Fdevices%2F0003%3A0627%3A0001.0001%2Fsubsystem%2Fdrivers%2Fntrig%2Fmodule HTTP/1.1" 200 35538 "-" "Mozilla/5.0 AppleWebKit/537.36 (KHTML, like Gecko; compatible; GPTBot/1.2; +https://openai.com/gptbot)"
20.171.207.179 - - [22/Jul/2025:18:42:07 +0530] "GET /database/migrations/?HX=%2F%2Fsys%2Fclass%2Fmisc%2Fwatchdog%2Fdevice%2Fsubsystem%2Fdevices%2FQEMU0001%3A00%2Ffirmware_node%2Fdriver%2FQEMU0001%3A00%2Fsubsystem%2Fdevices%2FPNP0A08%3A00%2Fdevice%3A01%2Fsubsystem%2Fdevices%2Fdevice%3A05%2Fphysical_node%2F0000%3A02%3A00.0%2Fvirtio1%2Fhost0%2Ftarget0%3A0%3A0%2F0%3A0%3A0%3A0%2Fscsi_generic%2Fsg0%2Fdevice%2Fblock%2Fsda%2Fsda1%2Fsubsystem%2Floop0%2Fsubsystem%2Fsda%2Fdevice%2Fblock%2Fsda%2Fdevice%2Fsubsystem%2Fdevices%2Fhost4%2Fscsi_host%2Fhost4%2Fdevice%2Fscsi_host%2Fhost4%2Fsubsystem%2Fhost3%2Fsubsystem%2Fhost1%2Fsubsystem%2Fhost3%2Fsubsystem%2Fhost1%2Fsubsystem%2Fhost0%2Fsubsystem%2Fhost2%2Fsubsystem%2Fhost3%2Fdevice%2Fsubsystem%2Fdrivers%2Fsd%2F0%3A0%3A0%3A0%2Fscsi_generic%2Fsg0%2Fdevice%2Fscsi_generic HTTP/1.1" 200 32200 "-" "Mozilla/5.0 AppleWebKit/537.36 (KHTML, like Gecko; compatible; GPTBot/1.2; +https://openai.com/gptbot)"
20.171.207.223 - - [22/Jul/2025:18:42:24 +0530] "GET /database/migrations/?HX=%2F%2Fsys%2Fmodule%2Fusbcore%2Fdrivers%2Fusb%3Ahub%2F1-0%3A1.0%2Fsubsystem%2Fdevices%2Fusb1%2F1-1%2F1-1%3A1.0%2F0003%3A0627%3A0001.0001%2Fdriver%2F0003%3A0627%3A0001.0001%2Fhidraw%2Fhidraw0%2Fdevice%2Fdriver%2F0003%3A0627%3A0001.0001%2Fsubsystem%2Fdrivers%2Fhid-generic%2F0003%3A0627%3A0001.0001%2Fsubsystem%2Fdevices%2F0003%3A0627%3A0001.0001%2Fdriver%2F0003%3A0627%3A0001.0001%2Fhidraw%2Fhidraw0%2Fdevice%2Fhidraw%2Fhidraw0%2Fdevice%2Fdriver%2F0003%3A0627%3A0001.0001%2Fdriver%2F0003%3A0627%3A0001.0001%2Fdriver%2F0003%3A0627%3A0001.0001%2Fhidraw%2Fhidraw0%2Fsubsystem%2Fhidraw0%2Fdevice%2Fhidraw%2Fhidraw0%2Fdevice%2Fhidraw%2Fhidraw0%2Fdevice%2Fdriver%2F0003%3A0627%3A0001.0001%2Fsubsystem%2Fdevices%2F0003%3A0627%3A0001.0001%2Fsubsystem%2Fdrivers%2Fmagicmouse HTTP/1.1" 200 42488 "-" "Mozilla/5.0 AppleWebKit/537.36 (KHTML, like Gecko; compatible; GPTBot/1.2; +https://openai.com/gptbot)"
20.171.207.179 - - [22/Jul/2025:18:43:09 +0530] "GET /database/migrations/?HX=%2F%2Fsys%2Fclass%2Fmisc%2Fwatchdog%2Fdevice%2Fsubsystem%2Fdevices%2FQEMU0001%3A00%2Ffirmware_node%2Fdriver%2FQEMU0001%3A00%2Fsubsystem%2Fdevices%2FPNP0A08%3A00%2Fdevice%3A01%2Fsubsystem%2Fdevices%2Fdevice%3A05%2Fphysical_node%2F0000%3A02%3A00.0%2Fvirtio1%2Fhost0%2Ftarget0%3A0%3A0%2F0%3A0%3A0%3A0%2Fscsi_generic%2Fsg0%2Fdevice%2Fblock%2Fsda%2Fsda1%2Fsubsystem%2Floop0%2Fsubsystem%2Fsda%2Fdevice%2Fblock%2Fsda%2Fdevice%2Fsubsystem%2Fdevices%2Fhost4%2Fscsi_host%2Fhost4%2Fdevice%2Fscsi_host%2Fhost4%2Fsubsystem%2Fhost3%2Fsubsystem%2Fhost1%2Fsubsystem%2Fhost3%2Fsubsystem%2Fhost1%2Fsubsystem%2Fhost6%2Fsubsystem%2Fhost0%2Fdevice%2Ftarget0%3A0%3A0%2Fsubsystem%2Fdevices%2Fhost1%2Fsubsystem%2Fdevices%2Fhost2%2Fscsi_host%2Fhost2%2Fsubsystem HTTP/1.1" 200 53005 "-" "Mozilla/5.0 AppleWebKit/537.36 (KHTML, like Gecko; compatible; GPTBot/1.2; +https://openai.com/gptbot)"
20.171.207.223 - - [22/Jul/2025:18:43:28 +0530] "GET /database/migrations/?HX=%2F%2Fproc%2Fself%2Froot%2Fsys%2Fdev%2Fchar%2F247%3A2%2Fdevice%2Fusb1%2F1-1%2F1-1%3A1.0%2F0003%3A0627%3A0001.0001%2Fdriver%2F0003%3A0627%3A0001.0001%2Fhidraw%2Fhidraw0%2Fdevice%2Fdriver%2F0003%3A0627%3A0001.0001%2Fsubsystem%2Fdrivers%2Fhid-generic%2F0003%3A0627%3A0001.0001%2Fsubsystem%2Fdevices%2F0003%3A0627%3A0001.0001%2Fdriver%2F0003%3A0627%3A0001.0001%2Fhidraw%2Fhidraw0%2Fdevice%2Fsubsystem%2Fdevices%2F0003%3A0627%3A0001.0001%2Fhidraw%2Fhidraw0%2Fdevice%2Fdriver%2F0003%3A0627%3A0001.0001%2Fdriver%2F0003%3A0627%3A0001.0001%2Fsubsystem%2Fdrivers%2Fhid-generic%2F0003%3A0627%3A0001.0001%2Fhidraw%2Fhidraw0%2Fdevice%2Fdriver%2F0003%3A0627%3A0001.0001%2Fhidraw%2Fhidraw0%2Fsubsystem%2Fhidraw0%2Fdevice%2Fhidraw%2Fhidraw0%2Fdevice%2Fsubsystem%2Fdevices%2F0003%3A0627%3A0001.0001 HTTP/1.1" 200 51541 "-" "Mozilla/5.0 AppleWebKit/537.36 (KHTML, like Gecko; compatible; GPTBot/1.2; +https://openai.com/gptbot)"
20.171.207.179 - - [22/Jul/2025:18:44:13 +0530] "GET /database/migrations/?HX=%2F%2Fsys%2Fclass%2Fmisc%2Fwatchdog%2Fdevice%2Fsubsystem%2Fdevices%2FQEMU0001%3A00%2Ffirmware_node%2Fdriver%2FQEMU0001%3A00%2Fsubsystem%2Fdevices%2FPNP0A08%3A00%2Fdevice%3A01%2Fsubsystem%2Fdevices%2Fdevice%3A05%2Fphysical_node%2F0000%3A02%3A00.0%2Fvirtio1%2Fhost0%2Ftarget0%3A0%3A0%2F0%3A0%3A0%3A0%2Fscsi_generic%2Fsg0%2Fdevice%2Fblock%2Fsda%2Fsda1%2Fsubsystem%2Floop0%2Fsubsystem%2Fsda%2Fdevice%2Fblock%2Fsda%2Fdevice%2Fsubsystem%2Fdevices%2Fhost4%2Fscsi_host%2Fhost4%2Fdevice%2Fscsi_host%2Fhost4%2Fsubsystem%2Fhost3%2Fsubsystem%2Fhost1%2Fsubsystem%2Fhost3%2Fsubsystem%2Fhost1%2Fsubsystem%2Fhost5%2Fsubsystem%2Fhost1%2Fdevice%2Fsubsystem%2Fdevices%2Fhost5%2Fsubsystem%2Fdevices%2Fhost0%2Ftarget0%3A0%3A0%2Fsubsystem%2Fdevices HTTP/1.1" 200 58662 "-" "Mozilla/5.0 AppleWebKit/537.36 (KHTML, like Gecko; compatible; GPTBot/1.2; +https://openai.com/gptbot)"
20.171.207.223 - - [22/Jul/2025:18:44:33 +0530] "GET /database/migrations/?HX=%2F%2Fproc%2Fself%2Froot%2Fsys%2Fdev%2Fchar%2F247%3A2%2Fdevice%2Fusb1%2F1-1%2F1-1%3A1.0%2F0003%3A0627%3A0001.0001%2Fdriver%2F0003%3A0627%3A0001.0001%2Fhidraw%2Fhidraw0%2Fdevice%2Fdriver%2F0003%3A0627%3A0001.0001%2Fsubsystem%2Fdrivers%2Fhid-generic%2F0003%3A0627%3A0001.0001%2Fsubsystem%2Fdevices%2F0003%3A0627%3A0001.0001%2Fdriver%2F0003%3A0627%3A0001.0001%2Fhidraw%2Fhidraw0%2Fdevice%2Fsubsystem%2Fdevices%2F0003%3A0627%3A0001.0001%2Fhidraw%2Fhidraw0%2Fdevice%2Fdriver%2F0003%3A0627%3A0001.0001%2Fdriver%2F0003%3A0627%3A0001.0001%2Fsubsystem%2Fdrivers%2Fhid-generic%2F0003%3A0627%3A0001.0001%2Fhidraw%2Fhidraw0%2Fdevice%2Fdriver%2F0003%3A0627%3A0001.0001%2Fhidraw%2Fhidraw0%2Fsubsystem%2Fhidraw0%2Fsubsystem%2Fhidraw0%2Fdevice%2Fsubsystem%2Fdevices%2F0003%3A0627%3A0001.0001 HTTP/1.1" 200 50715 "-" "Mozilla/5.0 AppleWebKit/537.36 (KHTML, like Gecko; compatible; GPTBot/1.2; +https://openai.com/gptbot)"
20.171.207.179 - - [22/Jul/2025:18:45:14 +0530] "GET /database/migrations/?HX=%2F%2Fsys%2Fclass%2Fmisc%2Fwatchdog%2Fdevice%2Fsubsystem%2Fdevices%2FQEMU0001%3A00%2Ffirmware_node%2Fdriver%2FQEMU0001%3A00%2Fsubsystem%2Fdevices%2FPNP0A08%3A00%2Fdevice%3A01%2Fsubsystem%2Fdevices%2Fdevice%3A05%2Fphysical_node%2F0000%3A02%3A00.0%2Fvirtio1%2Fhost0%2Ftarget0%3A0%3A0%2F0%3A0%3A0%3A0%2Fscsi_generic%2Fsg0%2Fdevice%2Fblock%2Fsda%2Fsda1%2Fsubsystem%2Floop0%2Fsubsystem%2Fsda%2Fdevice%2Fblock%2Fsda%2Fdevice%2Fsubsystem%2Fdevices%2Fhost4%2Fscsi_host%2Fhost4%2Fdevice%2Fscsi_host%2Fhost4%2Fsubsystem%2Fhost3%2Fsubsystem%2Fhost1%2Fsubsystem%2Fhost3%2Fsubsystem%2Fhost1%2Fsubsystem%2Fhost6%2Fsubsystem%2Fhost0%2Fdevice%2Ftarget0%3A0%3A0%2Fsubsystem%2Fdevices%2Fhost1%2Fsubsystem%2Fdevices%2Fhost3%2Fscsi_host%2Fhost3%2Fdevice HTTP/1.1" 200 41430 "-" "Mozilla/5.0 AppleWebKit/537.36 (KHTML, like Gecko; compatible; GPTBot/1.2; +https://openai.com/gptbot)"
20.171.207.223 - - [22/Jul/2025:18:45:34 +0530] "GET /database/migrations/?HX=%2F%2Fsys%2Fmodule%2Fusbcore%2Fdrivers%2Fusb%3Ahub%2F1-0%3A1.0%2Fsubsystem%2Fdevices%2Fusb1%2F1-1%2F1-1%3A1.0%2F0003%3A0627%3A0001.0001%2Fdriver%2F0003%3A0627%3A0001.0001%2Fhidraw%2Fhidraw0%2Fdevice%2Fdriver%2F0003%3A0627%3A0001.0001%2Fsubsystem%2Fdrivers%2Fhid-generic%2F0003%3A0627%3A0001.0001%2Fsubsystem%2Fdevices%2F0003%3A0627%3A0001.0001%2Fdriver%2F0003%3A0627%3A0001.0001%2Fhidraw%2Fhidraw0%2Fdevice%2Fhidraw%2Fhidraw0%2Fdevice%2Fdriver%2F0003%3A0627%3A0001.0001%2Fdriver%2F0003%3A0627%3A0001.0001%2Fdriver%2F0003%3A0627%3A0001.0001%2Fhidraw%2Fhidraw0%2Fsubsystem%2Fhidraw0%2Fdevice%2Fhidraw%2Fhidraw0%2Fdevice%2Fhidraw%2Fhidraw0%2Fdevice%2Fdriver%2F0003%3A0627%3A0001.0001%2Fsubsystem%2Fdevices%2F0003%3A0627%3A0001.0001%2Fsubsystem%2Fdrivers%2Fmicrosoft HTTP/1.1" 200 39854 "-" "Mozilla/5.0 AppleWebKit/537.36 (KHTML, like Gecko; compatible; GPTBot/1.2; +https://openai.com/gptbot)"
20.171.207.179 - - [22/Jul/2025:18:46:19 +0530] "GET /database/migrations/?HX=%2F%2Fsys%2Fclass%2Fmisc%2Fwatchdog%2Fdevice%2Fsubsystem%2Fdevices%2FQEMU0001%3A00%2Ffirmware_node%2Fdriver%2FQEMU0001%3A00%2Fsubsystem%2Fdevices%2FPNP0A08%3A00%2Fdevice%3A01%2Fsubsystem%2Fdevices%2Fdevice%3A05%2Fphysical_node%2F0000%3A02%3A00.0%2Fvirtio1%2Fhost0%2Ftarget0%3A0%3A0%2F0%3A0%3A0%3A0%2Fscsi_generic%2Fsg0%2Fdevice%2Fblock%2Fsda%2Fsda1%2Fsubsystem%2Floop0%2Fsubsystem%2Fsda%2Fdevice%2Fblock%2Fsda%2Fdevice%2Fsubsystem%2Fdevices%2Fhost4%2Fscsi_host%2Fhost4%2Fdevice%2Fscsi_host%2Fhost4%2Fsubsystem%2Fhost3%2Fsubsystem%2Fhost1%2Fsubsystem%2Fhost3%2Fsubsystem%2Fhost1%2Fsubsystem%2Fhost6%2Fsubsystem%2Fhost0%2Fdevice%2Ftarget0%3A0%3A0%2Fsubsystem%2Fdevices%2Fhost4%2Fscsi_host%2Fhost4%2Fsubsystem%2Fhost4%2Fdevice%2Fscsi_host%2Fhost4 HTTP/1.1" 200 130958 "-" "Mozilla/5.0 AppleWebKit/537.36 (KHTML, like Gecko; compatible; GPTBot/1.2; +https://openai.com/gptbot)"
20.171.207.223 - - [22/Jul/2025:18:46:38 +0530] "GET /database/migrations/?HX=%2F%2Fproc%2Fself%2Froot%2Fsys%2Fdev%2Fchar%2F247%3A2%2Fdevice%2Fusb1%2F1-1%2F1-1%3A1.0%2F0003%3A0627%3A0001.0001%2Fdriver%2F0003%3A0627%3A0001.0001%2Fhidraw%2Fhidraw0%2Fdevice%2Fdriver%2F0003%3A0627%3A0001.0001%2Fsubsystem%2Fdrivers%2Fhid-generic%2F0003%3A0627%3A0001.0001%2Fsubsystem%2Fdevices%2F0003%3A0627%3A0001.0001%2Fdriver%2F0003%3A0627%3A0001.0001%2Fhidraw%2Fhidraw0%2Fdevice%2Fsubsystem%2Fdevices%2F0003%3A0627%3A0001.0001%2Fhidraw%2Fhidraw0%2Fdevice%2Fdriver%2F0003%3A0627%3A0001.0001%2Fdriver%2F0003%3A0627%3A0001.0001%2Fsubsystem%2Fdrivers%2Fhid-generic%2F0003%3A0627%3A0001.0001%2Fhidraw%2Fhidraw0%2Fdevice%2Fdriver%2F0003%3A0627%3A0001.0001%2Fhidraw%2Fhidraw0%2Fsubsystem%2Fhidraw0%2Fdevice%2Fhidraw%2Fhidraw0%2Fdevice%2Fhidraw%2Fhidraw0 HTTP/1.1" 200 40533 "-" "Mozilla/5.0 AppleWebKit/537.36 (KHTML, like Gecko; compatible; GPTBot/1.2; +https://openai.com/gptbot)"
20.171.207.179 - - [22/Jul/2025:18:47:24 +0530] "GET /database/migrations/?HX=%2F%2Fsys%2Fclass%2Fmisc%2Fwatchdog%2Fdevice%2Fsubsystem%2Fdevices%2FQEMU0001%3A00%2Ffirmware_node%2Fdriver%2FQEMU0001%3A00%2Fsubsystem%2Fdevices%2FPNP0A08%3A00%2Fdevice%3A01%2Fsubsystem%2Fdevices%2Fdevice%3A05%2Fphysical_node%2F0000%3A02%3A00.0%2Fvirtio1%2Fhost0%2Ftarget0%3A0%3A0%2F0%3A0%3A0%3A0%2Fscsi_generic%2Fsg0%2Fdevice%2Fblock%2Fsda%2Fsda1%2Fsubsystem%2Floop0%2Fsubsystem%2Fsda%2Fdevice%2Fblock%2Fsda%2Fdevice%2Fsubsystem%2Fdevices%2Fhost4%2Fscsi_host%2Fhost4%2Fdevice%2Fscsi_host%2Fhost4%2Fsubsystem%2Fhost3%2Fsubsystem%2Fhost1%2Fsubsystem%2Fhost3%2Fsubsystem%2Fhost1%2Fsubsystem%2Fhost4%2Fdevice%2Fsubsystem%2Fdevices%2Fhost0%2Fscsi_host%2Fhost0%2Fsubsystem%2Fhost0%2Fdevice%2Ftarget0%3A0%3A0%2Fsubsystem%2Fdevices%2Fhost4%2Fscsi_host HTTP/1.1" 200 32940 "-" "Mozilla/5.0 AppleWebKit/537.36 (KHTML, like Gecko; compatible; GPTBot/1.2; +https://openai.com/gptbot)"
20.171.207.223 - - [22/Jul/2025:18:47:40 +0530] "GET /database/migrations/?HX=%2F%2Fsys%2Fmodule%2Fusbcore%2Fdrivers%2Fusb%3Ahub%2F1-0%3A1.0%2Fsubsystem%2Fdevices%2Fusb1%2F1-1%2F1-1%3A1.0%2F0003%3A0627%3A0001.0001%2Fdriver%2F0003%3A0627%3A0001.0001%2Fhidraw%2Fhidraw0%2Fdevice%2Fdriver%2F0003%3A0627%3A0001.0001%2Fsubsystem%2Fdrivers%2Fhid-generic%2F0003%3A0627%3A0001.0001%2Fsubsystem%2Fdevices%2F0003%3A0627%3A0001.0001%2Fdriver%2F0003%3A0627%3A0001.0001%2Fhidraw%2Fhidraw0%2Fdevice%2Fhidraw%2Fhidraw0%2Fdevice%2Fdriver%2F0003%3A0627%3A0001.0001%2Fdriver%2F0003%3A0627%3A0001.0001%2Fdriver%2F0003%3A0627%3A0001.0001%2Fhidraw%2Fhidraw0%2Fsubsystem%2Fhidraw0%2Fdevice%2Fhidraw%2Fhidraw0%2Fdevice%2Fhidraw%2Fhidraw0%2Fdevice%2Fdriver%2F0003%3A0627%3A0001.0001%2Fsubsystem%2Fdevices%2F0003%3A0627%3A0001.0001%2Fsubsystem%2Fdrivers%2Fcypress HTTP/1.1" 200 39814 "-" "Mozilla/5.0 AppleWebKit/537.36 (KHTML, like Gecko; compatible; GPTBot/1.2; +https://openai.com/gptbot)"
20.171.207.179 - - [22/Jul/2025:18:48:27 +0530] "GET /database/migrations/?HX=%2F%2Fsys%2Fclass%2Fmisc%2Fwatchdog%2Fdevice%2Fsubsystem%2Fdevices%2FQEMU0001%3A00%2Ffirmware_node%2Fdriver%2FQEMU0001%3A00%2Fsubsystem%2Fdevices%2FPNP0A08%3A00%2Fdevice%3A01%2Fsubsystem%2Fdevices%2Fdevice%3A05%2Fphysical_node%2F0000%3A02%3A00.0%2Fvirtio1%2Fhost0%2Ftarget0%3A0%3A0%2F0%3A0%3A0%3A0%2Fscsi_generic%2Fsg0%2Fdevice%2Fblock%2Fsda%2Fsda1%2Fsubsystem%2Floop0%2Fsubsystem%2Fsda%2Fdevice%2Fblock%2Fsda%2Fdevice%2Fsubsystem%2Fdevices%2Fhost4%2Fscsi_host%2Fhost4%2Fdevice%2Fscsi_host%2Fhost4%2Fsubsystem%2Fhost3%2Fsubsystem%2Fhost1%2Fsubsystem%2Fhost3%2Fsubsystem%2Fhost1%2Fsubsystem%2Fhost4%2Fdevice%2Fsubsystem%2Fdevices%2Fhost0%2Fscsi_host%2Fhost0%2Fsubsystem%2Fhost0%2Fdevice%2Ftarget0%3A0%3A0%2Fsubsystem%2Fdevices%2Fhost4%2Fpower HTTP/1.1" 200 60811 "-" "Mozilla/5.0 AppleWebKit/537.36 (KHTML, like Gecko; compatible; GPTBot/1.2; +https://openai.com/gptbot)"
20.171.207.223 - - [22/Jul/2025:18:48:44 +0530] "GET /database/migrations/?HX=%2F%2Fproc%2Fself%2Froot%2Fsys%2Fdev%2Fchar%2F247%3A2%2Fdevice%2Fusb1%2F1-1%2F1-1%3A1.0%2F0003%3A0627%3A0001.0001%2Fdriver%2F0003%3A0627%3A0001.0001%2Fhidraw%2Fhidraw0%2Fdevice%2Fdriver%2F0003%3A0627%3A0001.0001%2Fsubsystem%2Fdrivers%2Fhid-generic%2F0003%3A0627%3A0001.0001%2Fsubsystem%2Fdevices%2F0003%3A0627%3A0001.0001%2Fdriver%2F0003%3A0627%3A0001.0001%2Fhidraw%2Fhidraw0%2Fdevice%2Fsubsystem%2Fdevices%2F0003%3A0627%3A0001.0001%2Fhidraw%2Fhidraw0%2Fdevice%2Fdriver%2F0003%3A0627%3A0001.0001%2Fdriver%2F0003%3A0627%3A0001.0001%2Fsubsystem%2Fdrivers%2Fhid-generic%2F0003%3A0627%3A0001.0001%2Fhidraw%2Fhidraw0%2Fdevice%2Fdriver%2F0003%3A0627%3A0001.0001%2Fhidraw%2Fhidraw0%2Fsubsystem%2Fhidraw0%2Fsubsystem%2Fhidraw0%2Fdevice%2Fdriver HTTP/1.1" 200 40576 "-" "Mozilla/5.0 AppleWebKit/537.36 (KHTML, like Gecko; compatible; GPTBot/1.2; +https://openai.com/gptbot)"
20.171.207.179 - - [22/Jul/2025:18:49:33 +0530] "GET /database/migrations/?HX=%2F%2Fsys%2Fclass%2Fmisc%2Fwatchdog%2Fdevice%2Fsubsystem%2Fdevices%2FQEMU0001%3A00%2Ffirmware_node%2Fdriver%2FQEMU0001%3A00%2Fsubsystem%2Fdevices%2FPNP0A08%3A00%2Fdevice%3A01%2Fsubsystem%2Fdevices%2Fdevice%3A05%2Fphysical_node%2F0000%3A02%3A00.0%2Fvirtio1%2Fhost0%2Ftarget0%3A0%3A0%2F0%3A0%3A0%3A0%2Fscsi_generic%2Fsg0%2Fdevice%2Fblock%2Fsda%2Fsda1%2Fsubsystem%2Floop0%2Fsubsystem%2Fsda%2Fdevice%2Fblock%2Fsda%2Fdevice%2Fsubsystem%2Fdevices%2Fhost4%2Fscsi_host%2Fhost4%2Fdevice%2Fscsi_host%2Fhost4%2Fsubsystem%2Fhost3%2Fsubsystem%2Fhost1%2Fsubsystem%2Fhost3%2Fsubsystem%2Fhost1%2Fsubsystem%2Fhost6%2Fsubsystem%2Fhost0%2Fdevice%2Ftarget0%3A0%3A0%2Fsubsystem%2Fdevices%2Fhost1%2Fsubsystem%2Fdevices%2Fhost0%2Ftarget0%3A0%3A0 HTTP/1.1" 200 39206 "-" "Mozilla/5.0 AppleWebKit/537.36 (KHTML, like Gecko; compatible; GPTBot/1.2; +https://openai.com/gptbot)"
20.171.207.223 - - [22/Jul/2025:18:49:49 +0530] "GET /database/migrations/?HX=%2F%2Fsys%2Fmodule%2Fusbcore%2Fdrivers%2Fusb%3Ahub%2F1-0%3A1.0%2Fsubsystem%2Fdevices%2Fusb1%2F1-1%2F1-1%3A1.0%2F0003%3A0627%3A0001.0001%2Fdriver%2F0003%3A0627%3A0001.0001%2Fhidraw%2Fhidraw0%2Fdevice%2Fdriver%2F0003%3A0627%3A0001.0001%2Fsubsystem%2Fdrivers%2Fhid-generic%2F0003%3A0627%3A0001.0001%2Fsubsystem%2Fdevices%2F0003%3A0627%3A0001.0001%2Fdriver%2F0003%3A0627%3A0001.0001%2Fhidraw%2Fhidraw0%2Fdevice%2Fhidraw%2Fhidraw0%2Fdevice%2Fdriver%2F0003%3A0627%3A0001.0001%2Fdriver%2F0003%3A0627%3A0001.0001%2Fdriver%2F0003%3A0627%3A0001.0001%2Fhidraw%2Fhidraw0%2Fsubsystem%2Fhidraw0%2Fdevice%2Fhidraw%2Fhidraw0%2Fdevice%2Fhidraw%2Fhidraw0%2Fdevice%2Fdriver%2F0003%3A0627%3A0001.0001%2Fsubsystem%2Fdevices%2F0003%3A0627%3A0001.0001%2Fsubsystem%2Fdrivers%2Fchicony HTTP/1.1" 200 39814 "-" "Mozilla/5.0 AppleWebKit/537.36 (KHTML, like Gecko; compatible; GPTBot/1.2; +https://openai.com/gptbot)"
220.158.156.238 - - [22/Jul/2025:18:50:02 +0530] "GET /public/products/list?price_group=0&location_id=5&term=SR¬_for_selling=0 HTTP/1.1" 200 2238 "https://santhosh-gst.firstmatrix.co.in/public/pos/create" "Mozilla/5.0 (Windows NT 10.0; Win64; x64) AppleWebKit/537.36 (KHTML, like Gecko) Chrome/138.0.0.0 Safari/537.36"
220.158.156.238 - - [22/Jul/2025:18:50:03 +0530] "GET /public/products/list?price_group=0&location_id=5&term=SRT¬_for_selling=0 HTTP/1.1" 200 2 "https://santhosh-gst.firstmatrix.co.in/public/pos/create" "Mozilla/5.0 (Windows NT 10.0; Win64; x64) AppleWebKit/537.36 (KHTML, like Gecko) Chrome/138.0.0.0 Safari/537.36"
220.158.156.238 - - [22/Jul/2025:18:50:09 +0530] "GET /public/products/list?price_group=0&location_id=5&term=SR¬_for_selling=0 HTTP/1.1" 200 2238 "https://santhosh-gst.firstmatrix.co.in/public/pos/create" "Mozilla/5.0 (Windows NT 10.0; Win64; x64) AppleWebKit/537.36 (KHTML, like Gecko) Chrome/138.0.0.0 Safari/537.36"
220.158.156.238 - - [22/Jul/2025:18:50:09 +0530] "GET /public/products/list?price_group=0&location_id=5&term=SRD¬_for_selling=0 HTTP/1.1" 200 2 "https://santhosh-gst.firstmatrix.co.in/public/pos/create" "Mozilla/5.0 (Windows NT 10.0; Win64; x64) AppleWebKit/537.36 (KHTML, like Gecko) Chrome/138.0.0.0 Safari/537.36"
20.171.207.179 - - [22/Jul/2025:18:50:36 +0530] "GET /database/migrations/?HX=%2F%2Fsys%2Fclass%2Fmisc%2Fwatchdog%2Fdevice%2Fsubsystem%2Fdevices%2FQEMU0001%3A00%2Ffirmware_node%2Fdriver%2FQEMU0001%3A00%2Fsubsystem%2Fdevices%2FPNP0A08%3A00%2Fdevice%3A01%2Fsubsystem%2Fdevices%2Fdevice%3A05%2Fphysical_node%2F0000%3A02%3A00.0%2Fvirtio1%2Fhost0%2Ftarget0%3A0%3A0%2F0%3A0%3A0%3A0%2Fscsi_generic%2Fsg0%2Fdevice%2Fblock%2Fsda%2Fsda1%2Fsubsystem%2Floop0%2Fsubsystem%2Fsda%2Fdevice%2Fblock%2Fsda%2Fdevice%2Fsubsystem%2Fdevices%2Fhost4%2Fscsi_host%2Fhost4%2Fdevice%2Fscsi_host%2Fhost4%2Fsubsystem%2Fhost3%2Fsubsystem%2Fhost1%2Fsubsystem%2Fhost3%2Fsubsystem%2Fhost1%2Fsubsystem%2Fhost5%2Fsubsystem%2Fhost1%2Fdevice%2Fsubsystem%2Fdrivers%2Fsd%2F0%3A0%3A0%3A0%2Fsubsystem%2Fdevices%2Fhost6%2Fscsi_host%2Fhost6%2Fdevice%2Fscsi_host HTTP/1.1" 200 32867 "-" "Mozilla/5.0 AppleWebKit/537.36 (KHTML, like Gecko; compatible; GPTBot/1.2; +https://openai.com/gptbot)"
220.158.156.238 - - [22/Jul/2025:18:50:53 +0530] "GET /public/products/list?price_group=0&location_id=5&term=SU¬_for_selling=0 HTTP/1.1" 200 19026 "https://santhosh-gst.firstmatrix.co.in/public/pos/create" "Mozilla/5.0 (Windows NT 10.0; Win64; x64) AppleWebKit/537.36 (KHTML, like Gecko) Chrome/138.0.0.0 Safari/537.36"
220.158.156.238 - - [22/Jul/2025:18:50:53 +0530] "GET /public/products/list?price_group=0&location_id=5&term=SUT¬_for_selling=0 HTTP/1.1" 200 2 "https://santhosh-gst.firstmatrix.co.in/public/pos/create" "Mozilla/5.0 (Windows NT 10.0; Win64; x64) AppleWebKit/537.36 (KHTML, like Gecko) Chrome/138.0.0.0 Safari/537.36"
20.171.207.223 - - [22/Jul/2025:18:50:54 +0530] "GET /database/migrations/?HX=%2F%2Fproc%2Fself%2Froot%2Fsys%2Fdev%2Fchar%2F247%3A2%2Fdevice%2Fusb1%2F1-1%2F1-1%3A1.0%2F0003%3A0627%3A0001.0001%2Fdriver%2F0003%3A0627%3A0001.0001%2Fhidraw%2Fhidraw0%2Fdevice%2Fdriver%2F0003%3A0627%3A0001.0001%2Fsubsystem%2Fdrivers%2Fhid-generic%2F0003%3A0627%3A0001.0001%2Fsubsystem%2Fdevices%2F0003%3A0627%3A0001.0001%2Fdriver%2F0003%3A0627%3A0001.0001%2Fhidraw%2Fhidraw0%2Fdevice%2Fsubsystem%2Fdevices%2F0003%3A0627%3A0001.0001%2Fhidraw%2Fhidraw0%2Fdevice%2Fdriver%2F0003%3A0627%3A0001.0001%2Fdriver%2F0003%3A0627%3A0001.0001%2Fsubsystem%2Fdrivers%2Fhid-generic%2F0003%3A0627%3A0001.0001%2Fhidraw%2Fhidraw0%2Fdevice%2Fdriver%2F0003%3A0627%3A0001.0001%2Fhidraw%2Fhidraw0%2Fsubsystem%2Fhidraw0%2Fdevice%2Fhidraw%2Fhidraw0%2Fdevice%2Fsubsystem%2Fdrivers%2Fcherry HTTP/1.1" 200 40465 "-" "Mozilla/5.0 AppleWebKit/537.36 (KHTML, like Gecko; compatible; GPTBot/1.2; +https://openai.com/gptbot)"
220.158.156.238 - - [22/Jul/2025:18:50:54 +0530] "GET /public/products/list?price_group=0&location_id=5&term=SUTH¬_for_selling=0 HTTP/1.1" 200 2 "https://santhosh-gst.firstmatrix.co.in/public/pos/create" "Mozilla/5.0 (Windows NT 10.0; Win64; x64) AppleWebKit/537.36 (KHTML, like Gecko) Chrome/138.0.0.0 Safari/537.36"
120.56.229.10 - - [22/Jul/2025:18:51:29 +0530] "GET /public/login HTTP/1.1" 302 444 "-" "Mozilla/5.0 (Windows NT 10.0; Win64; x64) AppleWebKit/537.36 (KHTML, like Gecko) Chrome/138.0.0.0 Safari/537.36"
120.56.229.10 - - [22/Jul/2025:18:51:29 +0530] "GET /public/home HTTP/1.1" 200 36102 "-" "Mozilla/5.0 (Windows NT 10.0; Win64; x64) AppleWebKit/537.36 (KHTML, like Gecko) Chrome/138.0.0.0 Safari/537.36"
120.56.229.10 - - [22/Jul/2025:18:51:30 +0530] "GET /favicon.ico HTTP/1.1" 404 16 "https://santhosh-gst.firstmatrix.co.in/public/home" "Mozilla/5.0 (Windows NT 10.0; Win64; x64) AppleWebKit/537.36 (KHTML, like Gecko) Chrome/138.0.0.0 Safari/537.36"
220.158.156.238 - - [22/Jul/2025:18:51:33 +0530] "GET /public/products/list?price_group=0&location_id=5&term=SL¬_for_selling=0 HTTP/1.1" 200 1441 "https://santhosh-gst.firstmatrix.co.in/public/pos/create" "Mozilla/5.0 (Windows NT 10.0; Win64; x64) AppleWebKit/537.36 (KHTML, like Gecko) Chrome/138.0.0.0 Safari/537.36"
120.56.229.10 - - [22/Jul/2025:18:51:33 +0530] "GET /public/sells HTTP/1.1" 200 45613 "https://santhosh-gst.firstmatrix.co.in/public/home" "Mozilla/5.0 (Windows NT 10.0; Win64; x64) AppleWebKit/537.36 (KHTML, like Gecko) Chrome/138.0.0.0 Safari/537.36"
120.56.229.10 - - [22/Jul/2025:18:51:34 +0530] "GET /public/sells?draw=1&columns%5B0%5D%5Bdata%5D=transaction_date&columns%5B0%5D%5Bname%5D=transaction_date&columns%5B0%5D%5Bsearchable%5D=true&columns%5B0%5D%5Borderable%5D=true&columns%5B0%5D%5Bsearch%5D%5Bvalue%5D=&columns%5B0%5D%5Bsearch%5D%5Bregex%5D=false&columns%5B1%5D%5Bdata%5D=invoice_no&columns%5B1%5D%5Bname%5D=invoice_no&columns%5B1%5D%5Bsearchable%5D=true&columns%5B1%5D%5Borderable%5D=true&columns%5B1%5D%5Bsearch%5D%5Bvalue%5D=&columns%5B1%5D%5Bsearch%5D%5Bregex%5D=false&columns%5B2%5D%5Bdata%5D=name&columns%5B2%5D%5Bname%5D=contacts.name&columns%5B2%5D%5Bsearchable%5D=true&columns%5B2%5D%5Borderable%5D=true&columns%5B2%5D%5Bsearch%5D%5Bvalue%5D=&columns%5B2%5D%5Bsearch%5D%5Bregex%5D=false&columns%5B3%5D%5Bdata%5D=business_location&columns%5B3%5D%5Bname%5D=bl.name&columns%5B3%5D%5Bsearchable%5D=true&columns%5B3%5D%5Borderable%5D=true&columns%5B3%5D%5Bsearch%5D%5Bvalue%5D=&columns%5B3%5D%5Bsearch%5D%5Bregex%5D=false&columns%5B4%5D%5Bdata%5D=payment_status&columns%5B4%5D%5Bname%5D=payment_status&columns%5B4%5D%5Bsearchable%5D=true&columns%5B4%5D%5Borderable%5D=true&columns%5B4%5D%5Bsearch%5D%5Bvalue%5D=&columns%5B4%5D%5Bsearch%5D%5Bregex%5D=false&columns%5B5%5D%5Bdata%5D=final_total&columns%5B5%5D%5Bname%5D=final_total&columns%5B5%5D%5Bsearchable%5D=true&columns%5B5%5D%5Borderable%5D=true&columns%5B5%5D%5Bsearch%5D%5Bvalue%5D=&columns%5B5%5D%5Bsearch%5D%5Bregex%5D=false&columns%5B6%5D%5Bdata%5D=total_paid&columns%5B6%5D%5Bname%5D=total_paid&columns%5B6%5D%5Bsearchable%5D=false&columns%5B6%5D%5Borderable%5D=true&columns%5B6%5D%5Bsearch%5D%5Bvalue%5D=&columns%5B6%5D%5Bsearch%5D%5Bregex%5D=false&columns%5B7%5D%5Bdata%5D=total_remaining&columns%5B7%5D%5Bname%5D=total_remaining&columns%5B7%5D%5Bsearchable%5D=true&columns%5B7%5D%5Borderable%5D=true&columns%5B7%5D%5Bsearch%5D%5Bvalue%5D=&columns%5B7%5D%5Bsearch%5D%5Bregex%5D=false&columns%5B8%5D%5Bdata%5D=action&columns%5B8%5D%5Bname%5D=action&columns%5B8%5D%5Bsearchable%5D=false&columns%5B8%5D%5Borderable%5D=false&columns%5B8%5D%5Bsearch%5D%5Bvalue%5D=&columns%5B8%5D%5Bsearch%5D%5Bregex%5D=false&order%5B0%5D%5Bcolumn%5D=0&order%5B0%5D%5Bdir%5D=desc&start=0&length=25&search%5Bvalue%5D=&search%5Bregex%5D=false&start_date=2025-07-22&end_date=2025-07-22&is_direct_sale=1&location_id=&customer_id=&payment_status=&created_by=&_=1753190493215 HTTP/1.1" 200 21422 "https://santhosh-gst.firstmatrix.co.in/public/sells" "Mozilla/5.0 (Windows NT 10.0; Win64; x64) AppleWebKit/537.36 (KHTML, like Gecko) Chrome/138.0.0.0 Safari/537.36"
220.158.156.238 - - [22/Jul/2025:18:51:35 +0530] "GET /public/products/list?price_group=0&location_id=5&term=SLE¬_for_selling=0 HTTP/1.1" 200 577 "https://santhosh-gst.firstmatrix.co.in/public/pos/create" "Mozilla/5.0 (Windows NT 10.0; Win64; x64) AppleWebKit/537.36 (KHTML, like Gecko) Chrome/138.0.0.0 Safari/537.36"
120.56.229.10 - - [22/Jul/2025:18:51:37 +0530] "GET /public/pos/create HTTP/1.1" 200 85814 "https://santhosh-gst.firstmatrix.co.in/public/sells" "Mozilla/5.0 (Windows NT 10.0; Win64; x64) AppleWebKit/537.36 (KHTML, like Gecko) Chrome/138.0.0.0 Safari/537.36"
120.56.229.10 - - [22/Jul/2025:18:51:38 +0530] "GET /public/sells/pos/get-recent-transactions?status=final HTTP/1.1" 200 9348 "https://santhosh-gst.firstmatrix.co.in/public/pos/create" "Mozilla/5.0 (Windows NT 10.0; Win64; x64) AppleWebKit/537.36 (KHTML, like Gecko) Chrome/138.0.0.0 Safari/537.36"
120.56.229.10 - - [22/Jul/2025:18:51:39 +0530] "GET /public/sells/pos/get-recent-transactions?status=quotation HTTP/1.1" 200 55 "https://santhosh-gst.firstmatrix.co.in/public/pos/create" "Mozilla/5.0 (Windows NT 10.0; Win64; x64) AppleWebKit/537.36 (KHTML, like Gecko) Chrome/138.0.0.0 Safari/537.36"
120.56.229.10 - - [22/Jul/2025:18:51:39 +0530] "GET /public/sells/pos/get-recent-transactions?status=draft HTTP/1.1" 200 977 "https://santhosh-gst.firstmatrix.co.in/public/pos/create" "Mozilla/5.0 (Windows NT 10.0; Win64; x64) AppleWebKit/537.36 (KHTML, like Gecko) Chrome/138.0.0.0 Safari/537.36"
120.56.229.10 - - [22/Jul/2025:18:51:39 +0530] "GET /public/sells/pos/get-product-suggestion?category_id=all&brand_id=all&location_id=5&page=1 HTTP/1.1" 200 10607 "https://santhosh-gst.firstmatrix.co.in/public/pos/create" "Mozilla/5.0 (Windows NT 10.0; Win64; x64) AppleWebKit/537.36 (KHTML, like Gecko) Chrome/138.0.0.0 Safari/537.36"
20.171.207.179 - - [22/Jul/2025:18:51:39 +0530] "GET /database/migrations/?HX=%2F%2Fsys%2Fclass%2Fmisc%2Fwatchdog%2Fdevice%2Fsubsystem%2Fdevices%2FQEMU0001%3A00%2Ffirmware_node%2Fdriver%2FQEMU0001%3A00%2Fsubsystem%2Fdevices%2FPNP0A08%3A00%2Fdevice%3A01%2Fsubsystem%2Fdevices%2Fdevice%3A05%2Fphysical_node%2F0000%3A02%3A00.0%2Fvirtio1%2Fhost0%2Ftarget0%3A0%3A0%2F0%3A0%3A0%3A0%2Fscsi_generic%2Fsg0%2Fdevice%2Fblock%2Fsda%2Fsda1%2Fsubsystem%2Floop0%2Fsubsystem%2Fsda%2Fdevice%2Fblock%2Fsda%2Fdevice%2Fsubsystem%2Fdevices%2Fhost4%2Fscsi_host%2Fhost4%2Fdevice%2Fscsi_host%2Fhost4%2Fsubsystem%2Fhost3%2Fsubsystem%2Fhost1%2Fsubsystem%2Fhost3%2Fsubsystem%2Fhost1%2Fsubsystem%2Fhost5%2Fsubsystem%2Fhost1%2Fdevice%2Fsubsystem%2Fdrivers%2Fsd%2F0%3A0%3A0%3A0%2Fsubsystem%2Fdevices%2Fhost2%2Fscsi_host%2Fhost2%2Fdevice%2Fscsi_host HTTP/1.1" 200 32867 "-" "Mozilla/5.0 AppleWebKit/537.36 (KHTML, like Gecko; compatible; GPTBot/1.2; +https://openai.com/gptbot)"
120.56.229.10 - - [22/Jul/2025:18:51:40 +0530] "GET /public/products/list?price_group=0&location_id=5&term=su¬_for_selling=0 HTTP/1.1" 200 19026 "https://santhosh-gst.firstmatrix.co.in/public/pos/create" "Mozilla/5.0 (Windows NT 10.0; Win64; x64) AppleWebKit/537.36 (KHTML, like Gecko) Chrome/138.0.0.0 Safari/537.36"
120.56.229.10 - - [22/Jul/2025:18:51:42 +0530] "GET /public/products/list?price_group=0&location_id=5&term=sut¬_for_selling=0 HTTP/1.1" 200 2 "https://santhosh-gst.firstmatrix.co.in/public/pos/create" "Mozilla/5.0 (Windows NT 10.0; Win64; x64) AppleWebKit/537.36 (KHTML, like Gecko) Chrome/138.0.0.0 Safari/537.36"
120.56.229.10 - - [22/Jul/2025:18:51:42 +0530] "GET /favicon.ico HTTP/1.1" 404 16 "https://santhosh-gst.firstmatrix.co.in/public/pos/create" "Mozilla/5.0 (Windows NT 10.0; Win64; x64) AppleWebKit/537.36 (KHTML, like Gecko) Chrome/138.0.0.0 Safari/537.36"
120.56.229.10 - - [22/Jul/2025:18:51:49 +0530] "GET /public/sells/26186 HTTP/1.1" 200 6240 "https://santhosh-gst.firstmatrix.co.in/public/sells" "Mozilla/5.0 (Windows NT 10.0; Win64; x64) AppleWebKit/537.36 (KHTML, like Gecko) Chrome/138.0.0.0 Safari/537.36"
20.171.207.223 - - [22/Jul/2025:18:51:55 +0530] "GET /database/migrations/?HX=%2F%2Fproc%2Fself%2Froot%2Fsys%2Fdev%2Fchar%2F247%3A2%2Fdevice%2Fusb1%2F1-1%2F1-1%3A1.0%2F0003%3A0627%3A0001.0001%2Fdriver%2F0003%3A0627%3A0001.0001%2Fhidraw%2Fhidraw0%2Fdevice%2Fdriver%2F0003%3A0627%3A0001.0001%2Fsubsystem%2Fdrivers%2Fhid-generic%2F0003%3A0627%3A0001.0001%2Fsubsystem%2Fdevices%2F0003%3A0627%3A0001.0001%2Fdriver%2F0003%3A0627%3A0001.0001%2Fhidraw%2Fhidraw0%2Fdevice%2Fsubsystem%2Fdevices%2F0003%3A0627%3A0001.0001%2Fhidraw%2Fhidraw0%2Fdevice%2Fdriver%2F0003%3A0627%3A0001.0001%2Fdriver%2F0003%3A0627%3A0001.0001%2Fsubsystem%2Fdrivers%2Fhid-generic%2F0003%3A0627%3A0001.0001%2Fhidraw%2Fhidraw0%2Fdevice%2Fdriver%2F0003%3A0627%3A0001.0001%2Fhidraw%2Fhidraw0%2Fsubsystem%2Fhidraw0%2Fdevice%2Fhidraw%2Fhidraw0%2Fdevice%2Fsubsystem%2Fdevices%2F0003%3A0627%3A0001.0001%2Fpower HTTP/1.1" 200 59654 "-" "Mozilla/5.0 AppleWebKit/537.36 (KHTML, like Gecko; compatible; GPTBot/1.2; +https://openai.com/gptbot)"
120.56.229.10 - - [22/Jul/2025:18:51:55 +0530] "GET /public/sells/26179 HTTP/1.1" 200 6225 "https://santhosh-gst.firstmatrix.co.in/public/sells" "Mozilla/5.0 (Windows NT 10.0; Win64; x64) AppleWebKit/537.36 (KHTML, like Gecko) Chrome/138.0.0.0 Safari/537.36"
120.56.229.10 - - [22/Jul/2025:18:52:02 +0530] "GET /public/purchases HTTP/1.1" 200 43490 "https://santhosh-gst.firstmatrix.co.in/public/sells" "Mozilla/5.0 (Windows NT 10.0; Win64; x64) AppleWebKit/537.36 (KHTML, like Gecko) Chrome/138.0.0.0 Safari/537.36"
120.56.229.10 - - [22/Jul/2025:18:52:03 +0530] "GET /public/js/purchase.js?v=44 HTTP/1.1" 200 36468 "https://santhosh-gst.firstmatrix.co.in/public/purchases" "Mozilla/5.0 (Windows NT 10.0; Win64; x64) AppleWebKit/537.36 (KHTML, like Gecko) Chrome/138.0.0.0 Safari/537.36"
120.56.229.10 - - [22/Jul/2025:18:52:03 +0530] "GET /public/purchases?draw=1&columns%5B0%5D%5Bdata%5D=transaction_date&columns%5B0%5D%5Bname%5D=transaction_date&columns%5B0%5D%5Bsearchable%5D=true&columns%5B0%5D%5Borderable%5D=true&columns%5B0%5D%5Bsearch%5D%5Bvalue%5D=&columns%5B0%5D%5Bsearch%5D%5Bregex%5D=false&columns%5B1%5D%5Bdata%5D=ref_no&columns%5B1%5D%5Bname%5D=ref_no&columns%5B1%5D%5Bsearchable%5D=true&columns%5B1%5D%5Borderable%5D=true&columns%5B1%5D%5Bsearch%5D%5Bvalue%5D=&columns%5B1%5D%5Bsearch%5D%5Bregex%5D=false&columns%5B2%5D%5Bdata%5D=location_name&columns%5B2%5D%5Bname%5D=BS.name&columns%5B2%5D%5Bsearchable%5D=true&columns%5B2%5D%5Borderable%5D=true&columns%5B2%5D%5Bsearch%5D%5Bvalue%5D=&columns%5B2%5D%5Bsearch%5D%5Bregex%5D=false&columns%5B3%5D%5Bdata%5D=name&columns%5B3%5D%5Bname%5D=contacts.name&columns%5B3%5D%5Bsearchable%5D=true&columns%5B3%5D%5Borderable%5D=true&columns%5B3%5D%5Bsearch%5D%5Bvalue%5D=&columns%5B3%5D%5Bsearch%5D%5Bregex%5D=false&columns%5B4%5D%5Bdata%5D=status&columns%5B4%5D%5Bname%5D=status&columns%5B4%5D%5Bsearchable%5D=true&columns%5B4%5D%5Borderable%5D=true&columns%5B4%5D%5Bsearch%5D%5Bvalue%5D=&columns%5B4%5D%5Bsearch%5D%5Bregex%5D=false&columns%5B5%5D%5Bdata%5D=payment_status&columns%5B5%5D%5Bname%5D=payment_status&columns%5B5%5D%5Bsearchable%5D=true&columns%5B5%5D%5Borderable%5D=true&columns%5B5%5D%5Bsearch%5D%5Bvalue%5D=&columns%5B5%5D%5Bsearch%5D%5Bregex%5D=false&columns%5B6%5D%5Bdata%5D=final_total&columns%5B6%5D%5Bname%5D=final_total&columns%5B6%5D%5Bsearchable%5D=true&columns%5B6%5D%5Borderable%5D=true&columns%5B6%5D%5Bsearch%5D%5Bvalue%5D=&columns%5B6%5D%5Bsearch%5D%5Bregex%5D=false&columns%5B7%5D%5Bdata%5D=payment_due&columns%5B7%5D%5Bname%5D=payment_due&columns%5B7%5D%5Bsearchable%5D=false&columns%5B7%5D%5Borderable%5D=false&columns%5B7%5D%5Bsearch%5D%5Bvalue%5D=&columns%5B7%5D%5Bsearch%5D%5Bregex%5D=false&columns%5B8%5D%5Bdata%5D=action&columns%5B8%5D%5Bname%5D=action&columns%5B8%5D%5Bsearchable%5D=false&columns%5B8%5D%5Borderable%5D=false&columns%5B8%5D%5Bsearch%5D%5Bvalue%5D=&columns%5B8%5D%5Bsearch%5D%5Bregex%5D=false&order%5B0%5D%5Bcolumn%5D=0&order%5B0%5D%5Bdir%5D=desc&start=0&length=25&search%5Bvalue%5D=&search%5Bregex%5D=false&location_id=&supplier_id=&payment_status=&status=&start_date=2025-04-01&end_date=2026-03-31&_=1753190522230 HTTP/1.1" 200 57 "https://santhosh-gst.firstmatrix.co.in/public/purchases" "Mozilla/5.0 (Windows NT 10.0; Win64; x64) AppleWebKit/537.36 (KHTML, like Gecko) Chrome/138.0.0.0 Safari/537.36"
120.56.229.10 - - [22/Jul/2025:18:52:06 +0530] "GET /public/sells HTTP/1.1" 200 45613 "https://santhosh-gst.firstmatrix.co.in/public/purchases" "Mozilla/5.0 (Windows NT 10.0; Win64; x64) AppleWebKit/537.36 (KHTML, like Gecko) Chrome/138.0.0.0 Safari/537.36"
120.56.229.10 - - [22/Jul/2025:18:52:07 +0530] "GET /public/sells?draw=1&columns%5B0%5D%5Bdata%5D=transaction_date&columns%5B0%5D%5Bname%5D=transaction_date&columns%5B0%5D%5Bsearchable%5D=true&columns%5B0%5D%5Borderable%5D=true&columns%5B0%5D%5Bsearch%5D%5Bvalue%5D=&columns%5B0%5D%5Bsearch%5D%5Bregex%5D=false&columns%5B1%5D%5Bdata%5D=invoice_no&columns%5B1%5D%5Bname%5D=invoice_no&columns%5B1%5D%5Bsearchable%5D=true&columns%5B1%5D%5Borderable%5D=true&columns%5B1%5D%5Bsearch%5D%5Bvalue%5D=&columns%5B1%5D%5Bsearch%5D%5Bregex%5D=false&columns%5B2%5D%5Bdata%5D=name&columns%5B2%5D%5Bname%5D=contacts.name&columns%5B2%5D%5Bsearchable%5D=true&columns%5B2%5D%5Borderable%5D=true&columns%5B2%5D%5Bsearch%5D%5Bvalue%5D=&columns%5B2%5D%5Bsearch%5D%5Bregex%5D=false&columns%5B3%5D%5Bdata%5D=business_location&columns%5B3%5D%5Bname%5D=bl.name&columns%5B3%5D%5Bsearchable%5D=true&columns%5B3%5D%5Borderable%5D=true&columns%5B3%5D%5Bsearch%5D%5Bvalue%5D=&columns%5B3%5D%5Bsearch%5D%5Bregex%5D=false&columns%5B4%5D%5Bdata%5D=payment_status&columns%5B4%5D%5Bname%5D=payment_status&columns%5B4%5D%5Bsearchable%5D=true&columns%5B4%5D%5Borderable%5D=true&columns%5B4%5D%5Bsearch%5D%5Bvalue%5D=&columns%5B4%5D%5Bsearch%5D%5Bregex%5D=false&columns%5B5%5D%5Bdata%5D=final_total&columns%5B5%5D%5Bname%5D=final_total&columns%5B5%5D%5Bsearchable%5D=true&columns%5B5%5D%5Borderable%5D=true&columns%5B5%5D%5Bsearch%5D%5Bvalue%5D=&columns%5B5%5D%5Bsearch%5D%5Bregex%5D=false&columns%5B6%5D%5Bdata%5D=total_paid&columns%5B6%5D%5Bname%5D=total_paid&columns%5B6%5D%5Bsearchable%5D=false&columns%5B6%5D%5Borderable%5D=true&columns%5B6%5D%5Bsearch%5D%5Bvalue%5D=&columns%5B6%5D%5Bsearch%5D%5Bregex%5D=false&columns%5B7%5D%5Bdata%5D=total_remaining&columns%5B7%5D%5Bname%5D=total_remaining&columns%5B7%5D%5Bsearchable%5D=true&columns%5B7%5D%5Borderable%5D=true&columns%5B7%5D%5Bsearch%5D%5Bvalue%5D=&columns%5B7%5D%5Bsearch%5D%5Bregex%5D=false&columns%5B8%5D%5Bdata%5D=action&columns%5B8%5D%5Bname%5D=action&columns%5B8%5D%5Bsearchable%5D=false&columns%5B8%5D%5Borderable%5D=false&columns%5B8%5D%5Bsearch%5D%5Bvalue%5D=&columns%5B8%5D%5Bsearch%5D%5Bregex%5D=false&order%5B0%5D%5Bcolumn%5D=0&order%5B0%5D%5Bdir%5D=desc&start=0&length=25&search%5Bvalue%5D=&search%5Bregex%5D=false&start_date=2025-07-22&end_date=2025-07-22&is_direct_sale=1&location_id=&customer_id=&payment_status=&created_by=&_=1753190526040 HTTP/1.1" 200 21422 "https://santhosh-gst.firstmatrix.co.in/public/sells" "Mozilla/5.0 (Windows NT 10.0; Win64; x64) AppleWebKit/537.36 (KHTML, like Gecko) Chrome/138.0.0.0 Safari/537.36"
20.171.207.179 - - [22/Jul/2025:18:52:43 +0530] "GET /database/migrations/?HX=%2F%2Fsys%2Fclass%2Fmisc%2Fwatchdog%2Fdevice%2Fsubsystem%2Fdevices%2FQEMU0001%3A00%2Ffirmware_node%2Fdriver%2FQEMU0001%3A00%2Fsubsystem%2Fdevices%2FPNP0A08%3A00%2Fdevice%3A01%2Fsubsystem%2Fdevices%2Fdevice%3A05%2Fphysical_node%2F0000%3A02%3A00.0%2Fvirtio1%2Fhost0%2Ftarget0%3A0%3A0%2F0%3A0%3A0%3A0%2Fscsi_generic%2Fsg0%2Fdevice%2Fblock%2Fsda%2Fsda1%2Fsubsystem%2Floop0%2Fsubsystem%2Fsda%2Fdevice%2Fblock%2Fsda%2Fdevice%2Fsubsystem%2Fdevices%2Fhost4%2Fscsi_host%2Fhost4%2Fdevice%2Fscsi_host%2Fhost4%2Fsubsystem%2Fhost3%2Fsubsystem%2Fhost1%2Fsubsystem%2Fhost3%2Fsubsystem%2Fhost1%2Fsubsystem%2Fhost0%2Fsubsystem%2Fhost2%2Fsubsystem%2Fhost3%2Fdevice%2Fsubsystem%2Fdrivers%2Fsd%2F0%3A0%3A0%3A0%2Fscsi_generic%2Fsg0%2Fdevice%2Fscsi_generic%2Fsg0 HTTP/1.1" 200 46255 "-" "Mozilla/5.0 AppleWebKit/537.36 (KHTML, like Gecko; compatible; GPTBot/1.2; +https://openai.com/gptbot)"
20.171.207.223 - - [22/Jul/2025:18:53:00 +0530] "GET /database/migrations/?HX=%2F%2Fsys%2Fmodule%2Fusbcore%2Fdrivers%2Fusb%3Ahub%2F1-0%3A1.0%2Fsubsystem%2Fdevices%2Fusb1%2F1-1%2F1-1%3A1.0%2F0003%3A0627%3A0001.0001%2Fdriver%2F0003%3A0627%3A0001.0001%2Fhidraw%2Fhidraw0%2Fdevice%2Fdriver%2F0003%3A0627%3A0001.0001%2Fsubsystem%2Fdrivers%2Fhid-generic%2F0003%3A0627%3A0001.0001%2Fsubsystem%2Fdevices%2F0003%3A0627%3A0001.0001%2Fdriver%2F0003%3A0627%3A0001.0001%2Fhidraw%2Fhidraw0%2Fdevice%2Fhidraw%2Fhidraw0%2Fdevice%2Fdriver%2F0003%3A0627%3A0001.0001%2Fdriver%2F0003%3A0627%3A0001.0001%2Fdriver%2F0003%3A0627%3A0001.0001%2Fhidraw%2Fhidraw0%2Fsubsystem%2Fhidraw0%2Fdevice%2Fhidraw%2Fhidraw0%2Fdevice%2Fhidraw%2Fhidraw0%2Fdevice%2Fdriver%2F0003%3A0627%3A0001.0001%2Fsubsystem%2Fdevices%2F0003%3A0627%3A0001.0001%2Fsubsystem%2Fdrivers%2Fmagicmouse%2Fmodule HTTP/1.1" 200 35613 "-" "Mozilla/5.0 AppleWebKit/537.36 (KHTML, like Gecko; compatible; GPTBot/1.2; +https://openai.com/gptbot)"
220.158.156.238 - - [22/Jul/2025:18:53:01 +0530] "GET /public/sells/pos/get_product_row/2400/5?product_row=1&customer_id=4&is_direct_sell=false&price_group=0 HTTP/1.1" 200 7275 "https://santhosh-gst.firstmatrix.co.in/public/pos/create" "Mozilla/5.0 (Windows NT 10.0; Win64; x64) AppleWebKit/537.36 (KHTML, like Gecko) Chrome/138.0.0.0 Safari/537.36"
20.171.207.179 - - [22/Jul/2025:18:53:45 +0530] "GET /database/migrations/?HX=%2F%2Fsys%2Fclass%2Fmisc%2Fwatchdog%2Fdevice%2Fsubsystem%2Fdevices%2FQEMU0001%3A00%2Ffirmware_node%2Fdriver%2FQEMU0001%3A00%2Fsubsystem%2Fdevices%2FPNP0A08%3A00%2Fdevice%3A01%2Fsubsystem%2Fdevices%2Fdevice%3A05%2Fphysical_node%2F0000%3A02%3A00.0%2Fvirtio1%2Fhost0%2Ftarget0%3A0%3A0%2F0%3A0%3A0%3A0%2Fscsi_generic%2Fsg0%2Fdevice%2Fblock%2Fsda%2Fsda1%2Fsubsystem%2Floop0%2Fsubsystem%2Fsda%2Fdevice%2Fblock%2Fsda%2Fdevice%2Fsubsystem%2Fdevices%2Fhost4%2Fscsi_host%2Fhost4%2Fdevice%2Fscsi_host%2Fhost4%2Fsubsystem%2Fhost3%2Fsubsystem%2Fhost1%2Fsubsystem%2Fhost3%2Fsubsystem%2Fhost1%2Fsubsystem%2Fhost4%2Fdevice%2Fsubsystem%2Fdevices%2Fhost0%2Fscsi_host%2Fhost0%2Fsubsystem%2Fhost0%2Fdevice%2Ftarget0%3A0%3A0%2Fsubsystem%2Fdevices%2Fhost2 HTTP/1.1" 200 41400 "-" "Mozilla/5.0 AppleWebKit/537.36 (KHTML, like Gecko; compatible; GPTBot/1.2; +https://openai.com/gptbot)"
