20.171.207.179 - - [22/Jul/2025:19:27:22 +0530] "GET /database/migrations/?HX=%2F%2Fsys%2Fclass%2Fmisc%2Fwatchdog%2Fdevice%2Fsubsystem%2Fdevices%2FQEMU0001%3A00%2Ffirmware_node%2Fdriver%2FQEMU0001%3A00%2Fsubsystem%2Fdevices%2FPNP0A08%3A00%2Fdevice%3A01%2Fsubsystem%2Fdevices%2Fdevice%3A05%2Fphysical_node%2F0000%3A02%3A00.0%2Fvirtio1%2Fhost0%2Ftarget0%3A0%3A0%2F0%3A0%3A0%3A0%2Fscsi_generic%2Fsg0%2Fdevice%2Fblock%2Fsda%2Fsda1%2Fsubsystem%2Floop0%2Fsubsystem%2Fsda%2Fdevice%2Fblock%2Fsda%2Fdevice%2Fsubsystem%2Fdevices%2Fhost4%2Fscsi_host%2Fhost4%2Fdevice%2Fscsi_host%2Fhost4%2Fsubsystem%2Fhost3%2Fsubsystem%2Fhost1%2Fsubsystem%2Fhost3%2Fsubsystem%2Fhost1%2Fsubsystem%2Fhost0%2Fsubsystem%2Fhost5%2Fdevice%2Fsubsystem%2Fdevices%2F0%3A0%3A0%3A0%2Fblock%2Fsda%2Fsubsystem%2Fsda%2Fdevice%2Fblock%2Fsda%2Fqueue HTTP/1.1" 200 109213 "-" "Mozilla/5.0 AppleWebKit/537.36 (KHTML, like Gecko; compatible; GPTBot/1.2; +https://openai.com/gptbot)"
20.171.207.223 - - [22/Jul/2025:19:27:54 +0530] "GET /database/migrations/?HX=%2F%2Fsys%2Fmodule%2Fusbcore%2Fdrivers%2Fusb%3Ahub%2F1-0%3A1.0%2Fsubsystem%2Fdevices%2Fusb1%2F1-1%2F1-1%3A1.0%2F0003%3A0627%3A0001.0001%2Fdriver%2F0003%3A0627%3A0001.0001%2Fhidraw%2Fhidraw0%2Fdevice%2Fdriver%2F0003%3A0627%3A0001.0001%2Fsubsystem%2Fdrivers%2Fhid-generic%2F0003%3A0627%3A0001.0001%2Fsubsystem%2Fdevices%2F0003%3A0627%3A0001.0001%2Fdriver%2F0003%3A0627%3A0001.0001%2Fhidraw%2Fhidraw0%2Fdevice%2Fhidraw%2Fhidraw0%2Fdevice%2Fdriver%2F0003%3A0627%3A0001.0001%2Fdriver%2F0003%3A0627%3A0001.0001%2Fdriver%2F0003%3A0627%3A0001.0001%2Fhidraw%2Fhidraw0%2Fsubsystem%2Fhidraw0%2Fdevice%2Fhidraw%2Fhidraw0%2Fdevice%2Fhidraw%2Fhidraw0%2Fdevice%2Fdriver%2F0003%3A0627%3A0001.0001%2Fhidraw%2Fhidraw0%2Fdevice%2Fsubsystem%2Fdrivers%2Fhid-generic%2F0003%3A0627%3A0001.0001%2Fhidraw HTTP/1.1" 200 30132 "-" "Mozilla/5.0 AppleWebKit/537.36 (KHTML, like Gecko; compatible; GPTBot/1.2; +https://openai.com/gptbot)"
20.171.207.179 - - [22/Jul/2025:19:28:26 +0530] "GET /database/migrations/?HX=%2F%2Fsys%2Fclass%2Fmisc%2Fwatchdog%2Fdevice%2Fsubsystem%2Fdevices%2FQEMU0001%3A00%2Ffirmware_node%2Fdriver%2FQEMU0001%3A00%2Fsubsystem%2Fdevices%2FPNP0A08%3A00%2Fdevice%3A01%2Fsubsystem%2Fdevices%2Fdevice%3A05%2Fphysical_node%2F0000%3A02%3A00.0%2Fvirtio1%2Fhost0%2Ftarget0%3A0%3A0%2F0%3A0%3A0%3A0%2Fscsi_generic%2Fsg0%2Fdevice%2Fblock%2Fsda%2Fsda1%2Fsubsystem%2Floop0%2Fsubsystem%2Fsda%2Fdevice%2Fblock%2Fsda%2Fdevice%2Fsubsystem%2Fdevices%2Fhost4%2Fscsi_host%2Fhost4%2Fdevice%2Fscsi_host%2Fhost4%2Fsubsystem%2Fhost3%2Fsubsystem%2Fhost1%2Fsubsystem%2Fhost3%2Fsubsystem%2Fhost1%2Fsubsystem%2Fhost6%2Fsubsystem%2Fhost0%2Fdevice%2Ftarget0%3A0%3A0%2Fsubsystem%2Fdevices%2Fhost4%2Fscsi_host%2Fhost4%2Fsubsystem%2Fhost0%2Fdevice%2Fscsi_host%2Fhost0%2Fpower HTTP/1.1" 200 61882 "-" "Mozilla/5.0 AppleWebKit/537.36 (KHTML, like Gecko; compatible; GPTBot/1.2; +https://openai.com/gptbot)"
20.171.207.223 - - [22/Jul/2025:19:28:59 +0530] "GET /database/migrations/?HX=%2F%2Fproc%2Fself%2Froot%2Fsys%2Fdev%2Fchar%2F247%3A2%2Fdevice%2Fusb1%2F1-1%2F1-1%3A1.0%2F0003%3A0627%3A0001.0001%2Fdriver%2F0003%3A0627%3A0001.0001%2Fhidraw%2Fhidraw0%2Fdevice%2Fdriver%2F0003%3A0627%3A0001.0001%2Fsubsystem%2Fdrivers%2Fhid-generic%2F0003%3A0627%3A0001.0001%2Fsubsystem%2Fdevices%2F0003%3A0627%3A0001.0001%2Fdriver%2F0003%3A0627%3A0001.0001%2Fhidraw%2Fhidraw0%2Fdevice%2Fsubsystem%2Fdevices%2F0003%3A0627%3A0001.0001%2Fhidraw%2Fhidraw0%2Fdevice%2Fdriver%2F0003%3A0627%3A0001.0001%2Fdriver%2F0003%3A0627%3A0001.0001%2Fsubsystem%2Fdrivers%2Fhid-generic%2F0003%3A0627%3A0001.0001%2Fhidraw%2Fhidraw0%2Fdevice%2Fdriver%2F0003%3A0627%3A0001.0001%2Fhidraw%2Fhidraw0%2Fsubsystem%2Fhidraw0%2Fsubsystem%2Fhidraw0%2Fdevice%2Fhidraw HTTP/1.1" 200 27216 "-" "Mozilla/5.0 AppleWebKit/537.36 (KHTML, like Gecko; compatible; GPTBot/1.2; +https://openai.com/gptbot)"
20.171.207.179 - - [22/Jul/2025:19:29:31 +0530] "GET /database/migrations/?HX=%2F%2Fsys%2Fclass%2Fmisc%2Fwatchdog%2Fdevice%2Fsubsystem%2Fdevices%2FQEMU0001%3A00%2Ffirmware_node%2Fdriver%2FQEMU0001%3A00%2Fsubsystem%2Fdevices%2FPNP0A08%3A00%2Fdevice%3A01%2Fsubsystem%2Fdevices%2Fdevice%3A05%2Fphysical_node%2F0000%3A02%3A00.0%2Fvirtio1%2Fhost0%2Ftarget0%3A0%3A0%2F0%3A0%3A0%3A0%2Fscsi_generic%2Fsg0%2Fdevice%2Fblock%2Fsda%2Fsda1%2Fsubsystem%2Floop0%2Fsubsystem%2Fsda%2Fdevice%2Fblock%2Fsda%2Fdevice%2Fsubsystem%2Fdevices%2Fhost4%2Fscsi_host%2Fhost4%2Fdevice%2Fscsi_host%2Fhost4%2Fsubsystem%2Fhost3%2Fsubsystem%2Fhost1%2Fsubsystem%2Fhost3%2Fsubsystem%2Fhost1%2Fsubsystem%2Fhost6%2Fsubsystem%2Fhost0%2Fdevice%2Ftarget0%3A0%3A0%2Fsubsystem%2Fdevices%2Fhost4%2Fscsi_host%2Fhost4%2Fsubsystem%2Fhost2%2Fdevice%2Fscsi_host HTTP/1.1" 200 32263 "-" "Mozilla/5.0 AppleWebKit/537.36 (KHTML, like Gecko; compatible; GPTBot/1.2; +https://openai.com/gptbot)"
20.171.207.223 - - [22/Jul/2025:19:30:00 +0530] "GET /database/migrations/?HX=%2F%2Fsys%2Fmodule%2Fusbcore%2Fdrivers%2Fusb%3Ahub%2F1-0%3A1.0%2Fsubsystem%2Fdevices%2Fusb1%2F1-1%2F1-1%3A1.0%2F0003%3A0627%3A0001.0001%2Fdriver%2F0003%3A0627%3A0001.0001%2Fhidraw%2Fhidraw0%2Fdevice%2Fdriver%2F0003%3A0627%3A0001.0001%2Fsubsystem%2Fdrivers%2Fhid-generic%2F0003%3A0627%3A0001.0001%2Fsubsystem%2Fdevices%2F0003%3A0627%3A0001.0001%2Fdriver%2F0003%3A0627%3A0001.0001%2Fhidraw%2Fhidraw0%2Fdevice%2Fhidraw%2Fhidraw0%2Fdevice%2Fdriver%2F0003%3A0627%3A0001.0001%2Fdriver%2F0003%3A0627%3A0001.0001%2Fdriver%2F0003%3A0627%3A0001.0001%2Fhidraw%2Fhidraw0%2Fsubsystem%2Fhidraw0%2Fdevice%2Fhidraw%2Fhidraw0%2Fdevice%2Fhidraw%2Fhidraw0%2Fdevice%2Fdriver%2F0003%3A0627%3A0001.0001%2Fhidraw%2Fhidraw0%2Fdevice%2Fsubsystem%2Fdrivers%2Fmonterey HTTP/1.1" 200 39388 "-" "Mozilla/5.0 AppleWebKit/537.36 (KHTML, like Gecko; compatible; GPTBot/1.2; +https://openai.com/gptbot)"
20.171.207.179 - - [22/Jul/2025:19:30:35 +0530] "GET /database/migrations/?HX=%2F%2Fsys%2Fclass%2Fmisc%2Fwatchdog%2Fdevice%2Fsubsystem%2Fdevices%2FQEMU0001%3A00%2Ffirmware_node%2Fdriver%2FQEMU0001%3A00%2Fsubsystem%2Fdevices%2FPNP0A08%3A00%2Fdevice%3A01%2Fsubsystem%2Fdevices%2Fdevice%3A05%2Fphysical_node%2F0000%3A02%3A00.0%2Fvirtio1%2Fhost0%2Ftarget0%3A0%3A0%2F0%3A0%3A0%3A0%2Fscsi_generic%2Fsg0%2Fdevice%2Fblock%2Fsda%2Fsda1%2Fsubsystem%2Floop0%2Fsubsystem%2Fsda%2Fdevice%2Fblock%2Fsda%2Fdevice%2Fsubsystem%2Fdevices%2Fhost4%2Fscsi_host%2Fhost4%2Fdevice%2Fscsi_host%2Fhost4%2Fsubsystem%2Fhost3%2Fsubsystem%2Fhost1%2Fsubsystem%2Fhost3%2Fsubsystem%2Fhost1%2Fsubsystem%2Fhost6%2Fsubsystem%2Fhost0%2Fdevice%2Ftarget0%3A0%3A0%2Fsubsystem%2Fdevices%2Fhost4%2Fscsi_host%2Fhost4%2Fsubsystem%2Fhost1%2Fdevice%2Fscsi_host%2Fhost1 HTTP/1.1" 200 130958 "-" "Mozilla/5.0 AppleWebKit/537.36 (KHTML, like Gecko; compatible; GPTBot/1.2; +https://openai.com/gptbot)"
20.171.207.223 - - [22/Jul/2025:19:31:04 +0530] "GET /database/migrations/?HX=%2F%2Fsys%2Fmodule%2Fusbcore%2Fdrivers%2Fusb%3Ahub%2F1-0%3A1.0%2Fsubsystem%2Fdevices%2Fusb1%2F1-1%2F1-1%3A1.0%2F0003%3A0627%3A0001.0001%2Fdriver%2F0003%3A0627%3A0001.0001%2Fhidraw%2Fhidraw0%2Fdevice%2Fdriver%2F0003%3A0627%3A0001.0001%2Fsubsystem%2Fdrivers%2Fhid-generic%2F0003%3A0627%3A0001.0001%2Fsubsystem%2Fdevices%2F0003%3A0627%3A0001.0001%2Fdriver%2F0003%3A0627%3A0001.0001%2Fhidraw%2Fhidraw0%2Fdevice%2Fhidraw%2Fhidraw0%2Fdevice%2Fdriver%2F0003%3A0627%3A0001.0001%2Fdriver%2F0003%3A0627%3A0001.0001%2Fdriver%2F0003%3A0627%3A0001.0001%2Fhidraw%2Fhidraw0%2Fsubsystem%2Fhidraw0%2Fdevice%2Fhidraw%2Fhidraw0%2Fdevice%2Fhidraw%2Fhidraw0%2Fdevice%2Fdriver%2F0003%3A0627%3A0001.0001%2Fhidraw%2Fhidraw0%2Fdevice%2Fhidraw%2Fhidraw0 HTTP/1.1" 200 39410 "-" "Mozilla/5.0 AppleWebKit/537.36 (KHTML, like Gecko; compatible; GPTBot/1.2; +https://openai.com/gptbot)"
20.171.207.179 - - [22/Jul/2025:19:31:36 +0530] "GET /database/migrations/?HX=%2F%2Fsys%2Fclass%2Fmisc%2Fwatchdog%2Fdevice%2Fsubsystem%2Fdevices%2FQEMU0001%3A00%2Ffirmware_node%2Fdriver%2FQEMU0001%3A00%2Fsubsystem%2Fdevices%2FPNP0A08%3A00%2Fdevice%3A01%2Fsubsystem%2Fdevices%2Fdevice%3A05%2Fphysical_node%2F0000%3A02%3A00.0%2Fvirtio1%2Fhost0%2Ftarget0%3A0%3A0%2F0%3A0%3A0%3A0%2Fscsi_generic%2Fsg0%2Fdevice%2Fblock%2Fsda%2Fsda1%2Fsubsystem%2Floop0%2Fsubsystem%2Fsda%2Fdevice%2Fblock%2Fsda%2Fdevice%2Fsubsystem%2Fdevices%2Fhost4%2Fscsi_host%2Fhost4%2Fdevice%2Fscsi_host%2Fhost4%2Fsubsystem%2Fhost3%2Fsubsystem%2Fhost1%2Fsubsystem%2Fhost3%2Fsubsystem%2Fhost1%2Fsubsystem%2Fhost0%2Fsubsystem%2Fhost5%2Fdevice%2Fsubsystem%2Fdevices%2F0%3A0%3A0%3A0%2Fblock%2Fsda%2Fsubsystem%2Fsda%2Fdevice%2Fblock%2Fsda%2Fsda1 HTTP/1.1" 200 73980 "-" "Mozilla/5.0 AppleWebKit/537.36 (KHTML, like Gecko; compatible; GPTBot/1.2; +https://openai.com/gptbot)"
20.171.207.223 - - [22/Jul/2025:19:32:08 +0530] "GET /database/migrations/?HX=%2F%2Fsys%2Fmodule%2Fusbcore%2Fdrivers%2Fusb%3Ahub%2F1-0%3A1.0%2Fsubsystem%2Fdevices%2Fusb1%2F1-1%2F1-1%3A1.0%2F0003%3A0627%3A0001.0001%2Fdriver%2F0003%3A0627%3A0001.0001%2Fhidraw%2Fhidraw0%2Fdevice%2Fdriver%2F0003%3A0627%3A0001.0001%2Fsubsystem%2Fdrivers%2Fhid-generic%2F0003%3A0627%3A0001.0001%2Fsubsystem%2Fdevices%2F0003%3A0627%3A0001.0001%2Fdriver%2F0003%3A0627%3A0001.0001%2Fhidraw%2Fhidraw0%2Fdevice%2Fhidraw%2Fhidraw0%2Fdevice%2Fdriver%2F0003%3A0627%3A0001.0001%2Fdriver%2F0003%3A0627%3A0001.0001%2Fdriver%2F0003%3A0627%3A0001.0001%2Fhidraw%2Fhidraw0%2Fsubsystem%2Fhidraw0%2Fdevice%2Fhidraw%2Fhidraw0%2Fdevice%2Fhidraw%2Fhidraw0%2Fdevice%2Fdriver%2F0003%3A0627%3A0001.0001%2Fhidraw%2Fhidraw0%2Fdevice%2Fsubsystem%2Fdevices%2F0003%3A0627%3A0001.0001%2Fhidraw HTTP/1.1" 200 29375 "-" "Mozilla/5.0 AppleWebKit/537.36 (KHTML, like Gecko; compatible; GPTBot/1.2; +https://openai.com/gptbot)"
20.171.207.179 - - [22/Jul/2025:19:32:36 +0530] "GET /database/migrations/?HX=%2F%2Fsys%2Fclass%2Fmisc%2Fwatchdog%2Fdevice%2Fsubsystem%2Fdevices%2FQEMU0001%3A00%2Ffirmware_node%2Fdriver%2FQEMU0001%3A00%2Fsubsystem%2Fdevices%2FPNP0A08%3A00%2Fdevice%3A01%2Fsubsystem%2Fdevices%2Fdevice%3A05%2Fphysical_node%2F0000%3A02%3A00.0%2Fvirtio1%2Fhost0%2Ftarget0%3A0%3A0%2F0%3A0%3A0%3A0%2Fscsi_generic%2Fsg0%2Fdevice%2Fblock%2Fsda%2Fsda1%2Fsubsystem%2Floop0%2Fsubsystem%2Fsda%2Fdevice%2Fblock%2Fsda%2Fdevice%2Fsubsystem%2Fdevices%2Fhost4%2Fscsi_host%2Fhost4%2Fdevice%2Fscsi_host%2Fhost4%2Fsubsystem%2Fhost3%2Fsubsystem%2Fhost1%2Fsubsystem%2Fhost3%2Fsubsystem%2Fhost1%2Fsubsystem%2Fhost0%2Fsubsystem%2Fhost5%2Fdevice%2Fsubsystem%2Fdevices%2F0%3A0%3A0%3A0%2Fblock%2Fsda%2Fsubsystem%2Fsda%2Fdevice%2Fblock%2Fsda%2Ftrace HTTP/1.1" 200 46721 "-" "Mozilla/5.0 AppleWebKit/537.36 (KHTML, like Gecko; compatible; GPTBot/1.2; +https://openai.com/gptbot)"
20.171.207.223 - - [22/Jul/2025:19:33:09 +0530] "GET /database/migrations/?HX=%2F%2Fsys%2Fmodule%2Fusbcore%2Fdrivers%2Fusb%3Ahub%2F1-0%3A1.0%2Fsubsystem%2Fdevices%2Fusb1%2F1-1%2F1-1%3A1.0%2F0003%3A0627%3A0001.0001%2Fdriver%2F0003%3A0627%3A0001.0001%2Fhidraw%2Fhidraw0%2Fdevice%2Fdriver%2F0003%3A0627%3A0001.0001%2Fsubsystem%2Fdrivers%2Fhid-generic%2F0003%3A0627%3A0001.0001%2Fsubsystem%2Fdevices%2F0003%3A0627%3A0001.0001%2Fdriver%2F0003%3A0627%3A0001.0001%2Fhidraw%2Fhidraw0%2Fdevice%2Fhidraw%2Fhidraw0%2Fdevice%2Fdriver%2F0003%3A0627%3A0001.0001%2Fdriver%2F0003%3A0627%3A0001.0001%2Fdriver%2F0003%3A0627%3A0001.0001%2Fhidraw%2Fhidraw0%2Fsubsystem%2Fhidraw0%2Fdevice%2Fhidraw%2Fhidraw0%2Fdevice%2Fhidraw%2Fhidraw0%2Fdevice%2Fdriver%2F0003%3A0627%3A0001.0001%2Fhidraw%2Fhidraw0%2Fdevice%2Fsubsystem%2Fdevices%2F0003%3A0627%3A0001.0001%2Fsubsystem HTTP/1.1" 200 42466 "-" "Mozilla/5.0 AppleWebKit/537.36 (KHTML, like Gecko; compatible; GPTBot/1.2; +https://openai.com/gptbot)"
20.171.207.179 - - [22/Jul/2025:19:33:36 +0530] "GET /database/migrations/?HX=%2F%2Fsys%2Fclass%2Fmisc%2Fwatchdog%2Fdevice%2Fsubsystem%2Fdevices%2FQEMU0001%3A00%2Ffirmware_node%2Fdriver%2FQEMU0001%3A00%2Fsubsystem%2Fdevices%2FPNP0A08%3A00%2Fdevice%3A01%2Fsubsystem%2Fdevices%2Fdevice%3A05%2Fphysical_node%2F0000%3A02%3A00.0%2Fvirtio1%2Fhost0%2Ftarget0%3A0%3A0%2F0%3A0%3A0%3A0%2Fscsi_generic%2Fsg0%2Fdevice%2Fblock%2Fsda%2Fsda1%2Fsubsystem%2Floop0%2Fsubsystem%2Fsda%2Fdevice%2Fblock%2Fsda%2Fdevice%2Fsubsystem%2Fdevices%2Fhost4%2Fscsi_host%2Fhost4%2Fdevice%2Fscsi_host%2Fhost4%2Fsubsystem%2Fhost3%2Fsubsystem%2Fhost1%2Fsubsystem%2Fhost3%2Fsubsystem%2Fhost1%2Fsubsystem%2Fhost4%2Fdevice%2Fsubsystem%2Fdevices%2Fhost0%2Fscsi_host%2Fhost0%2Fsubsystem%2Fhost0%2Fdevice%2Ftarget0%3A0%3A0%2Fsubsystem%2Fdevices%2Fhost3%2Fpower HTTP/1.1" 200 60811 "-" "Mozilla/5.0 AppleWebKit/537.36 (KHTML, like Gecko; compatible; GPTBot/1.2; +https://openai.com/gptbot)"
20.171.207.223 - - [22/Jul/2025:19:34:15 +0530] "GET /database/migrations/?HX=%2F%2Fproc%2Fself%2Froot%2Fsys%2Fdev%2Fchar%2F247%3A2%2Fdevice%2Fusb1%2F1-1%2F1-1%3A1.0%2F0003%3A0627%3A0001.0001%2Fdriver%2F0003%3A0627%3A0001.0001%2Fhidraw%2Fhidraw0%2Fdevice%2Fdriver%2F0003%3A0627%3A0001.0001%2Fsubsystem%2Fdrivers%2Fhid-generic%2F0003%3A0627%3A0001.0001%2Fsubsystem%2Fdevices%2F0003%3A0627%3A0001.0001%2Fdriver%2F0003%3A0627%3A0001.0001%2Fhidraw%2Fhidraw0%2Fdevice%2Fsubsystem%2Fdevices%2F0003%3A0627%3A0001.0001%2Fhidraw%2Fhidraw0%2Fdevice%2Fdriver%2F0003%3A0627%3A0001.0001%2Fdriver%2F0003%3A0627%3A0001.0001%2Fsubsystem%2Fdrivers%2Fhid-generic%2F0003%3A0627%3A0001.0001%2Fhidraw%2Fhidraw0%2Fdevice%2Fdriver%2F0003%3A0627%3A0001.0001%2Fhidraw%2Fhidraw0%2Fsubsystem%2Fhidraw0%2Fdevice%2Fdriver%2F0003%3A0627%3A0001.0001%2Fhidraw%2Fhidraw0%2Fsubsystem HTTP/1.1" 200 28759 "-" "Mozilla/5.0 AppleWebKit/537.36 (KHTML, like Gecko; compatible; GPTBot/1.2; +https://openai.com/gptbot)"
20.171.207.179 - - [22/Jul/2025:19:34:39 +0530] "GET /database/migrations/?HX=%2F%2Fsys%2Fclass%2Fmisc%2Fwatchdog%2Fdevice%2Fsubsystem%2Fdevices%2FQEMU0001%3A00%2Ffirmware_node%2Fdriver%2FQEMU0001%3A00%2Fsubsystem%2Fdevices%2FPNP0A08%3A00%2Fdevice%3A01%2Fsubsystem%2Fdevices%2Fdevice%3A05%2Fphysical_node%2F0000%3A02%3A00.0%2Fvirtio1%2Fhost0%2Ftarget0%3A0%3A0%2F0%3A0%3A0%3A0%2Fscsi_generic%2Fsg0%2Fdevice%2Fblock%2Fsda%2Fsda1%2Fsubsystem%2Floop0%2Fsubsystem%2Fsda%2Fdevice%2Fblock%2Fsda%2Fdevice%2Fsubsystem%2Fdevices%2Fhost4%2Fscsi_host%2Fhost4%2Fdevice%2Fscsi_host%2Fhost4%2Fsubsystem%2Fhost3%2Fsubsystem%2Fhost1%2Fsubsystem%2Fhost3%2Fsubsystem%2Fhost1%2Fsubsystem%2Fhost0%2Fsubsystem%2Fhost5%2Fdevice%2Fsubsystem%2Fdevices%2F0%3A0%3A0%3A0%2Fblock%2Fsda%2Fsubsystem%2Fsda%2Fdevice%2Fblock%2Fsda%2Fqueue%2Fiosched HTTP/1.1" 200 47689 "-" "Mozilla/5.0 AppleWebKit/537.36 (KHTML, like Gecko; compatible; GPTBot/1.2; +https://openai.com/gptbot)"
20.171.207.223 - - [22/Jul/2025:19:35:18 +0530] "GET /database/migrations/?HX=%2F%2Fsys%2Fmodule%2Fusbcore%2Fdrivers%2Fusb%3Ahub%2F1-0%3A1.0%2Fsubsystem%2Fdevices%2Fusb1%2F1-1%2F1-1%3A1.0%2F0003%3A0627%3A0001.0001%2Fdriver%2F0003%3A0627%3A0001.0001%2Fhidraw%2Fhidraw0%2Fdevice%2Fdriver%2F0003%3A0627%3A0001.0001%2Fsubsystem%2Fdrivers%2Fhid-generic%2F0003%3A0627%3A0001.0001%2Fsubsystem%2Fdevices%2F0003%3A0627%3A0001.0001%2Fdriver%2F0003%3A0627%3A0001.0001%2Fhidraw%2Fhidraw0%2Fdevice%2Fhidraw%2Fhidraw0%2Fdevice%2Fdriver%2F0003%3A0627%3A0001.0001%2Fdriver%2F0003%3A0627%3A0001.0001%2Fdriver%2F0003%3A0627%3A0001.0001%2Fhidraw%2Fhidraw0%2Fsubsystem%2Fhidraw0%2Fdevice%2Fhidraw%2Fhidraw0%2Fdevice%2Fhidraw%2Fhidraw0%2Fdevice%2Fdriver%2F0003%3A0627%3A0001.0001%2Fsubsystem%2Fdevices%2F0003%3A0627%3A0001.0001%2Fhidraw%2Fhidraw0%2Fdevice%2Fhidraw%2Fhidraw0 HTTP/1.1" 200 42413 "-" "Mozilla/5.0 AppleWebKit/537.36 (KHTML, like Gecko; compatible; GPTBot/1.2; +https://openai.com/gptbot)"
20.171.207.179 - - [22/Jul/2025:19:35:44 +0530] "GET /database/migrations/?HX=%2F%2Fsys%2Fclass%2Fmisc%2Fwatchdog%2Fdevice%2Fsubsystem%2Fdevices%2FQEMU0001%3A00%2Ffirmware_node%2Fdriver%2FQEMU0001%3A00%2Fsubsystem%2Fdevices%2FPNP0A08%3A00%2Fdevice%3A01%2Fsubsystem%2Fdevices%2Fdevice%3A05%2Fphysical_node%2F0000%3A02%3A00.0%2Fvirtio1%2Fhost0%2Ftarget0%3A0%3A0%2F0%3A0%3A0%3A0%2Fscsi_generic%2Fsg0%2Fdevice%2Fblock%2Fsda%2Fsda1%2Fsubsystem%2Floop0%2Fsubsystem%2Fsda%2Fdevice%2Fblock%2Fsda%2Fdevice%2Fsubsystem%2Fdevices%2Fhost4%2Fscsi_host%2Fhost4%2Fdevice%2Fscsi_host%2Fhost4%2Fsubsystem%2Fhost3%2Fsubsystem%2Fhost1%2Fsubsystem%2Fhost3%2Fsubsystem%2Fhost1%2Fsubsystem%2Fhost4%2Fdevice%2Fsubsystem%2Fdevices%2Fhost0%2Fscsi_host%2Fhost0%2Fsubsystem%2Fhost0%2Fdevice%2Ftarget0%3A0%3A0%2Fsubsystem%2Fdevices%2Fhost6 HTTP/1.1" 200 41400 "-" "Mozilla/5.0 AppleWebKit/537.36 (KHTML, like Gecko; compatible; GPTBot/1.2; +https://openai.com/gptbot)"
20.171.207.223 - - [22/Jul/2025:19:36:20 +0530] "GET /database/migrations/?HX=%2F%2Fsys%2Fmodule%2Fusbcore%2Fdrivers%2Fusb%3Ahub%2F1-0%3A1.0%2Fsubsystem%2Fdevices%2Fusb1%2F1-1%2F1-1%3A1.0%2F0003%3A0627%3A0001.0001%2Fdriver%2F0003%3A0627%3A0001.0001%2Fhidraw%2Fhidraw0%2Fdevice%2Fdriver%2F0003%3A0627%3A0001.0001%2Fsubsystem%2Fdrivers%2Fhid-generic%2F0003%3A0627%3A0001.0001%2Fsubsystem%2Fdevices%2F0003%3A0627%3A0001.0001%2Fdriver%2F0003%3A0627%3A0001.0001%2Fhidraw%2Fhidraw0%2Fdevice%2Fhidraw%2Fhidraw0%2Fdevice%2Fdriver%2F0003%3A0627%3A0001.0001%2Fdriver%2F0003%3A0627%3A0001.0001%2Fdriver%2F0003%3A0627%3A0001.0001%2Fhidraw%2Fhidraw0%2Fsubsystem%2Fhidraw0%2Fdevice%2Fhidraw%2Fhidraw0%2Fdevice%2Fhidraw%2Fhidraw0%2Fdevice%2Fdriver%2F0003%3A0627%3A0001.0001%2Fsubsystem%2Fdevices%2F0003%3A0627%3A0001.0001%2Fhidraw%2Fhidraw0%2Fsubsystem%2Fhidraw0 HTTP/1.1" 200 41628 "-" "Mozilla/5.0 AppleWebKit/537.36 (KHTML, like Gecko; compatible; GPTBot/1.2; +https://openai.com/gptbot)"
20.171.207.179 - - [22/Jul/2025:19:36:44 +0530] "GET /database/migrations/?HX=%2F%2Fsys%2Fclass%2Fmisc%2Fwatchdog%2Fdevice%2Fsubsystem%2Fdevices%2FQEMU0001%3A00%2Ffirmware_node%2Fdriver%2FQEMU0001%3A00%2Fsubsystem%2Fdevices%2FPNP0A08%3A00%2Fdevice%3A01%2Fsubsystem%2Fdevices%2Fdevice%3A05%2Fphysical_node%2F0000%3A02%3A00.0%2Fvirtio1%2Fhost0%2Ftarget0%3A0%3A0%2F0%3A0%3A0%3A0%2Fscsi_generic%2Fsg0%2Fdevice%2Fblock%2Fsda%2Fsda1%2Fsubsystem%2Floop0%2Fsubsystem%2Fsda%2Fdevice%2Fblock%2Fsda%2Fdevice%2Fsubsystem%2Fdevices%2Fhost4%2Fscsi_host%2Fhost4%2Fdevice%2Fscsi_host%2Fhost4%2Fsubsystem%2Fhost3%2Fsubsystem%2Fhost1%2Fsubsystem%2Fhost3%2Fsubsystem%2Fhost1%2Fsubsystem%2Fhost6%2Fsubsystem%2Fhost0%2Fdevice%2Ftarget0%3A0%3A0%2Fsubsystem%2Fdevices%2Fhost1%2Fsubsystem%2Fdevices%2Fhost4%2Fscsi_host%2Fhost4%2Fsubsystem HTTP/1.1" 200 53005 "-" "Mozilla/5.0 AppleWebKit/537.36 (KHTML, like Gecko; compatible; GPTBot/1.2; +https://openai.com/gptbot)"
20.171.207.223 - - [22/Jul/2025:19:37:26 +0530] "GET /database/migrations/?HX=%2F%2Fsys%2Fmodule%2Fusbcore%2Fdrivers%2Fusb%3Ahub%2F1-0%3A1.0%2Fsubsystem%2Fdevices%2Fusb1%2F1-1%2F1-1%3A1.0%2F0003%3A0627%3A0001.0001%2Fdriver%2F0003%3A0627%3A0001.0001%2Fhidraw%2Fhidraw0%2Fdevice%2Fdriver%2F0003%3A0627%3A0001.0001%2Fsubsystem%2Fdrivers%2Fhid-generic%2F0003%3A0627%3A0001.0001%2Fsubsystem%2Fdevices%2F0003%3A0627%3A0001.0001%2Fdriver%2F0003%3A0627%3A0001.0001%2Fhidraw%2Fhidraw0%2Fdevice%2Fhidraw%2Fhidraw0%2Fdevice%2Fdriver%2F0003%3A0627%3A0001.0001%2Fdriver%2F0003%3A0627%3A0001.0001%2Fdriver%2F0003%3A0627%3A0001.0001%2Fhidraw%2Fhidraw0%2Fsubsystem%2Fhidraw0%2Fdevice%2Fhidraw%2Fhidraw0%2Fdevice%2Fhidraw%2Fhidraw0%2Fdevice%2Fdriver%2F0003%3A0627%3A0001.0001%2Fsubsystem%2Fdevices%2F0003%3A0627%3A0001.0001%2Fsubsystem%2Fdrivers%2Fapple HTTP/1.1" 200 42373 "-" "Mozilla/5.0 AppleWebKit/537.36 (KHTML, like Gecko; compatible; GPTBot/1.2; +https://openai.com/gptbot)"
120.56.229.10 - - [22/Jul/2025:19:37:29 +0530] "GET /public/sells HTTP/1.1" 200 45613 "https://santhosh-gst.firstmatrix.co.in/public/sells" "Mozilla/5.0 (Windows NT 10.0; Win64; x64) AppleWebKit/537.36 (KHTML, like Gecko) Chrome/138.0.0.0 Safari/537.36"
120.56.229.10 - - [22/Jul/2025:19:37:30 +0530] "GET /public/sells?draw=1&columns%5B0%5D%5Bdata%5D=transaction_date&columns%5B0%5D%5Bname%5D=transaction_date&columns%5B0%5D%5Bsearchable%5D=true&columns%5B0%5D%5Borderable%5D=true&columns%5B0%5D%5Bsearch%5D%5Bvalue%5D=&columns%5B0%5D%5Bsearch%5D%5Bregex%5D=false&columns%5B1%5D%5Bdata%5D=invoice_no&columns%5B1%5D%5Bname%5D=invoice_no&columns%5B1%5D%5Bsearchable%5D=true&columns%5B1%5D%5Borderable%5D=true&columns%5B1%5D%5Bsearch%5D%5Bvalue%5D=&columns%5B1%5D%5Bsearch%5D%5Bregex%5D=false&columns%5B2%5D%5Bdata%5D=name&columns%5B2%5D%5Bname%5D=contacts.name&columns%5B2%5D%5Bsearchable%5D=true&columns%5B2%5D%5Borderable%5D=true&columns%5B2%5D%5Bsearch%5D%5Bvalue%5D=&columns%5B2%5D%5Bsearch%5D%5Bregex%5D=false&columns%5B3%5D%5Bdata%5D=business_location&columns%5B3%5D%5Bname%5D=bl.name&columns%5B3%5D%5Bsearchable%5D=true&columns%5B3%5D%5Borderable%5D=true&columns%5B3%5D%5Bsearch%5D%5Bvalue%5D=&columns%5B3%5D%5Bsearch%5D%5Bregex%5D=false&columns%5B4%5D%5Bdata%5D=payment_status&columns%5B4%5D%5Bname%5D=payment_status&columns%5B4%5D%5Bsearchable%5D=true&columns%5B4%5D%5Borderable%5D=true&columns%5B4%5D%5Bsearch%5D%5Bvalue%5D=&columns%5B4%5D%5Bsearch%5D%5Bregex%5D=false&columns%5B5%5D%5Bdata%5D=final_total&columns%5B5%5D%5Bname%5D=final_total&columns%5B5%5D%5Bsearchable%5D=true&columns%5B5%5D%5Borderable%5D=true&columns%5B5%5D%5Bsearch%5D%5Bvalue%5D=&columns%5B5%5D%5Bsearch%5D%5Bregex%5D=false&columns%5B6%5D%5Bdata%5D=total_paid&columns%5B6%5D%5Bname%5D=total_paid&columns%5B6%5D%5Bsearchable%5D=false&columns%5B6%5D%5Borderable%5D=true&columns%5B6%5D%5Bsearch%5D%5Bvalue%5D=&columns%5B6%5D%5Bsearch%5D%5Bregex%5D=false&columns%5B7%5D%5Bdata%5D=total_remaining&columns%5B7%5D%5Bname%5D=total_remaining&columns%5B7%5D%5Bsearchable%5D=true&columns%5B7%5D%5Borderable%5D=true&columns%5B7%5D%5Bsearch%5D%5Bvalue%5D=&columns%5B7%5D%5Bsearch%5D%5Bregex%5D=false&columns%5B8%5D%5Bdata%5D=action&columns%5B8%5D%5Bname%5D=action&columns%5B8%5D%5Bsearchable%5D=false&columns%5B8%5D%5Borderable%5D=false&columns%5B8%5D%5Bsearch%5D%5Bvalue%5D=&columns%5B8%5D%5Bsearch%5D%5Bregex%5D=false&order%5B0%5D%5Bcolumn%5D=0&order%5B0%5D%5Bdir%5D=desc&start=0&length=25&search%5Bvalue%5D=&search%5Bregex%5D=false&start_date=2025-07-22&end_date=2025-07-22&is_direct_sale=1&location_id=&customer_id=&payment_status=&created_by=&_=1753193249356 HTTP/1.1" 200 28552 "https://santhosh-gst.firstmatrix.co.in/public/sells" "Mozilla/5.0 (Windows NT 10.0; Win64; x64) AppleWebKit/537.36 (KHTML, like Gecko) Chrome/138.0.0.0 Safari/537.36"
120.56.229.10 - - [22/Jul/2025:19:37:35 +0530] "GET /public/sells/26188 HTTP/1.1" 200 6189 "https://santhosh-gst.firstmatrix.co.in/public/sells" "Mozilla/5.0 (Windows NT 10.0; Win64; x64) AppleWebKit/537.36 (KHTML, like Gecko) Chrome/138.0.0.0 Safari/537.36"
20.171.207.179 - - [22/Jul/2025:19:37:48 +0530] "GET /database/migrations/?HX=%2F%2Fsys%2Fclass%2Fmisc%2Fwatchdog%2Fdevice%2Fsubsystem%2Fdevices%2FQEMU0001%3A00%2Ffirmware_node%2Fdriver%2FQEMU0001%3A00%2Fsubsystem%2Fdevices%2FPNP0A08%3A00%2Fdevice%3A01%2Fsubsystem%2Fdevices%2Fdevice%3A05%2Fphysical_node%2F0000%3A02%3A00.0%2Fvirtio1%2Fhost0%2Ftarget0%3A0%3A0%2F0%3A0%3A0%3A0%2Fscsi_generic%2Fsg0%2Fdevice%2Fblock%2Fsda%2Fsda1%2Fsubsystem%2Floop0%2Fsubsystem%2Fsda%2Fdevice%2Fblock%2Fsda%2Fdevice%2Fsubsystem%2Fdevices%2Fhost4%2Fscsi_host%2Fhost4%2Fdevice%2Fscsi_host%2Fhost4%2Fsubsystem%2Fhost3%2Fsubsystem%2Fhost1%2Fsubsystem%2Fhost3%2Fsubsystem%2Fhost1%2Fsubsystem%2Fhost0%2Fsubsystem%2Fhost2%2Fsubsystem%2Fhost3%2Fdevice%2Fsubsystem%2Fdevices%2F0%3A0%3A0%3A0%2Fblock%2Fsda%2Fdevice%2Fblock%2Fsda%2Fsda1%2Fpower HTTP/1.1" 200 61196 "-" "Mozilla/5.0 AppleWebKit/537.36 (KHTML, like Gecko; compatible; GPTBot/1.2; +https://openai.com/gptbot)"
120.56.229.10 - - [22/Jul/2025:19:37:49 +0530] "GET /public/sells/26187 HTTP/1.1" 200 6622 "https://santhosh-gst.firstmatrix.co.in/public/sells" "Mozilla/5.0 (Windows NT 10.0; Win64; x64) AppleWebKit/537.36 (KHTML, like Gecko) Chrome/138.0.0.0 Safari/537.36"
20.171.207.223 - - [22/Jul/2025:19:38:32 +0530] "GET /database/migrations/?HX=%2F%2Fproc%2Fself%2Froot%2Fsys%2Fdev%2Fchar%2F247%3A2%2Fdevice%2Fusb1%2F1-1%2F1-1%3A1.0%2F0003%3A0627%3A0001.0001%2Fdriver%2F0003%3A0627%3A0001.0001%2Fhidraw%2Fhidraw0%2Fdevice%2Fdriver%2F0003%3A0627%3A0001.0001%2Fsubsystem%2Fdrivers%2Fhid-generic%2F0003%3A0627%3A0001.0001%2Fsubsystem%2Fdevices%2F0003%3A0627%3A0001.0001%2Fdriver%2F0003%3A0627%3A0001.0001%2Fhidraw%2Fhidraw0%2Fdevice%2Fsubsystem%2Fdevices%2F0003%3A0627%3A0001.0001%2Fhidraw%2Fhidraw0%2Fdevice%2Fdriver%2F0003%3A0627%3A0001.0001%2Fdriver%2F0003%3A0627%3A0001.0001%2Fsubsystem%2Fdrivers%2Fhid-generic%2F0003%3A0627%3A0001.0001%2Fhidraw%2Fhidraw0%2Fdevice%2Fdriver%2F0003%3A0627%3A0001.0001%2Fhidraw%2Fhidraw0%2Fsubsystem%2Fhidraw0%2Fdevice%2Fsubsystem HTTP/1.1" 200 38128 "-" "Mozilla/5.0 AppleWebKit/537.36 (KHTML, like Gecko; compatible; GPTBot/1.2; +https://openai.com/gptbot)"
20.171.207.179 - - [22/Jul/2025:19:38:53 +0530] "GET /database/migrations/?HX=%2F%2Fsys%2Fclass%2Fmisc%2Fwatchdog%2Fdevice%2Fsubsystem%2Fdevices%2FQEMU0001%3A00%2Ffirmware_node%2Fdriver%2FQEMU0001%3A00%2Fsubsystem%2Fdevices%2FPNP0A08%3A00%2Fdevice%3A01%2Fsubsystem%2Fdevices%2Fdevice%3A05%2Fphysical_node%2F0000%3A02%3A00.0%2Fvirtio1%2Fhost0%2Ftarget0%3A0%3A0%2F0%3A0%3A0%3A0%2Fscsi_generic%2Fsg0%2Fdevice%2Fblock%2Fsda%2Fsda1%2Fsubsystem%2Floop0%2Fsubsystem%2Fsda%2Fdevice%2Fblock%2Fsda%2Fdevice%2Fsubsystem%2Fdevices%2Fhost4%2Fscsi_host%2Fhost4%2Fdevice%2Fscsi_host%2Fhost4%2Fsubsystem%2Fhost3%2Fsubsystem%2Fhost1%2Fsubsystem%2Fhost3%2Fsubsystem%2Fhost1%2Fsubsystem%2Fhost0%2Fsubsystem%2Fhost5%2Fdevice%2Fsubsystem%2Fdevices%2F0%3A0%3A0%3A0%2Fblock%2Fsda%2Fsubsystem%2Fsda%2Fdevice%2Fblock%2Fsda%2Fsda1%2Fholders HTTP/1.1" 200 30913 "-" "Mozilla/5.0 AppleWebKit/537.36 (KHTML, like Gecko; compatible; GPTBot/1.2; +https://openai.com/gptbot)"
20.171.207.223 - - [22/Jul/2025:19:39:34 +0530] "GET /database/migrations/?HX=%2F%2Fsys%2Fmodule%2Fusbcore%2Fdrivers%2Fusb%3Ahub%2F1-0%3A1.0%2Fsubsystem%2Fdevices%2Fusb1%2F1-1%2F1-1%3A1.0%2F0003%3A0627%3A0001.0001%2Fdriver%2F0003%3A0627%3A0001.0001%2Fhidraw%2Fhidraw0%2Fdevice%2Fdriver%2F0003%3A0627%3A0001.0001%2Fsubsystem%2Fdrivers%2Fhid-generic%2F0003%3A0627%3A0001.0001%2Fsubsystem%2Fdevices%2F0003%3A0627%3A0001.0001%2Fdriver%2F0003%3A0627%3A0001.0001%2Fhidraw%2Fhidraw0%2Fdevice%2Fhidraw%2Fhidraw0%2Fdevice%2Fdriver%2F0003%3A0627%3A0001.0001%2Fdriver%2F0003%3A0627%3A0001.0001%2Fdriver%2F0003%3A0627%3A0001.0001%2Fhidraw%2Fhidraw0%2Fsubsystem%2Fhidraw0%2Fdevice%2Fhidraw%2Fhidraw0%2Fdevice%2Fhidraw%2Fhidraw0%2Fdevice%2Fdriver%2F0003%3A0627%3A0001.0001%2Fhidraw%2Fhidraw0%2Fdevice%2Fhidraw%2Fhidraw0%2Fdevice HTTP/1.1" 200 49486 "-" "Mozilla/5.0 AppleWebKit/537.36 (KHTML, like Gecko; compatible; GPTBot/1.2; +https://openai.com/gptbot)"
20.171.207.179 - - [22/Jul/2025:19:39:55 +0530] "GET /database/migrations/?HX=%2F%2Fsys%2Fclass%2Fmisc%2Fwatchdog%2Fdevice%2Fsubsystem%2Fdevices%2FQEMU0001%3A00%2Ffirmware_node%2Fdriver%2FQEMU0001%3A00%2Fsubsystem%2Fdevices%2FPNP0A08%3A00%2Fdevice%3A01%2Fsubsystem%2Fdevices%2Fdevice%3A05%2Fphysical_node%2F0000%3A02%3A00.0%2Fvirtio1%2Fhost0%2Ftarget0%3A0%3A0%2F0%3A0%3A0%3A0%2Fscsi_generic%2Fsg0%2Fdevice%2Fblock%2Fsda%2Fsda1%2Fsubsystem%2Floop0%2Fsubsystem%2Fsda%2Fdevice%2Fblock%2Fsda%2Fdevice%2Fsubsystem%2Fdevices%2Fhost4%2Fscsi_host%2Fhost4%2Fdevice%2Fscsi_host%2Fhost4%2Fsubsystem%2Fhost3%2Fsubsystem%2Fhost1%2Fsubsystem%2Fhost3%2Fsubsystem%2Fhost1%2Fsubsystem%2Fhost6%2Fsubsystem%2Fhost0%2Fdevice%2Ftarget0%3A0%3A0%2Fsubsystem%2Fdevices%2Fhost4%2Fscsi_host%2Fhost4%2Fsubsystem%2Fhost1%2Fdevice%2Fscsi_host%2Fhost1%2Fpower HTTP/1.1" 200 61882 "-" "Mozilla/5.0 AppleWebKit/537.36 (KHTML, like Gecko; compatible; GPTBot/1.2; +https://openai.com/gptbot)"
20.171.207.223 - - [22/Jul/2025:19:40:37 +0530] "GET /database/migrations/?HX=%2F%2Fproc%2Fself%2Froot%2Fsys%2Fdev%2Fchar%2F247%3A2%2Fdevice%2Fusb1%2F1-1%2F1-1%3A1.0%2F0003%3A0627%3A0001.0001%2Fdriver%2F0003%3A0627%3A0001.0001%2Fhidraw%2Fhidraw0%2Fdevice%2Fdriver%2F0003%3A0627%3A0001.0001%2Fsubsystem%2Fdrivers%2Fhid-generic%2F0003%3A0627%3A0001.0001%2Fsubsystem%2Fdevices%2F0003%3A0627%3A0001.0001%2Fdriver%2F0003%3A0627%3A0001.0001%2Fhidraw%2Fhidraw0%2Fdevice%2Fsubsystem%2Fdevices%2F0003%3A0627%3A0001.0001%2Fhidraw%2Fhidraw0%2Fdevice%2Fdriver%2F0003%3A0627%3A0001.0001%2Fdriver%2F0003%3A0627%3A0001.0001%2Fsubsystem%2Fdrivers%2Fhid-generic%2F0003%3A0627%3A0001.0001%2Fhidraw%2Fhidraw0%2Fdevice%2Fdriver%2F0003%3A0627%3A0001.0001%2Fhidraw%2Fhidraw0%2Fsubsystem%2Fhidraw0%2Fsubsystem%2Fhidraw0%2Fdevice%2Fhidraw%2Fhidraw0 HTTP/1.1" 200 39777 "-" "Mozilla/5.0 AppleWebKit/537.36 (KHTML, like Gecko; compatible; GPTBot/1.2; +https://openai.com/gptbot)"
20.171.207.179 - - [22/Jul/2025:19:41:01 +0530] "GET /database/migrations/?HX=%2F%2Fsys%2Fclass%2Fmisc%2Fwatchdog%2Fdevice%2Fsubsystem%2Fdevices%2FQEMU0001%3A00%2Ffirmware_node%2Fdriver%2FQEMU0001%3A00%2Fsubsystem%2Fdevices%2FPNP0A08%3A00%2Fdevice%3A01%2Fsubsystem%2Fdevices%2Fdevice%3A05%2Fphysical_node%2F0000%3A02%3A00.0%2Fvirtio1%2Fhost0%2Ftarget0%3A0%3A0%2F0%3A0%3A0%3A0%2Fscsi_generic%2Fsg0%2Fdevice%2Fblock%2Fsda%2Fsda1%2Fsubsystem%2Floop0%2Fsubsystem%2Fsda%2Fdevice%2Fblock%2Fsda%2Fdevice%2Fsubsystem%2Fdevices%2Fhost4%2Fscsi_host%2Fhost4%2Fdevice%2Fscsi_host%2Fhost4%2Fsubsystem%2Fhost3%2Fsubsystem%2Fhost1%2Fsubsystem%2Fhost3%2Fsubsystem%2Fhost1%2Fsubsystem%2Fhost6%2Fsubsystem%2Fhost0%2Fdevice%2Ftarget0%3A0%3A0%2Fsubsystem%2Fdevices%2Fhost4%2Fscsi_host%2Fhost4%2Fsubsystem%2Fhost2%2Fdevice%2Fscsi_host%2Fhost2 HTTP/1.1" 200 130958 "-" "Mozilla/5.0 AppleWebKit/537.36 (KHTML, like Gecko; compatible; GPTBot/1.2; +https://openai.com/gptbot)"
20.171.207.223 - - [22/Jul/2025:19:41:38 +0530] "GET /database/migrations/?HX=%2F%2Fsys%2Fmodule%2Fusbcore%2Fdrivers%2Fusb%3Ahub%2F1-0%3A1.0%2Fsubsystem%2Fdevices%2Fusb1%2F1-1%2F1-1%3A1.0%2F0003%3A0627%3A0001.0001%2Fdriver%2F0003%3A0627%3A0001.0001%2Fhidraw%2Fhidraw0%2Fdevice%2Fdriver%2F0003%3A0627%3A0001.0001%2Fsubsystem%2Fdrivers%2Fhid-generic%2F0003%3A0627%3A0001.0001%2Fsubsystem%2Fdevices%2F0003%3A0627%3A0001.0001%2Fdriver%2F0003%3A0627%3A0001.0001%2Fhidraw%2Fhidraw0%2Fdevice%2Fhidraw%2Fhidraw0%2Fdevice%2Fdriver%2F0003%3A0627%3A0001.0001%2Fdriver%2F0003%3A0627%3A0001.0001%2Fdriver%2F0003%3A0627%3A0001.0001%2Fhidraw%2Fhidraw0%2Fsubsystem%2Fhidraw0%2Fdevice%2Fhidraw%2Fhidraw0%2Fdevice%2Fhidraw%2Fhidraw0%2Fdevice%2Fdriver%2F0003%3A0627%3A0001.0001%2Fhidraw%2Fhidraw0%2Fdevice%2Fsubsystem%2Fdevices%2F0003%3A0627%3A0001.0001%2Fsubsystem%2Fdevices HTTP/1.1" 200 30191 "-" "Mozilla/5.0 AppleWebKit/537.36 (KHTML, like Gecko; compatible; GPTBot/1.2; +https://openai.com/gptbot)"
20.171.207.179 - - [22/Jul/2025:19:42:04 +0530] "GET /database/migrations/?HX=%2F%2Fsys%2Fclass%2Fmisc%2Fwatchdog%2Fdevice%2Fsubsystem%2Fdevices%2FQEMU0001%3A00%2Ffirmware_node%2Fdriver%2FQEMU0001%3A00%2Fsubsystem%2Fdevices%2FPNP0A08%3A00%2Fdevice%3A01%2Fsubsystem%2Fdevices%2Fdevice%3A05%2Fphysical_node%2F0000%3A02%3A00.0%2Fvirtio1%2Fhost0%2Ftarget0%3A0%3A0%2F0%3A0%3A0%3A0%2Fscsi_generic%2Fsg0%2Fdevice%2Fblock%2Fsda%2Fsda1%2Fsubsystem%2Floop0%2Fsubsystem%2Fsda%2Fdevice%2Fblock%2Fsda%2Fdevice%2Fsubsystem%2Fdevices%2Fhost4%2Fscsi_host%2Fhost4%2Fdevice%2Fscsi_host%2Fhost4%2Fsubsystem%2Fhost3%2Fsubsystem%2Fhost1%2Fsubsystem%2Fhost3%2Fsubsystem%2Fhost1%2Fsubsystem%2Fhost0%2Fsubsystem%2Fhost5%2Fdevice%2Fsubsystem%2Fdevices%2F0%3A0%3A0%3A0%2Fblock%2Fsda%2Fsubsystem%2Fsda%2Fdevice%2Fblock%2Fsda%2Fsda1%2Fpower HTTP/1.1" 200 61096 "-" "Mozilla/5.0 AppleWebKit/537.36 (KHTML, like Gecko; compatible; GPTBot/1.2; +https://openai.com/gptbot)"
20.171.207.223 - - [22/Jul/2025:19:42:38 +0530] "GET /database/migrations/?HX=%2F%2Fsys%2Fmodule%2Fusbcore%2Fdrivers%2Fusb%3Ahub%2F1-0%3A1.0%2Fsubsystem%2Fdevices%2Fusb1%2F1-1%2F1-1%3A1.0%2F0003%3A0627%3A0001.0001%2Fdriver%2F0003%3A0627%3A0001.0001%2Fhidraw%2Fhidraw0%2Fdevice%2Fdriver%2F0003%3A0627%3A0001.0001%2Fsubsystem%2Fdrivers%2Fhid-generic%2F0003%3A0627%3A0001.0001%2Fsubsystem%2Fdevices%2F0003%3A0627%3A0001.0001%2Fdriver%2F0003%3A0627%3A0001.0001%2Fhidraw%2Fhidraw0%2Fdevice%2Fhidraw%2Fhidraw0%2Fdevice%2Fdriver%2F0003%3A0627%3A0001.0001%2Fdriver%2F0003%3A0627%3A0001.0001%2Fdriver%2F0003%3A0627%3A0001.0001%2Fhidraw%2Fhidraw0%2Fsubsystem%2Fhidraw0%2Fdevice%2Fhidraw%2Fhidraw0%2Fdevice%2Fhidraw%2Fhidraw0%2Fdevice%2Fdriver%2F0003%3A0627%3A0001.0001%2Fhidraw%2Fhidraw0%2Fdevice%2Fsubsystem%2Fdrivers%2Fhid-generic%2F0003%3A0627%3A0001.0001%2Fpower HTTP/1.1" 200 59237 "-" "Mozilla/5.0 AppleWebKit/537.36 (KHTML, like Gecko; compatible; GPTBot/1.2; +https://openai.com/gptbot)"
120.56.229.10 - - [22/Jul/2025:19:42:57 +0530] "GET /public/pos/create HTTP/1.1" 200 85814 "https://santhosh-gst.firstmatrix.co.in/public/sells" "Mozilla/5.0 (Windows NT 10.0; Win64; x64) AppleWebKit/537.36 (KHTML, like Gecko) Chrome/138.0.0.0 Safari/537.36"
120.56.229.10 - - [22/Jul/2025:19:42:59 +0530] "GET /public/sells/pos/get-recent-transactions?status=final HTTP/1.1" 200 9350 "https://santhosh-gst.firstmatrix.co.in/public/pos/create" "Mozilla/5.0 (Windows NT 10.0; Win64; x64) AppleWebKit/537.36 (KHTML, like Gecko) Chrome/138.0.0.0 Safari/537.36"
120.56.229.10 - - [22/Jul/2025:19:42:59 +0530] "GET /public/sells/pos/get-recent-transactions?status=quotation HTTP/1.1" 200 55 "https://santhosh-gst.firstmatrix.co.in/public/pos/create" "Mozilla/5.0 (Windows NT 10.0; Win64; x64) AppleWebKit/537.36 (KHTML, like Gecko) Chrome/138.0.0.0 Safari/537.36"
120.56.229.10 - - [22/Jul/2025:19:42:59 +0530] "GET /public/sells/pos/get-recent-transactions?status=draft HTTP/1.1" 200 977 "https://santhosh-gst.firstmatrix.co.in/public/pos/create" "Mozilla/5.0 (Windows NT 10.0; Win64; x64) AppleWebKit/537.36 (KHTML, like Gecko) Chrome/138.0.0.0 Safari/537.36"
120.56.229.10 - - [22/Jul/2025:19:42:59 +0530] "GET /public/sells/pos/get-product-suggestion?category_id=all&brand_id=all&location_id=5&page=1 HTTP/1.1" 200 10607 "https://santhosh-gst.firstmatrix.co.in/public/pos/create" "Mozilla/5.0 (Windows NT 10.0; Win64; x64) AppleWebKit/537.36 (KHTML, like Gecko) Chrome/138.0.0.0 Safari/537.36"
120.56.229.10 - - [22/Jul/2025:19:43:03 +0530] "GET /public/products/list?price_group=0&location_id=5&term=DU¬_for_selling=0 HTTP/1.1" 200 17220 "https://santhosh-gst.firstmatrix.co.in/public/pos/create" "Mozilla/5.0 (Windows NT 10.0; Win64; x64) AppleWebKit/537.36 (KHTML, like Gecko) Chrome/138.0.0.0 Safari/537.36"
120.56.229.10 - - [22/Jul/2025:19:43:03 +0530] "GET /public/products/list?price_group=0&location_id=5&term=DUMM¬_for_selling=0 HTTP/1.1" 200 1401 "https://santhosh-gst.firstmatrix.co.in/public/pos/create" "Mozilla/5.0 (Windows NT 10.0; Win64; x64) AppleWebKit/537.36 (KHTML, like Gecko) Chrome/138.0.0.0 Safari/537.36"
120.56.229.10 - - [22/Jul/2025:19:43:04 +0530] "GET /public/products/list?price_group=0&location_id=5&term=DUMMY¬_for_selling=0 HTTP/1.1" 200 1401 "https://santhosh-gst.firstmatrix.co.in/public/pos/create" "Mozilla/5.0 (Windows NT 10.0; Win64; x64) AppleWebKit/537.36 (KHTML, like Gecko) Chrome/138.0.0.0 Safari/537.36"
20.171.207.179 - - [22/Jul/2025:19:43:06 +0530] "GET /database/migrations/?HX=%2F%2Fsys%2Fclass%2Fmisc%2Fwatchdog%2Fdevice%2Fsubsystem%2Fdevices%2FQEMU0001%3A00%2Ffirmware_node%2Fdriver%2FQEMU0001%3A00%2Fsubsystem%2Fdevices%2FPNP0A08%3A00%2Fdevice%3A01%2Fsubsystem%2Fdevices%2Fdevice%3A05%2Fphysical_node%2F0000%3A02%3A00.0%2Fvirtio1%2Fhost0%2Ftarget0%3A0%3A0%2F0%3A0%3A0%3A0%2Fscsi_generic%2Fsg0%2Fdevice%2Fblock%2Fsda%2Fsda1%2Fsubsystem%2Floop0%2Fsubsystem%2Fsda%2Fdevice%2Fblock%2Fsda%2Fdevice%2Fsubsystem%2Fdevices%2Fhost4%2Fscsi_host%2Fhost4%2Fdevice%2Fscsi_host%2Fhost4%2Fsubsystem%2Fhost3%2Fsubsystem%2Fhost1%2Fsubsystem%2Fhost3%2Fsubsystem%2Fhost1%2Fsubsystem%2Fhost4%2Fdevice%2Fsubsystem%2Fdevices%2Fhost0%2Fscsi_host%2Fhost0%2Fsubsystem%2Fhost0%2Fdevice%2Ftarget0%3A0%3A0%2Fsubsystem%2Fdevices%2Fhost6%2Fpower HTTP/1.1" 200 60811 "-" "Mozilla/5.0 AppleWebKit/537.36 (KHTML, like Gecko; compatible; GPTBot/1.2; +https://openai.com/gptbot)"
120.56.229.10 - - [22/Jul/2025:19:43:08 +0530] "GET /public/products/list?price_group=0&location_id=5&term=GI¬_for_selling=0 HTTP/1.1" 200 29210 "https://santhosh-gst.firstmatrix.co.in/public/pos/create" "Mozilla/5.0 (Windows NT 10.0; Win64; x64) AppleWebKit/537.36 (KHTML, like Gecko) Chrome/138.0.0.0 Safari/537.36"
120.56.229.10 - - [22/Jul/2025:19:43:09 +0530] "GET /public/products/list?price_group=0&location_id=5&term=GI+¬_for_selling=0 HTTP/1.1" 200 29210 "https://santhosh-gst.firstmatrix.co.in/public/pos/create" "Mozilla/5.0 (Windows NT 10.0; Win64; x64) AppleWebKit/537.36 (KHTML, like Gecko) Chrome/138.0.0.0 Safari/537.36"
120.56.229.10 - - [22/Jul/2025:19:43:10 +0530] "GET /public/products/list?price_group=0&location_id=5&term=GI+E¬_for_selling=0 HTTP/1.1" 200 1964 "https://santhosh-gst.firstmatrix.co.in/public/pos/create" "Mozilla/5.0 (Windows NT 10.0; Win64; x64) AppleWebKit/537.36 (KHTML, like Gecko) Chrome/138.0.0.0 Safari/537.36"
120.56.229.10 - - [22/Jul/2025:19:43:14 +0530] "GET /public/products/list?price_group=0&location_id=5&term=GI+¬_for_selling=0 HTTP/1.1" 200 29210 "https://santhosh-gst.firstmatrix.co.in/public/pos/create" "Mozilla/5.0 (Windows NT 10.0; Win64; x64) AppleWebKit/537.36 (KHTML, like Gecko) Chrome/138.0.0.0 Safari/537.36"
120.56.229.10 - - [22/Jul/2025:19:43:15 +0530] "GET /public/products/list?price_group=0&location_id=5&term=GI+P¬_for_selling=0 HTTP/1.1" 200 1477 "https://santhosh-gst.firstmatrix.co.in/public/pos/create" "Mozilla/5.0 (Windows NT 10.0; Win64; x64) AppleWebKit/537.36 (KHTML, like Gecko) Chrome/138.0.0.0 Safari/537.36"
120.56.229.10 - - [22/Jul/2025:19:43:15 +0530] "GET /public/products/list?price_group=0&location_id=5&term=GI+PL¬_for_selling=0 HTTP/1.1" 200 2 "https://santhosh-gst.firstmatrix.co.in/public/pos/create" "Mozilla/5.0 (Windows NT 10.0; Win64; x64) AppleWebKit/537.36 (KHTML, like Gecko) Chrome/138.0.0.0 Safari/537.36"
120.56.229.10 - - [22/Jul/2025:19:43:16 +0530] "GET /favicon.ico HTTP/1.1" 404 16 "https://santhosh-gst.firstmatrix.co.in/public/pos/create" "Mozilla/5.0 (Windows NT 10.0; Win64; x64) AppleWebKit/537.36 (KHTML, like Gecko) Chrome/138.0.0.0 Safari/537.36"
120.56.229.10 - - [22/Jul/2025:19:43:18 +0530] "GET /public/products/list?price_group=0&location_id=5&term=PL¬_for_selling=0 HTTP/1.1" 200 113853 "https://santhosh-gst.firstmatrix.co.in/public/pos/create" "Mozilla/5.0 (Windows NT 10.0; Win64; x64) AppleWebKit/537.36 (KHTML, like Gecko) Chrome/138.0.0.0 Safari/537.36"
120.56.229.10 - - [22/Jul/2025:19:43:19 +0530] "GET /public/products/list?price_group=0&location_id=5&term=PLU¬_for_selling=0 HTTP/1.1" 200 8023 "https://santhosh-gst.firstmatrix.co.in/public/pos/create" "Mozilla/5.0 (Windows NT 10.0; Win64; x64) AppleWebKit/537.36 (KHTML, like Gecko) Chrome/138.0.0.0 Safari/537.36"
120.56.229.10 - - [22/Jul/2025:19:43:19 +0530] "GET /public/products/list?price_group=0&location_id=5&term=PLUG¬_for_selling=0 HTTP/1.1" 200 3134 "https://santhosh-gst.firstmatrix.co.in/public/pos/create" "Mozilla/5.0 (Windows NT 10.0; Win64; x64) AppleWebKit/537.36 (KHTML, like Gecko) Chrome/138.0.0.0 Safari/537.36"
120.56.229.10 - - [22/Jul/2025:19:43:25 +0530] "GET /public/products/list?price_group=0&location_id=5&term=PLU¬_for_selling=0 HTTP/1.1" 200 8023 "https://santhosh-gst.firstmatrix.co.in/public/pos/create" "Mozilla/5.0 (Windows NT 10.0; Win64; x64) AppleWebKit/537.36 (KHTML, like Gecko) Chrome/138.0.0.0 Safari/537.36"
120.56.229.10 - - [22/Jul/2025:19:43:31 +0530] "GET /public/products/list?price_group=0&location_id=5&term=GI¬_for_selling=0 HTTP/1.1" 200 29210 "https://santhosh-gst.firstmatrix.co.in/public/pos/create" "Mozilla/5.0 (Windows NT 10.0; Win64; x64) AppleWebKit/537.36 (KHTML, like Gecko) Chrome/138.0.0.0 Safari/537.36"
120.56.229.10 - - [22/Jul/2025:19:43:32 +0530] "GET /public/products/list?price_group=0&location_id=5&term=GI+¬_for_selling=0 HTTP/1.1" 200 29210 "https://santhosh-gst.firstmatrix.co.in/public/pos/create" "Mozilla/5.0 (Windows NT 10.0; Win64; x64) AppleWebKit/537.36 (KHTML, like Gecko) Chrome/138.0.0.0 Safari/537.36"
120.56.229.10 - - [22/Jul/2025:19:43:32 +0530] "GET /public/products/list?price_group=0&location_id=5&term=GI+F¬_for_selling=0 HTTP/1.1" 200 573 "https://santhosh-gst.firstmatrix.co.in/public/pos/create" "Mozilla/5.0 (Windows NT 10.0; Win64; x64) AppleWebKit/537.36 (KHTML, like Gecko) Chrome/138.0.0.0 Safari/537.36"
120.56.229.10 - - [22/Jul/2025:19:43:33 +0530] "GET /public/products/list?price_group=0&location_id=5&term=GI+FL¬_for_selling=0 HTTP/1.1" 200 286 "https://santhosh-gst.firstmatrix.co.in/public/pos/create" "Mozilla/5.0 (Windows NT 10.0; Win64; x64) AppleWebKit/537.36 (KHTML, like Gecko) Chrome/138.0.0.0 Safari/537.36"
120.56.229.10 - - [22/Jul/2025:19:43:33 +0530] "GET /public/sells/pos/get_product_row/446/5?product_row=0&customer_id=4&is_direct_sell=false&price_group=0 HTTP/1.1" 200 7282 "https://santhosh-gst.firstmatrix.co.in/public/pos/create" "Mozilla/5.0 (Windows NT 10.0; Win64; x64) AppleWebKit/537.36 (KHTML, like Gecko) Chrome/138.0.0.0 Safari/537.36"
120.56.229.10 - - [22/Jul/2025:19:43:39 +0530] "GET /public/products/list?price_group=0&location_id=5&term=GI¬_for_selling=0 HTTP/1.1" 200 29210 "https://santhosh-gst.firstmatrix.co.in/public/pos/create" "Mozilla/5.0 (Windows NT 10.0; Win64; x64) AppleWebKit/537.36 (KHTML, like Gecko) Chrome/138.0.0.0 Safari/537.36"
120.56.229.10 - - [22/Jul/2025:19:43:39 +0530] "GET /public/products/list?price_group=0&location_id=5&term=GI+¬_for_selling=0 HTTP/1.1" 200 29210 "https://santhosh-gst.firstmatrix.co.in/public/pos/create" "Mozilla/5.0 (Windows NT 10.0; Win64; x64) AppleWebKit/537.36 (KHTML, like Gecko) Chrome/138.0.0.0 Safari/537.36"
120.56.229.10 - - [22/Jul/2025:19:43:40 +0530] "GET /public/products/list?price_group=0&location_id=5&term=GI+F¬_for_selling=0 HTTP/1.1" 200 573 "https://santhosh-gst.firstmatrix.co.in/public/pos/create" "Mozilla/5.0 (Windows NT 10.0; Win64; x64) AppleWebKit/537.36 (KHTML, like Gecko) Chrome/138.0.0.0 Safari/537.36"
120.56.229.10 - - [22/Jul/2025:19:43:43 +0530] "GET /public/products/list?price_group=0&location_id=5&term=GI+¬_for_selling=0 HTTP/1.1" 200 29210 "https://santhosh-gst.firstmatrix.co.in/public/pos/create" "Mozilla/5.0 (Windows NT 10.0; Win64; x64) AppleWebKit/537.36 (KHTML, like Gecko) Chrome/138.0.0.0 Safari/537.36"
20.171.207.223 - - [22/Jul/2025:19:43:44 +0530] "GET /database/migrations/?HX=%2F%2Fsys%2Fmodule%2Fusbcore%2Fdrivers%2Fusb%3Ahub%2F1-0%3A1.0%2Fsubsystem%2Fdevices%2Fusb1%2F1-1%2F1-1%3A1.0%2F0003%3A0627%3A0001.0001%2Fdriver%2F0003%3A0627%3A0001.0001%2Fhidraw%2Fhidraw0%2Fdevice%2Fdriver%2F0003%3A0627%3A0001.0001%2Fsubsystem%2Fdrivers%2Fhid-generic%2F0003%3A0627%3A0001.0001%2Fsubsystem%2Fdevices%2F0003%3A0627%3A0001.0001%2Fdriver%2F0003%3A0627%3A0001.0001%2Fhidraw%2Fhidraw0%2Fdevice%2Fhidraw%2Fhidraw0%2Fdevice%2Fdriver%2F0003%3A0627%3A0001.0001%2Fdriver%2F0003%3A0627%3A0001.0001%2Fdriver%2F0003%3A0627%3A0001.0001%2Fhidraw%2Fhidraw0%2Fsubsystem%2Fhidraw0%2Fdevice%2Fhidraw%2Fhidraw0%2Fdevice%2Fhidraw%2Fhidraw0%2Fdevice%2Fdriver%2F0003%3A0627%3A0001.0001%2Fsubsystem%2Fdrivers%2Fcherry HTTP/1.1" 200 36915 "-" "Mozilla/5.0 AppleWebKit/537.36 (KHTML, like Gecko; compatible; GPTBot/1.2; +https://openai.com/gptbot)"
220.158.156.238 - - [22/Jul/2025:19:43:47 +0530] "GET /public/products/list?price_group=0&location_id=5&term=687¬_for_selling=0 HTTP/1.1" 200 568 "https://santhosh-gst.firstmatrix.co.in/public/pos/create" "Mozilla/5.0 (Windows NT 10.0; Win64; x64) AppleWebKit/537.36 (KHTML, like Gecko) Chrome/138.0.0.0 Safari/537.36"
120.56.229.10 - - [22/Jul/2025:19:43:48 +0530] "GET /public/products/list?price_group=0&location_id=5&term=687¬_for_selling=0 HTTP/1.1" 200 568 "https://santhosh-gst.firstmatrix.co.in/public/pos/create" "Mozilla/5.0 (Windows NT 10.0; Win64; x64) AppleWebKit/537.36 (KHTML, like Gecko) Chrome/138.0.0.0 Safari/537.36"
220.158.156.238 - - [22/Jul/2025:19:43:55 +0530] "GET /public/sells/pos/get_product_row/375/5?product_row=1&customer_id=4&is_direct_sell=false&price_group=0 HTTP/1.1" 200 7258 "https://santhosh-gst.firstmatrix.co.in/public/pos/create" "Mozilla/5.0 (Windows NT 10.0; Win64; x64) AppleWebKit/537.36 (KHTML, like Gecko) Chrome/138.0.0.0 Safari/537.36"
20.171.207.179 - - [22/Jul/2025:19:44:08 +0530] "GET /database/migrations/?HX=%2F%2Fsys%2Fclass%2Fmisc%2Fwatchdog%2Fdevice%2Fsubsystem%2Fdevices%2FQEMU0001%3A00%2Ffirmware_node%2Fdriver%2FQEMU0001%3A00%2Fsubsystem%2Fdevices%2FPNP0A08%3A00%2Fdevice%3A01%2Fsubsystem%2Fdevices%2Fdevice%3A05%2Fphysical_node%2F0000%3A02%3A00.0%2Fvirtio1%2Fhost0%2Ftarget0%3A0%3A0%2F0%3A0%3A0%3A0%2Fscsi_generic%2Fsg0%2Fdevice%2Fblock%2Fsda%2Fsda1%2Fsubsystem%2Floop0%2Fsubsystem%2Fsda%2Fdevice%2Fblock%2Fsda%2Fdevice%2Fsubsystem%2Fdevices%2Fhost4%2Fscsi_host%2Fhost4%2Fdevice%2Fscsi_host%2Fhost4%2Fsubsystem%2Fhost3%2Fsubsystem%2Fhost1%2Fsubsystem%2Fhost3%2Fsubsystem%2Fhost1%2Fsubsystem%2Fhost4%2Fdevice%2Fsubsystem%2Fdevices%2Fhost0%2Fscsi_host%2Fhost0%2Fsubsystem%2Fhost0%2Fdevice%2Ftarget0%3A0%3A0%2Fsubsystem%2Fdevices%2Fhost6%2Fscsi_host HTTP/1.1" 200 32940 "-" "Mozilla/5.0 AppleWebKit/537.36 (KHTML, like Gecko; compatible; GPTBot/1.2; +https://openai.com/gptbot)"
20.171.207.223 - - [22/Jul/2025:19:44:49 +0530] "GET /database/migrations/?HX=%2F%2Fproc%2Fself%2Froot%2Fsys%2Fdev%2Fchar%2F247%3A2%2Fdevice%2Fusb1%2F1-1%2F1-1%3A1.0%2F0003%3A0627%3A0001.0001%2Fdriver%2F0003%3A0627%3A0001.0001%2Fhidraw%2Fhidraw0%2Fdevice%2Fdriver%2F0003%3A0627%3A0001.0001%2Fsubsystem%2Fdrivers%2Fhid-generic%2F0003%3A0627%3A0001.0001%2Fsubsystem%2Fdevices%2F0003%3A0627%3A0001.0001%2Fdriver%2F0003%3A0627%3A0001.0001%2Fhidraw%2Fhidraw0%2Fdevice%2Fsubsystem%2Fdevices%2F0003%3A0627%3A0001.0001%2Fhidraw%2Fhidraw0%2Fdevice%2Fdriver%2F0003%3A0627%3A0001.0001%2Fdriver%2F0003%3A0627%3A0001.0001%2Fsubsystem%2Fdrivers%2Fhid-generic%2F0003%3A0627%3A0001.0001%2Fhidraw%2Fhidraw0%2Fdevice%2Fdriver%2F0003%3A0627%3A0001.0001%2Fhidraw%2Fhidraw0%2Fsubsystem%2Fhidraw0%2Fdevice%2Fdriver%2F0003%3A0627%3A0001.0001%2Fhidraw%2Fhidraw0%2Fsubsystem%2Fhidraw0 HTTP/1.1" 200 41837 "-" "Mozilla/5.0 AppleWebKit/537.36 (KHTML, like Gecko; compatible; GPTBot/1.2; +https://openai.com/gptbot)"
220.158.156.238 - - [22/Jul/2025:19:44:55 +0530] "POST /public/pos HTTP/1.1" 200 149 "https://santhosh-gst.firstmatrix.co.in/public/pos/create" "Mozilla/5.0 (Windows NT 10.0; Win64; x64) AppleWebKit/537.36 (KHTML, like Gecko) Chrome/138.0.0.0 Safari/537.36"
220.158.156.238 - - [22/Jul/2025:19:44:55 +0530] "GET /public/sells/pos/get-recent-transactions?status=final HTTP/1.1" 200 9350 "https://santhosh-gst.firstmatrix.co.in/public/pos/create" "Mozilla/5.0 (Windows NT 10.0; Win64; x64) AppleWebKit/537.36 (KHTML, like Gecko) Chrome/138.0.0.0 Safari/537.36"
20.171.207.179 - - [22/Jul/2025:19:45:12 +0530] "GET /database/migrations/?HX=%2F%2Fsys%2Fclass%2Fmisc%2Fwatchdog%2Fdevice%2Fsubsystem%2Fdevices%2FQEMU0001%3A00%2Ffirmware_node%2Fdriver%2FQEMU0001%3A00%2Fsubsystem%2Fdevices%2FPNP0A08%3A00%2Fdevice%3A01%2Fsubsystem%2Fdevices%2Fdevice%3A05%2Fphysical_node%2F0000%3A02%3A00.0%2Fvirtio1%2Fhost0%2Ftarget0%3A0%3A0%2F0%3A0%3A0%3A0%2Fscsi_generic%2Fsg0%2Fdevice%2Fblock%2Fsda%2Fsda1%2Fsubsystem%2Floop0%2Fsubsystem%2Fsda%2Fdevice%2Fblock%2Fsda%2Fdevice%2Fsubsystem%2Fdevices%2Fhost4%2Fscsi_host%2Fhost4%2Fdevice%2Fscsi_host%2Fhost4%2Fsubsystem%2Fhost3%2Fsubsystem%2Fhost1%2Fsubsystem%2Fhost3%2Fsubsystem%2Fhost1%2Fsubsystem%2Fhost0%2Fsubsystem%2Fhost5%2Fdevice%2Fsubsystem%2Fdevices%2F0%3A0%3A0%3A0%2Fblock%2Fsda%2Fsubsystem%2Fsda%2Fdevice%2Fblock%2Fsda%2Fsda1%2Ftrace HTTP/1.1" 200 47512 "-" "Mozilla/5.0 AppleWebKit/537.36 (KHTML, like Gecko; compatible; GPTBot/1.2; +https://openai.com/gptbot)"
20.171.207.223 - - [22/Jul/2025:19:45:53 +0530] "GET /database/migrations/?HX=%2F%2Fsys%2Fmodule%2Fusbcore%2Fdrivers%2Fusb%3Ahub%2F1-0%3A1.0%2Fsubsystem%2Fdevices%2Fusb1%2F1-1%2F1-1%3A1.0%2F0003%3A0627%3A0001.0001%2Fdriver%2F0003%3A0627%3A0001.0001%2Fhidraw%2Fhidraw0%2Fdevice%2Fdriver%2F0003%3A0627%3A0001.0001%2Fsubsystem%2Fdrivers%2Fhid-generic%2F0003%3A0627%3A0001.0001%2Fsubsystem%2Fdevices%2F0003%3A0627%3A0001.0001%2Fdriver%2F0003%3A0627%3A0001.0001%2Fhidraw%2Fhidraw0%2Fdevice%2Fhidraw%2Fhidraw0%2Fdevice%2Fdriver%2F0003%3A0627%3A0001.0001%2Fdriver%2F0003%3A0627%3A0001.0001%2Fdriver%2F0003%3A0627%3A0001.0001%2Fhidraw%2Fhidraw0%2Fsubsystem%2Fhidraw0%2Fdevice%2Fhidraw%2Fhidraw0%2Fdevice%2Fhidraw%2Fhidraw0%2Fdevice%2Fdriver%2F0003%3A0627%3A0001.0001%2Fsubsystem%2Fdevices%2F0003%3A0627%3A0001.0001%2Fsubsystem%2Fdrivers%2Fapple%2Fmodule HTTP/1.1" 200 35538 "-" "Mozilla/5.0 AppleWebKit/537.36 (KHTML, like Gecko; compatible; GPTBot/1.2; +https://openai.com/gptbot)"
20.171.207.179 - - [22/Jul/2025:19:46:17 +0530] "GET /database/migrations/?HX=%2F%2Fsys%2Fclass%2Fmisc%2Fwatchdog%2Fdevice%2Fsubsystem%2Fdevices%2FQEMU0001%3A00%2Ffirmware_node%2Fdriver%2FQEMU0001%3A00%2Fsubsystem%2Fdevices%2FPNP0A08%3A00%2Fdevice%3A01%2Fsubsystem%2Fdevices%2Fdevice%3A05%2Fphysical_node%2F0000%3A02%3A00.0%2Fvirtio1%2Fhost0%2Ftarget0%3A0%3A0%2F0%3A0%3A0%3A0%2Fscsi_generic%2Fsg0%2Fdevice%2Fblock%2Fsda%2Fsda1%2Fsubsystem%2Floop0%2Fsubsystem%2Fsda%2Fdevice%2Fblock%2Fsda%2Fdevice%2Fsubsystem%2Fdevices%2Fhost4%2Fscsi_host%2Fhost4%2Fdevice%2Fscsi_host%2Fhost4%2Fsubsystem%2Fhost3%2Fsubsystem%2Fhost1%2Fsubsystem%2Fhost3%2Fsubsystem%2Fhost1%2Fsubsystem%2Fhost5%2Fsubsystem%2Fhost1%2Fdevice%2Fsubsystem%2Fdevices%2Fhost5%2Fsubsystem%2Fdevices%2Ftarget0%3A0%3A0%2Fsubsystem%2Fdevices HTTP/1.1" 200 57731 "-" "Mozilla/5.0 AppleWebKit/537.36 (KHTML, like Gecko; compatible; GPTBot/1.2; +https://openai.com/gptbot)"
220.158.156.238 - - [22/Jul/2025:19:46:22 +0530] "GET /public/sells HTTP/1.1" 200 45613 "https://santhosh-gst.firstmatrix.co.in/public/home" "Mozilla/5.0 (Windows NT 10.0; Win64; x64) AppleWebKit/537.36 (KHTML, like Gecko) Chrome/138.0.0.0 Safari/537.36"
