20.171.207.223 - - [22/Jul/2025:21:07:02 +0530] "GET /database/migrations/?HX=%2F%2Fproc%2Fself%2Froot%2Fsys%2Fdev%2Fchar%2F247%3A2%2Fdevice%2Fusb1%2F1-1%2F1-1%3A1.0%2F0003%3A0627%3A0001.0001%2Fdriver%2F0003%3A0627%3A0001.0001%2Fhidraw%2Fhidraw0%2Fdevice%2Fdriver%2F0003%3A0627%3A0001.0001%2Fsubsystem%2Fdrivers%2Fhid-generic%2F0003%3A0627%3A0001.0001%2Fsubsystem%2Fdevices%2F0003%3A0627%3A0001.0001%2Fdriver%2F0003%3A0627%3A0001.0001%2Fhidraw%2Fhidraw0%2Fdevice%2Fsubsystem%2Fdevices%2F0003%3A0627%3A0001.0001%2Fhidraw%2Fhidraw0%2Fdevice%2Fdriver%2F0003%3A0627%3A0001.0001%2Fdriver%2F0003%3A0627%3A0001.0001%2Fsubsystem%2Fdrivers%2Fhid-generic%2F0003%3A0627%3A0001.0001%2Fhidraw%2Fhidraw0%2Fdevice%2Fdriver%2F0003%3A0627%3A0001.0001%2Fhidraw%2Fhidraw0%2Fsubsystem%2Fhidraw0%2Fdevice%2Fsubsystem%2Fdevices%2F0003%3A0627%3A0001.0001%2Fsubsystem%2Fdrivers%2Fcherry HTTP/1.1" 200 40911 "-" "Mozilla/5.0 AppleWebKit/537.36 (KHTML, like Gecko; compatible; GPTBot/1.2; +https://openai.com/gptbot)"
20.171.207.179 - - [22/Jul/2025:21:07:51 +0530] "GET /database/migrations/?HX=%2F%2Fsys%2Fclass%2Fmisc%2Fwatchdog%2Fdevice%2Fsubsystem%2Fdevices%2FQEMU0001%3A00%2Ffirmware_node%2Fdriver%2FQEMU0001%3A00%2Fsubsystem%2Fdevices%2FPNP0A08%3A00%2Fdevice%3A01%2Fsubsystem%2Fdevices%2Fdevice%3A05%2Fphysical_node%2F0000%3A02%3A00.0%2Fvirtio1%2Fhost0%2Ftarget0%3A0%3A0%2F0%3A0%3A0%3A0%2Fscsi_generic%2Fsg0%2Fdevice%2Fblock%2Fsda%2Fsda1%2Fsubsystem%2Floop0%2Fsubsystem%2Fsda%2Fdevice%2Fblock%2Fsda%2Fdevice%2Fsubsystem%2Fdevices%2Fhost4%2Fscsi_host%2Fhost4%2Fdevice%2Fscsi_host%2Fhost4%2Fsubsystem%2Fhost3%2Fsubsystem%2Fhost1%2Fsubsystem%2Fhost3%2Fsubsystem%2Fhost1%2Fsubsystem%2Fhost0%2Fsubsystem%2Fhost6%2Fdevice%2Fsubsystem%2Fdevices%2Fhost4%2Fscsi_host%2Fhost4%2Fdevice%2Fscsi_host%2Fhost4%2Fdevice%2Fscsi_host%2Fhost4%2Fdevice%2Fscsi_host%2Fhost4 HTTP/1.1" 200 135316 "-" "Mozilla/5.0 AppleWebKit/537.36 (KHTML, like Gecko; compatible; GPTBot/1.2; +https://openai.com/gptbot)"
20.171.207.223 - - [22/Jul/2025:21:08:03 +0530] "GET /database/migrations/?HX=%2F%2Fproc%2Fself%2Froot%2Fsys%2Fdev%2Fchar%2F247%3A2%2Fdevice%2Fusb1%2F1-1%2F1-1%3A1.0%2F0003%3A0627%3A0001.0001%2Fdriver%2F0003%3A0627%3A0001.0001%2Fhidraw%2Fhidraw0%2Fdevice%2Fdriver%2F0003%3A0627%3A0001.0001%2Fsubsystem%2Fdrivers%2Fhid-generic%2F0003%3A0627%3A0001.0001%2Fsubsystem%2Fdevices%2F0003%3A0627%3A0001.0001%2Fdriver%2F0003%3A0627%3A0001.0001%2Fhidraw%2Fhidraw0%2Fdevice%2Fsubsystem%2Fdevices%2F0003%3A0627%3A0001.0001%2Fhidraw%2Fhidraw0%2Fdevice%2Fdriver%2F0003%3A0627%3A0001.0001%2Fdriver%2F0003%3A0627%3A0001.0001%2Fsubsystem%2Fdrivers%2Fhid-generic%2F0003%3A0627%3A0001.0001%2Fhidraw%2Fhidraw0%2Fdevice%2Fdriver%2F0003%3A0627%3A0001.0001%2Fhidraw%2Fhidraw0%2Fsubsystem%2Fhidraw0%2Fdevice%2Fhidraw%2Fhidraw0%2Fdevice%2Fdriver%2F0003%3A0627%3A0001.0001%2Fpower HTTP/1.1" 200 58466 "-" "Mozilla/5.0 AppleWebKit/537.36 (KHTML, like Gecko; compatible; GPTBot/1.2; +https://openai.com/gptbot)"
20.171.207.179 - - [22/Jul/2025:21:08:56 +0530] "GET /database/migrations/?HX=%2F%2Fsys%2Fclass%2Fmisc%2Fwatchdog%2Fdevice%2Fsubsystem%2Fdevices%2FQEMU0001%3A00%2Ffirmware_node%2Fdriver%2FQEMU0001%3A00%2Fsubsystem%2Fdevices%2FPNP0A08%3A00%2Fdevice%3A01%2Fsubsystem%2Fdevices%2Fdevice%3A05%2Fphysical_node%2F0000%3A02%3A00.0%2Fvirtio1%2Fhost0%2Ftarget0%3A0%3A0%2F0%3A0%3A0%3A0%2Fscsi_generic%2Fsg0%2Fdevice%2Fblock%2Fsda%2Fsda1%2Fsubsystem%2Floop0%2Fsubsystem%2Fsda%2Fdevice%2Fblock%2Fsda%2Fdevice%2Fsubsystem%2Fdevices%2Fhost4%2Fscsi_host%2Fhost4%2Fdevice%2Fscsi_host%2Fhost4%2Fsubsystem%2Fhost3%2Fsubsystem%2Fhost1%2Fsubsystem%2Fhost3%2Fsubsystem%2Fhost1%2Fsubsystem%2Fhost4%2Fsubsystem%2Fhost6%2Fsubsystem%2Fhost0%2Fdevice%2Ftarget0%3A0%3A0%2Fsubsystem%2Fdrivers%2Fsd%2F0%3A0%3A0%3A0%2Fblock%2Fsda%2Ftrace HTTP/1.1" 200 46181 "-" "Mozilla/5.0 AppleWebKit/537.36 (KHTML, like Gecko; compatible; GPTBot/1.2; +https://openai.com/gptbot)"
20.171.207.223 - - [22/Jul/2025:21:09:05 +0530] "GET /database/migrations/?HX=%2F%2Fproc%2Fself%2Froot%2Fsys%2Fdev%2Fchar%2F247%3A2%2Fdevice%2Fusb1%2F1-1%2F1-1%3A1.0%2F0003%3A0627%3A0001.0001%2Fdriver%2F0003%3A0627%3A0001.0001%2Fhidraw%2Fhidraw0%2Fdevice%2Fdriver%2F0003%3A0627%3A0001.0001%2Fsubsystem%2Fdrivers%2Fhid-generic%2F0003%3A0627%3A0001.0001%2Fsubsystem%2Fdevices%2F0003%3A0627%3A0001.0001%2Fdriver%2F0003%3A0627%3A0001.0001%2Fhidraw%2Fhidraw0%2Fdevice%2Fsubsystem%2Fdevices%2F0003%3A0627%3A0001.0001%2Fhidraw%2Fhidraw0%2Fdevice%2Fdriver%2F0003%3A0627%3A0001.0001%2Fdriver%2F0003%3A0627%3A0001.0001%2Fsubsystem%2Fdrivers%2Fhid-generic%2F0003%3A0627%3A0001.0001%2Fhidraw%2Fhidraw0%2Fdevice%2Fdriver%2F0003%3A0627%3A0001.0001%2Fhidraw%2Fhidraw0%2Fsubsystem%2Fhidraw0%2Fdevice%2Fhidraw%2Fhidraw0%2Fsubsystem%2Fhidraw0%2Fdevice%2Fhidraw HTTP/1.1" 200 29342 "-" "Mozilla/5.0 AppleWebKit/537.36 (KHTML, like Gecko; compatible; GPTBot/1.2; +https://openai.com/gptbot)"
20.171.207.179 - - [22/Jul/2025:21:09:57 +0530] "GET /database/migrations/?HX=%2F%2Fsys%2Fclass%2Fmisc%2Fwatchdog%2Fdevice%2Fsubsystem%2Fdevices%2FQEMU0001%3A00%2Ffirmware_node%2Fdriver%2FQEMU0001%3A00%2Fsubsystem%2Fdevices%2FPNP0A08%3A00%2Fdevice%3A01%2Fsubsystem%2Fdevices%2Fdevice%3A05%2Fphysical_node%2F0000%3A02%3A00.0%2Fvirtio1%2Fhost0%2Ftarget0%3A0%3A0%2F0%3A0%3A0%3A0%2Fscsi_generic%2Fsg0%2Fdevice%2Fblock%2Fsda%2Fsda1%2Fsubsystem%2Floop0%2Fsubsystem%2Fsda%2Fdevice%2Fblock%2Fsda%2Fdevice%2Fsubsystem%2Fdevices%2Fhost4%2Fscsi_host%2Fhost4%2Fdevice%2Fscsi_host%2Fhost4%2Fsubsystem%2Fhost3%2Fsubsystem%2Fhost1%2Fsubsystem%2Fhost3%2Fsubsystem%2Fhost1%2Fsubsystem%2Fhost6%2Fsubsystem%2Fhost0%2Fdevice%2Ftarget0%3A0%3A0%2F0%3A0%3A0%3A0%2Fbsg%2F0%3A0%3A0%3A0%2Fsubsystem HTTP/1.1" 200 28908 "-" "Mozilla/5.0 AppleWebKit/537.36 (KHTML, like Gecko; compatible; GPTBot/1.2; +https://openai.com/gptbot)"
20.171.207.223 - - [22/Jul/2025:21:10:08 +0530] "GET /database/migrations/?HX=%2F%2Fsys%2Fmodule%2Fusbcore%2Fdrivers%2Fusb%3Ahub%2F1-0%3A1.0%2Fsubsystem%2Fdevices%2Fusb1%2F1-1%2F1-1%3A1.0%2F0003%3A0627%3A0001.0001%2Fdriver%2F0003%3A0627%3A0001.0001%2Fhidraw%2Fhidraw0%2Fdevice%2Fdriver%2F0003%3A0627%3A0001.0001%2Fsubsystem%2Fdrivers%2Fhid-generic%2F0003%3A0627%3A0001.0001%2Fsubsystem%2Fdevices%2F0003%3A0627%3A0001.0001%2Fdriver%2F0003%3A0627%3A0001.0001%2Fhidraw%2Fhidraw0%2Fdevice%2Fhidraw%2Fhidraw0%2Fdevice%2Fdriver%2F0003%3A0627%3A0001.0001%2Fdriver%2F0003%3A0627%3A0001.0001%2Fdriver%2F0003%3A0627%3A0001.0001%2Fhidraw%2Fhidraw0%2Fsubsystem%2Fhidraw0%2Fdevice%2Fhidraw%2Fhidraw0%2Fdevice%2Fhidraw%2Fhidraw0%2Fdevice%2Fdriver%2F0003%3A0627%3A0001.0001%2Fhidraw%2Fhidraw0%2Fdevice%2Fsubsystem%2Fdevices%2F0003%3A0627%3A0001.0001%2Fsubsystem%2Fdrivers HTTP/1.1" 200 67449 "-" "Mozilla/5.0 AppleWebKit/537.36 (KHTML, like Gecko; compatible; GPTBot/1.2; +https://openai.com/gptbot)"
20.171.207.179 - - [22/Jul/2025:21:10:58 +0530] "GET /database/migrations/?HX=%2F%2Fsys%2Fclass%2Fmisc%2Fwatchdog%2Fdevice%2Fsubsystem%2Fdevices%2FQEMU0001%3A00%2Ffirmware_node%2Fdriver%2FQEMU0001%3A00%2Fsubsystem%2Fdevices%2FPNP0A08%3A00%2Fdevice%3A01%2Fsubsystem%2Fdevices%2Fdevice%3A05%2Fphysical_node%2F0000%3A02%3A00.0%2Fvirtio1%2Fhost0%2Ftarget0%3A0%3A0%2F0%3A0%3A0%3A0%2Fscsi_generic%2Fsg0%2Fdevice%2Fblock%2Fsda%2Fsda1%2Fsubsystem%2Floop0%2Fsubsystem%2Fsda%2Fdevice%2Fblock%2Fsda%2Fdevice%2Fsubsystem%2Fdevices%2Fhost4%2Fscsi_host%2Fhost4%2Fdevice%2Fscsi_host%2Fhost4%2Fsubsystem%2Fhost3%2Fsubsystem%2Fhost1%2Fsubsystem%2Fhost3%2Fsubsystem%2Fhost1%2Fsubsystem%2Fhost0%2Fsubsystem%2Fhost5%2Fdevice%2Fsubsystem%2Fdevices%2Fhost4%2Fscsi_host%2Fhost4%2Fdevice%2Fscsi_host%2Fhost4%2Fdevice%2Fscsi_host%2Fhost4%2Fdevice%2Fscsi_host%2Fhost4 HTTP/1.1" 200 135316 "-" "Mozilla/5.0 AppleWebKit/537.36 (KHTML, like Gecko; compatible; GPTBot/1.2; +https://openai.com/gptbot)"
20.171.207.223 - - [22/Jul/2025:21:11:14 +0530] "GET /database/migrations/?HX=%2F%2Fsys%2Fmodule%2Fusbcore%2Fdrivers%2Fusb%3Ahub%2F1-0%3A1.0%2Fsubsystem%2Fdevices%2Fusb1%2F1-1%2F1-1%3A1.0%2F0003%3A0627%3A0001.0001%2Fdriver%2F0003%3A0627%3A0001.0001%2Fhidraw%2Fhidraw0%2Fdevice%2Fdriver%2F0003%3A0627%3A0001.0001%2Fsubsystem%2Fdrivers%2Fhid-generic%2F0003%3A0627%3A0001.0001%2Fsubsystem%2Fdevices%2F0003%3A0627%3A0001.0001%2Fdriver%2F0003%3A0627%3A0001.0001%2Fhidraw%2Fhidraw0%2Fdevice%2Fhidraw%2Fhidraw0%2Fdevice%2Fdriver%2F0003%3A0627%3A0001.0001%2Fdriver%2F0003%3A0627%3A0001.0001%2Fdriver%2F0003%3A0627%3A0001.0001%2Fhidraw%2Fhidraw0%2Fsubsystem%2Fhidraw0%2Fdevice%2Fhidraw%2Fhidraw0%2Fdevice%2Fhidraw%2Fhidraw0%2Fdevice%2Fdriver%2F0003%3A0627%3A0001.0001%2Fhidraw%2Fhidraw0%2Fdevice%2Fhidraw%2Fhidraw0%2Fsubsystem%2Fhidraw0%2Fpower HTTP/1.1" 200 58377 "-" "Mozilla/5.0 AppleWebKit/537.36 (KHTML, like Gecko; compatible; GPTBot/1.2; +https://openai.com/gptbot)"
20.171.207.179 - - [22/Jul/2025:21:12:00 +0530] "GET /database/migrations/?HX=%2F%2Fsys%2Fclass%2Fmisc%2Fwatchdog%2Fdevice%2Fsubsystem%2Fdevices%2FQEMU0001%3A00%2Ffirmware_node%2Fdriver%2FQEMU0001%3A00%2Fsubsystem%2Fdevices%2FPNP0A08%3A00%2Fdevice%3A01%2Fsubsystem%2Fdevices%2Fdevice%3A05%2Fphysical_node%2F0000%3A02%3A00.0%2Fvirtio1%2Fhost0%2Ftarget0%3A0%3A0%2F0%3A0%3A0%3A0%2Fscsi_generic%2Fsg0%2Fdevice%2Fblock%2Fsda%2Fsda1%2Fsubsystem%2Floop0%2Fsubsystem%2Fsda%2Fdevice%2Fblock%2Fsda%2Fdevice%2Fsubsystem%2Fdevices%2Fhost4%2Fscsi_host%2Fhost4%2Fdevice%2Fscsi_host%2Fhost4%2Fsubsystem%2Fhost3%2Fsubsystem%2Fhost1%2Fsubsystem%2Fhost3%2Fsubsystem%2Fhost1%2Fsubsystem%2Fhost5%2Fsubsystem%2Fhost1%2Fdevice%2Fsubsystem%2Fdevices%2Fhost4%2Fscsi_host%2Fhost4%2Fdevice%2Fscsi_host%2Fhost4%2Fdevice%2Fscsi_host%2Fhost4%2Fdevice%2Fscsi_host%2Fhost4 HTTP/1.1" 200 135316 "-" "Mozilla/5.0 AppleWebKit/537.36 (KHTML, like Gecko; compatible; GPTBot/1.2; +https://openai.com/gptbot)"
20.171.207.223 - - [22/Jul/2025:21:12:15 +0530] "GET /database/migrations/?HX=%2F%2Fsys%2Fmodule%2Fusbcore%2Fdrivers%2Fusb%3Ahub%2F1-0%3A1.0%2Fsubsystem%2Fdevices%2Fusb1%2F1-1%2F1-1%3A1.0%2F0003%3A0627%3A0001.0001%2Fdriver%2F0003%3A0627%3A0001.0001%2Fhidraw%2Fhidraw0%2Fdevice%2Fdriver%2F0003%3A0627%3A0001.0001%2Fsubsystem%2Fdrivers%2Fhid-generic%2F0003%3A0627%3A0001.0001%2Fsubsystem%2Fdevices%2F0003%3A0627%3A0001.0001%2Fdriver%2F0003%3A0627%3A0001.0001%2Fhidraw%2Fhidraw0%2Fdevice%2Fhidraw%2Fhidraw0%2Fdevice%2Fdriver%2F0003%3A0627%3A0001.0001%2Fdriver%2F0003%3A0627%3A0001.0001%2Fdriver%2F0003%3A0627%3A0001.0001%2Fhidraw%2Fhidraw0%2Fsubsystem%2Fhidraw0%2Fdevice%2Fhidraw%2Fhidraw0%2Fdevice%2Fhidraw%2Fhidraw0%2Fdevice%2Fdriver%2F0003%3A0627%3A0001.0001%2Fsubsystem%2Fdevices%2F0003%3A0627%3A0001.0001%2Fhidraw%2Fhidraw0%2Fdevice%2Fsubsystem%2Fdevices HTTP/1.1" 200 30239 "-" "Mozilla/5.0 AppleWebKit/537.36 (KHTML, like Gecko; compatible; GPTBot/1.2; +https://openai.com/gptbot)"
20.171.207.179 - - [22/Jul/2025:21:13:06 +0530] "GET /database/migrations/?HX=%2F%2Fsys%2Fclass%2Fmisc%2Fwatchdog%2Fdevice%2Fsubsystem%2Fdevices%2FQEMU0001%3A00%2Ffirmware_node%2Fdriver%2FQEMU0001%3A00%2Fsubsystem%2Fdevices%2FPNP0A08%3A00%2Fdevice%3A01%2Fsubsystem%2Fdevices%2Fdevice%3A05%2Fphysical_node%2F0000%3A02%3A00.0%2Fvirtio1%2Fhost0%2Ftarget0%3A0%3A0%2F0%3A0%3A0%3A0%2Fscsi_generic%2Fsg0%2Fdevice%2Fblock%2Fsda%2Fsda1%2Fsubsystem%2Floop0%2Fsubsystem%2Fsda%2Fdevice%2Fblock%2Fsda%2Fdevice%2Fsubsystem%2Fdevices%2Fhost4%2Fscsi_host%2Fhost4%2Fdevice%2Fscsi_host%2Fhost4%2Fsubsystem%2Fhost3%2Fsubsystem%2Fhost1%2Fsubsystem%2Fhost3%2Fsubsystem%2Fhost1%2Fsubsystem%2Fhost1%2Fdevice%2Fsubsystem%2Fdevices%2Fhost6%2Fsubsystem%2Fdrivers%2Fsd%2F0%3A0%3A0%3A0%2Fbsg%2F0%3A0%3A0%3A0%2Fpower HTTP/1.1" 200 57611 "-" "Mozilla/5.0 AppleWebKit/537.36 (KHTML, like Gecko; compatible; GPTBot/1.2; +https://openai.com/gptbot)"
20.171.207.223 - - [22/Jul/2025:21:13:18 +0530] "GET /database/migrations/?HX=%2F%2Fsys%2Fmodule%2Fusbcore%2Fdrivers%2Fusb%3Ahub%2F1-0%3A1.0%2Fsubsystem%2Fdevices%2Fusb1%2F1-1%2F1-1%3A1.0%2F0003%3A0627%3A0001.0001%2Fdriver%2F0003%3A0627%3A0001.0001%2Fhidraw%2Fhidraw0%2Fdevice%2Fdriver%2F0003%3A0627%3A0001.0001%2Fsubsystem%2Fdrivers%2Fhid-generic%2F0003%3A0627%3A0001.0001%2Fsubsystem%2Fdevices%2F0003%3A0627%3A0001.0001%2Fdriver%2F0003%3A0627%3A0001.0001%2Fhidraw%2Fhidraw0%2Fdevice%2Fhidraw%2Fhidraw0%2Fdevice%2Fdriver%2F0003%3A0627%3A0001.0001%2Fdriver%2F0003%3A0627%3A0001.0001%2Fdriver%2F0003%3A0627%3A0001.0001%2Fhidraw%2Fhidraw0%2Fsubsystem%2Fhidraw0%2Fdevice%2Fhidraw%2Fhidraw0%2Fdevice%2Fhidraw%2Fhidraw0%2Fdevice%2Fdriver%2F0003%3A0627%3A0001.0001%2Fsubsystem%2Fdevices%2F0003%3A0627%3A0001.0001%2Fsubsystem%2Fdrivers%2Fhid-generic HTTP/1.1" 200 42575 "-" "Mozilla/5.0 AppleWebKit/537.36 (KHTML, like Gecko; compatible; GPTBot/1.2; +https://openai.com/gptbot)"
20.171.207.179 - - [22/Jul/2025:21:14:08 +0530] "GET /database/migrations/?HX=%2F%2Fsys%2Fclass%2Fmisc%2Fwatchdog%2Fdevice%2Fsubsystem%2Fdevices%2FQEMU0001%3A00%2Ffirmware_node%2Fdriver%2FQEMU0001%3A00%2Fsubsystem%2Fdevices%2FPNP0A08%3A00%2Fdevice%3A01%2Fsubsystem%2Fdevices%2Fdevice%3A05%2Fphysical_node%2F0000%3A02%3A00.0%2Fvirtio1%2Fhost0%2Ftarget0%3A0%3A0%2F0%3A0%3A0%3A0%2Fscsi_generic%2Fsg0%2Fdevice%2Fblock%2Fsda%2Fsda1%2Fsubsystem%2Floop0%2Fsubsystem%2Fsda%2Fdevice%2Fblock%2Fsda%2Fdevice%2Fsubsystem%2Fdevices%2Fhost4%2Fscsi_host%2Fhost4%2Fdevice%2Fscsi_host%2Fhost4%2Fsubsystem%2Fhost3%2Fsubsystem%2Fhost1%2Fsubsystem%2Fhost3%2Fsubsystem%2Fhost1%2Fsubsystem%2Fhost0%2Fsubsystem%2Fhost0%2Fdevice%2Ftarget0%3A0%3A0%2F0%3A0%3A0%3A0%2Fblock%2Fsda%2Fdevice%2Fgeneric%2Fsubsystem%2Fsg0%2Fpower HTTP/1.1" 200 58642 "-" "Mozilla/5.0 AppleWebKit/537.36 (KHTML, like Gecko; compatible; GPTBot/1.2; +https://openai.com/gptbot)"
20.171.207.223 - - [22/Jul/2025:21:14:20 +0530] "GET /database/migrations/?HX=%2F%2Fsys%2Fmodule%2Fusbcore%2Fdrivers%2Fusb%3Ahub%2F1-0%3A1.0%2Fsubsystem%2Fdevices%2Fusb1%2F1-1%2F1-1%3A1.0%2F0003%3A0627%3A0001.0001%2Fdriver%2F0003%3A0627%3A0001.0001%2Fhidraw%2Fhidraw0%2Fdevice%2Fdriver%2F0003%3A0627%3A0001.0001%2Fsubsystem%2Fdrivers%2Fhid-generic%2F0003%3A0627%3A0001.0001%2Fsubsystem%2Fdevices%2F0003%3A0627%3A0001.0001%2Fdriver%2F0003%3A0627%3A0001.0001%2Fhidraw%2Fhidraw0%2Fdevice%2Fhidraw%2Fhidraw0%2Fdevice%2Fdriver%2F0003%3A0627%3A0001.0001%2Fdriver%2F0003%3A0627%3A0001.0001%2Fdriver%2F0003%3A0627%3A0001.0001%2Fhidraw%2Fhidraw0%2Fsubsystem%2Fhidraw0%2Fdevice%2Fhidraw%2Fhidraw0%2Fdevice%2Fhidraw%2Fhidraw0%2Fdevice%2Fdriver%2F0003%3A0627%3A0001.0001%2Fsubsystem%2Fdevices%2F0003%3A0627%3A0001.0001%2Fhidraw%2Fhidraw0%2Fdevice%2Fsubsystem%2Fdrivers HTTP/1.1" 200 67497 "-" "Mozilla/5.0 AppleWebKit/537.36 (KHTML, like Gecko; compatible; GPTBot/1.2; +https://openai.com/gptbot)"
20.171.207.179 - - [22/Jul/2025:21:15:08 +0530] "GET /database/migrations/?HX=%2F%2Fsys%2Fclass%2Fmisc%2Fwatchdog%2Fdevice%2Fsubsystem%2Fdevices%2FQEMU0001%3A00%2Ffirmware_node%2Fdriver%2FQEMU0001%3A00%2Fsubsystem%2Fdevices%2FPNP0A08%3A00%2Fdevice%3A01%2Fsubsystem%2Fdevices%2Fdevice%3A05%2Fphysical_node%2F0000%3A02%3A00.0%2Fvirtio1%2Fhost0%2Ftarget0%3A0%3A0%2F0%3A0%3A0%3A0%2Fscsi_generic%2Fsg0%2Fdevice%2Fblock%2Fsda%2Fsda1%2Fsubsystem%2Floop0%2Fsubsystem%2Fsda%2Fdevice%2Fblock%2Fsda%2Fdevice%2Fsubsystem%2Fdevices%2Fhost4%2Fscsi_host%2Fhost4%2Fdevice%2Fscsi_host%2Fhost4%2Fsubsystem%2Fhost3%2Fsubsystem%2Fhost1%2Fsubsystem%2Fhost3%2Fsubsystem%2Fhost1%2Fsubsystem%2Fhost4%2Fsubsystem%2Fhost6%2Fsubsystem%2Fhost0%2Fdevice%2Ftarget0%3A0%3A0%2Fsubsystem%2Fdrivers%2Fsd%2F0%3A0%3A0%3A0%2Fblock%2Fsda%2Fholders HTTP/1.1" 200 29682 "-" "Mozilla/5.0 AppleWebKit/537.36 (KHTML, like Gecko; compatible; GPTBot/1.2; +https://openai.com/gptbot)"
20.171.207.223 - - [22/Jul/2025:21:15:21 +0530] "GET /database/migrations/?HX=%2F%2Fproc%2Fself%2Froot%2Fsys%2Fdev%2Fchar%2F247%3A2%2Fdevice%2Fusb1%2F1-1%2F1-1%3A1.0%2F0003%3A0627%3A0001.0001%2Fdriver%2F0003%3A0627%3A0001.0001%2Fhidraw%2Fhidraw0%2Fdevice%2Fdriver%2F0003%3A0627%3A0001.0001%2Fsubsystem%2Fdrivers%2Fhid-generic%2F0003%3A0627%3A0001.0001%2Fsubsystem%2Fdevices%2F0003%3A0627%3A0001.0001%2Fdriver%2F0003%3A0627%3A0001.0001%2Fhidraw%2Fhidraw0%2Fdevice%2Fsubsystem%2Fdevices%2F0003%3A0627%3A0001.0001%2Fhidraw%2Fhidraw0%2Fdevice%2Fdriver%2F0003%3A0627%3A0001.0001%2Fdriver%2F0003%3A0627%3A0001.0001%2Fsubsystem%2Fdrivers%2Fhid-generic%2F0003%3A0627%3A0001.0001%2Fhidraw%2Fhidraw0%2Fdevice%2Fdriver%2F0003%3A0627%3A0001.0001%2Fhidraw%2Fhidraw0%2Fsubsystem%2Fhidraw0%2Fdevice%2Fdriver%2F0003%3A0627%3A0001.0001%2Fhidraw%2Fhidraw0%2Fdevice%2Fpower HTTP/1.1" 200 58503 "-" "Mozilla/5.0 AppleWebKit/537.36 (KHTML, like Gecko; compatible; GPTBot/1.2; +https://openai.com/gptbot)"
20.171.207.179 - - [22/Jul/2025:21:16:11 +0530] "GET /database/migrations/?HX=%2F%2Fsys%2Fclass%2Fmisc%2Fwatchdog%2Fdevice%2Fsubsystem%2Fdevices%2FQEMU0001%3A00%2Ffirmware_node%2Fdriver%2FQEMU0001%3A00%2Fsubsystem%2Fdevices%2FPNP0A08%3A00%2Fdevice%3A01%2Fsubsystem%2Fdevices%2Fdevice%3A05%2Fphysical_node%2F0000%3A02%3A00.0%2Fvirtio1%2Fhost0%2Ftarget0%3A0%3A0%2F0%3A0%3A0%3A0%2Fscsi_generic%2Fsg0%2Fdevice%2Fblock%2Fsda%2Fsda1%2Fsubsystem%2Floop0%2Fsubsystem%2Fsda%2Fdevice%2Fblock%2Fsda%2Fdevice%2Fsubsystem%2Fdevices%2Fhost4%2Fscsi_host%2Fhost4%2Fdevice%2Fscsi_host%2Fhost4%2Fsubsystem%2Fhost3%2Fsubsystem%2Fhost1%2Fsubsystem%2Fhost3%2Fsubsystem%2Fhost1%2Fsubsystem%2Fhost0%2Fsubsystem%2Fhost6%2Fsubsystem%2Fhost5%2Fsubsystem%2Fhost0%2Fdevice%2Ftarget0%3A0%3A0%2F0%3A0%3A0%3A0%2Fgeneric%2Fpower HTTP/1.1" 200 58011 "-" "Mozilla/5.0 AppleWebKit/537.36 (KHTML, like Gecko; compatible; GPTBot/1.2; +https://openai.com/gptbot)"
20.171.207.223 - - [22/Jul/2025:21:16:24 +0530] "GET /database/migrations/?HX=%2F%2Fsys%2Fmodule%2Fusbcore%2Fdrivers%2Fusb%3Ahub%2F1-0%3A1.0%2Fsubsystem%2Fdevices%2Fusb1%2F1-1%2F1-1%3A1.0%2F0003%3A0627%3A0001.0001%2Fdriver%2F0003%3A0627%3A0001.0001%2Fhidraw%2Fhidraw0%2Fdevice%2Fdriver%2F0003%3A0627%3A0001.0001%2Fsubsystem%2Fdrivers%2Fhid-generic%2F0003%3A0627%3A0001.0001%2Fsubsystem%2Fdevices%2F0003%3A0627%3A0001.0001%2Fdriver%2F0003%3A0627%3A0001.0001%2Fhidraw%2Fhidraw0%2Fdevice%2Fhidraw%2Fhidraw0%2Fdevice%2Fdriver%2F0003%3A0627%3A0001.0001%2Fdriver%2F0003%3A0627%3A0001.0001%2Fdriver%2F0003%3A0627%3A0001.0001%2Fhidraw%2Fhidraw0%2Fsubsystem%2Fhidraw0%2Fdevice%2Fhidraw%2Fhidraw0%2Fdevice%2Fhidraw%2Fhidraw0%2Fdevice%2Fdriver%2F0003%3A0627%3A0001.0001%2Fhidraw%2Fhidraw0%2Fdevice%2Fsubsystem%2Fdrivers%2Fchicony HTTP/1.1" 200 39368 "-" "Mozilla/5.0 AppleWebKit/537.36 (KHTML, like Gecko; compatible; GPTBot/1.2; +https://openai.com/gptbot)"
20.171.207.179 - - [22/Jul/2025:21:17:13 +0530] "GET /database/migrations/?HX=%2F%2Fsys%2Fclass%2Fmisc%2Fwatchdog%2Fdevice%2Fsubsystem%2Fdevices%2FQEMU0001%3A00%2Ffirmware_node%2Fdriver%2FQEMU0001%3A00%2Fsubsystem%2Fdevices%2FPNP0A08%3A00%2Fdevice%3A01%2Fsubsystem%2Fdevices%2Fdevice%3A05%2Fphysical_node%2F0000%3A02%3A00.0%2Fvirtio1%2Fhost0%2Ftarget0%3A0%3A0%2F0%3A0%3A0%3A0%2Fscsi_generic%2Fsg0%2Fdevice%2Fblock%2Fsda%2Fsda1%2Fsubsystem%2Floop0%2Fsubsystem%2Fsda%2Fdevice%2Fblock%2Fsda%2Fdevice%2Fsubsystem%2Fdevices%2Fhost4%2Fscsi_host%2Fhost4%2Fdevice%2Fscsi_host%2Fhost4%2Fsubsystem%2Fhost3%2Fsubsystem%2Fhost1%2Fsubsystem%2Fhost3%2Fsubsystem%2Fhost1%2Fsubsystem%2Fhost0%2Fsubsystem%2Fhost5%2Fsubsystem%2Fhost0%2Fdevice%2Ftarget0%3A0%3A0%2F0%3A0%3A0%3A0%2Fblock%2Fsda%2Fbdi%2Fsubsystem%2Fdefault HTTP/1.1" 200 51246 "-" "Mozilla/5.0 AppleWebKit/537.36 (KHTML, like Gecko; compatible; GPTBot/1.2; +https://openai.com/gptbot)"
20.171.207.223 - - [22/Jul/2025:21:17:24 +0530] "GET /database/migrations/?HX=%2F%2Fproc%2Fself%2Froot%2Fsys%2Fdev%2Fchar%2F247%3A2%2Fdevice%2Fusb1%2F1-1%2F1-1%3A1.0%2F0003%3A0627%3A0001.0001%2Fdriver%2F0003%3A0627%3A0001.0001%2Fhidraw%2Fhidraw0%2Fdevice%2Fdriver%2F0003%3A0627%3A0001.0001%2Fsubsystem%2Fdrivers%2Fhid-generic%2F0003%3A0627%3A0001.0001%2Fsubsystem%2Fdevices%2F0003%3A0627%3A0001.0001%2Fdriver%2F0003%3A0627%3A0001.0001%2Fhidraw%2Fhidraw0%2Fdevice%2Fsubsystem%2Fdevices%2F0003%3A0627%3A0001.0001%2Fhidraw%2Fhidraw0%2Fdevice%2Fdriver%2F0003%3A0627%3A0001.0001%2Fdriver%2F0003%3A0627%3A0001.0001%2Fsubsystem%2Fdrivers%2Fhid-generic%2F0003%3A0627%3A0001.0001%2Fhidraw%2Fhidraw0%2Fdevice%2Fdriver%2F0003%3A0627%3A0001.0001%2Fhidraw%2Fhidraw0%2Fsubsystem%2Fhidraw0%2Fsubsystem%2Fhidraw0%2Fdevice%2Fhidraw%2Fhidraw0%2Fdevice HTTP/1.1" 200 50077 "-" "Mozilla/5.0 AppleWebKit/537.36 (KHTML, like Gecko; compatible; GPTBot/1.2; +https://openai.com/gptbot)"
120.56.229.10 - - [22/Jul/2025:21:18:03 +0530] "GET /public/login HTTP/1.1" 302 444 "-" "Mozilla/5.0 (Windows NT 10.0; Win64; x64) AppleWebKit/537.36 (KHTML, like Gecko) Chrome/138.0.0.0 Safari/537.36"
120.56.229.10 - - [22/Jul/2025:21:18:03 +0530] "GET /public/home HTTP/1.1" 200 36102 "-" "Mozilla/5.0 (Windows NT 10.0; Win64; x64) AppleWebKit/537.36 (KHTML, like Gecko) Chrome/138.0.0.0 Safari/537.36"
120.56.229.10 - - [22/Jul/2025:21:18:04 +0530] "GET /favicon.ico HTTP/1.1" 404 16 "https://santhosh-gst.firstmatrix.co.in/public/home" "Mozilla/5.0 (Windows NT 10.0; Win64; x64) AppleWebKit/537.36 (KHTML, like Gecko) Chrome/138.0.0.0 Safari/537.36"
120.56.229.10 - - [22/Jul/2025:21:18:07 +0530] "GET /public/sells HTTP/1.1" 200 45613 "https://santhosh-gst.firstmatrix.co.in/public/home" "Mozilla/5.0 (Windows NT 10.0; Win64; x64) AppleWebKit/537.36 (KHTML, like Gecko) Chrome/138.0.0.0 Safari/537.36"
120.56.229.10 - - [22/Jul/2025:21:18:08 +0530] "GET /public/sells?draw=1&columns%5B0%5D%5Bdata%5D=transaction_date&columns%5B0%5D%5Bname%5D=transaction_date&columns%5B0%5D%5Bsearchable%5D=true&columns%5B0%5D%5Borderable%5D=true&columns%5B0%5D%5Bsearch%5D%5Bvalue%5D=&columns%5B0%5D%5Bsearch%5D%5Bregex%5D=false&columns%5B1%5D%5Bdata%5D=invoice_no&columns%5B1%5D%5Bname%5D=invoice_no&columns%5B1%5D%5Bsearchable%5D=true&columns%5B1%5D%5Borderable%5D=true&columns%5B1%5D%5Bsearch%5D%5Bvalue%5D=&columns%5B1%5D%5Bsearch%5D%5Bregex%5D=false&columns%5B2%5D%5Bdata%5D=name&columns%5B2%5D%5Bname%5D=contacts.name&columns%5B2%5D%5Bsearchable%5D=true&columns%5B2%5D%5Borderable%5D=true&columns%5B2%5D%5Bsearch%5D%5Bvalue%5D=&columns%5B2%5D%5Bsearch%5D%5Bregex%5D=false&columns%5B3%5D%5Bdata%5D=business_location&columns%5B3%5D%5Bname%5D=bl.name&columns%5B3%5D%5Bsearchable%5D=true&columns%5B3%5D%5Borderable%5D=true&columns%5B3%5D%5Bsearch%5D%5Bvalue%5D=&columns%5B3%5D%5Bsearch%5D%5Bregex%5D=false&columns%5B4%5D%5Bdata%5D=payment_status&columns%5B4%5D%5Bname%5D=payment_status&columns%5B4%5D%5Bsearchable%5D=true&columns%5B4%5D%5Borderable%5D=true&columns%5B4%5D%5Bsearch%5D%5Bvalue%5D=&columns%5B4%5D%5Bsearch%5D%5Bregex%5D=false&columns%5B5%5D%5Bdata%5D=final_total&columns%5B5%5D%5Bname%5D=final_total&columns%5B5%5D%5Bsearchable%5D=true&columns%5B5%5D%5Borderable%5D=true&columns%5B5%5D%5Bsearch%5D%5Bvalue%5D=&columns%5B5%5D%5Bsearch%5D%5Bregex%5D=false&columns%5B6%5D%5Bdata%5D=total_paid&columns%5B6%5D%5Bname%5D=total_paid&columns%5B6%5D%5Bsearchable%5D=false&columns%5B6%5D%5Borderable%5D=true&columns%5B6%5D%5Bsearch%5D%5Bvalue%5D=&columns%5B6%5D%5Bsearch%5D%5Bregex%5D=false&columns%5B7%5D%5Bdata%5D=total_remaining&columns%5B7%5D%5Bname%5D=total_remaining&columns%5B7%5D%5Bsearchable%5D=true&columns%5B7%5D%5Borderable%5D=true&columns%5B7%5D%5Bsearch%5D%5Bvalue%5D=&columns%5B7%5D%5Bsearch%5D%5Bregex%5D=false&columns%5B8%5D%5Bdata%5D=action&columns%5B8%5D%5Bname%5D=action&columns%5B8%5D%5Bsearchable%5D=false&columns%5B8%5D%5Borderable%5D=false&columns%5B8%5D%5Bsearch%5D%5Bvalue%5D=&columns%5B8%5D%5Bsearch%5D%5Bregex%5D=false&order%5B0%5D%5Bcolumn%5D=0&order%5B0%5D%5Bdir%5D=desc&start=0&length=25&search%5Bvalue%5D=&search%5Bregex%5D=false&start_date=2025-07-22&end_date=2025-07-22&is_direct_sale=1&location_id=&customer_id=&payment_status=&created_by=&_=1753199286606 HTTP/1.1" 200 32111 "https://santhosh-gst.firstmatrix.co.in/public/sells" "Mozilla/5.0 (Windows NT 10.0; Win64; x64) AppleWebKit/537.36 (KHTML, like Gecko) Chrome/138.0.0.0 Safari/537.36"
120.56.229.10 - - [22/Jul/2025:21:18:10 +0530] "GET /public/sells/26188 HTTP/1.1" 200 6189 "https://santhosh-gst.firstmatrix.co.in/public/sells" "Mozilla/5.0 (Windows NT 10.0; Win64; x64) AppleWebKit/537.36 (KHTML, like Gecko) Chrome/138.0.0.0 Safari/537.36"
120.56.229.10 - - [22/Jul/2025:21:18:14 +0530] "GET /public/sells/26189 HTTP/1.1" 200 6222 "https://santhosh-gst.firstmatrix.co.in/public/sells" "Mozilla/5.0 (Windows NT 10.0; Win64; x64) AppleWebKit/537.36 (KHTML, like Gecko) Chrome/138.0.0.0 Safari/537.36"
20.171.207.179 - - [22/Jul/2025:21:18:18 +0530] "GET /database/migrations/?HX=%2F%2Fsys%2Fclass%2Fmisc%2Fwatchdog%2Fdevice%2Fsubsystem%2Fdevices%2FQEMU0001%3A00%2Ffirmware_node%2Fdriver%2FQEMU0001%3A00%2Fsubsystem%2Fdevices%2FPNP0A08%3A00%2Fdevice%3A01%2Fsubsystem%2Fdevices%2Fdevice%3A05%2Fphysical_node%2F0000%3A02%3A00.0%2Fvirtio1%2Fhost0%2Ftarget0%3A0%3A0%2F0%3A0%3A0%3A0%2Fscsi_generic%2Fsg0%2Fdevice%2Fblock%2Fsda%2Fsda1%2Fsubsystem%2Floop0%2Fsubsystem%2Fsda%2Fdevice%2Fblock%2Fsda%2Fdevice%2Fsubsystem%2Fdevices%2Fhost4%2Fscsi_host%2Fhost4%2Fdevice%2Fscsi_host%2Fhost4%2Fsubsystem%2Fhost3%2Fsubsystem%2Fhost1%2Fsubsystem%2Fhost3%2Fsubsystem%2Fhost1%2Fsubsystem%2Fhost0%2Fsubsystem%2Fhost5%2Fdevice%2Fsubsystem%2Fdevices%2Fhost4%2Fscsi_host%2Fhost4%2Fdevice%2Fscsi_host%2Fhost4%2Fdevice%2Fscsi_host%2Fhost4%2Fdevice%2Fscsi_host%2Fhost4%2Fpower HTTP/1.1" 200 64598 "-" "Mozilla/5.0 AppleWebKit/537.36 (KHTML, like Gecko; compatible; GPTBot/1.2; +https://openai.com/gptbot)"
20.171.207.223 - - [22/Jul/2025:21:18:24 +0530] "GET /database/migrations/?HX=%2F%2Fsys%2Fmodule%2Fusbcore%2Fdrivers%2Fusb%3Ahub%2F1-0%3A1.0%2Fsubsystem%2Fdevices%2Fusb1%2F1-1%2F1-1%3A1.0%2F0003%3A0627%3A0001.0001%2Fdriver%2F0003%3A0627%3A0001.0001%2Fhidraw%2Fhidraw0%2Fdevice%2Fdriver%2F0003%3A0627%3A0001.0001%2Fsubsystem%2Fdrivers%2Fhid-generic%2F0003%3A0627%3A0001.0001%2Fsubsystem%2Fdevices%2F0003%3A0627%3A0001.0001%2Fdriver%2F0003%3A0627%3A0001.0001%2Fhidraw%2Fhidraw0%2Fdevice%2Fhidraw%2Fhidraw0%2Fdevice%2Fdriver%2F0003%3A0627%3A0001.0001%2Fdriver%2F0003%3A0627%3A0001.0001%2Fdriver%2F0003%3A0627%3A0001.0001%2Fhidraw%2Fhidraw0%2Fsubsystem%2Fhidraw0%2Fdevice%2Fhidraw%2Fhidraw0%2Fdevice%2Fhidraw%2Fhidraw0%2Fdevice%2Fdriver%2F0003%3A0627%3A0001.0001%2Fsubsystem%2Fdrivers%2Flogitech HTTP/1.1" 200 36955 "-" "Mozilla/5.0 AppleWebKit/537.36 (KHTML, like Gecko; compatible; GPTBot/1.2; +https://openai.com/gptbot)"
120.56.229.10 - - [22/Jul/2025:21:18:31 +0530] "GET /public/payments/26187 HTTP/1.1" 200 5682 "https://santhosh-gst.firstmatrix.co.in/public/sells" "Mozilla/5.0 (Windows NT 10.0; Win64; x64) AppleWebKit/537.36 (KHTML, like Gecko) Chrome/138.0.0.0 Safari/537.36"
120.56.229.10 - - [22/Jul/2025:21:18:34 +0530] "GET /public/payments/26186 HTTP/1.1" 200 4250 "https://santhosh-gst.firstmatrix.co.in/public/sells" "Mozilla/5.0 (Windows NT 10.0; Win64; x64) AppleWebKit/537.36 (KHTML, like Gecko) Chrome/138.0.0.0 Safari/537.36"
120.56.229.10 - - [22/Jul/2025:21:18:36 +0530] "GET /public/payments/26185 HTTP/1.1" 200 4250 "https://santhosh-gst.firstmatrix.co.in/public/sells" "Mozilla/5.0 (Windows NT 10.0; Win64; x64) AppleWebKit/537.36 (KHTML, like Gecko) Chrome/138.0.0.0 Safari/537.36"
120.56.229.10 - - [22/Jul/2025:21:18:39 +0530] "GET /public/payments/26184 HTTP/1.1" 200 4251 "https://santhosh-gst.firstmatrix.co.in/public/sells" "Mozilla/5.0 (Windows NT 10.0; Win64; x64) AppleWebKit/537.36 (KHTML, like Gecko) Chrome/138.0.0.0 Safari/537.36"
120.56.229.10 - - [22/Jul/2025:21:18:43 +0530] "GET /public/payments/26179 HTTP/1.1" 200 4251 "https://santhosh-gst.firstmatrix.co.in/public/sells" "Mozilla/5.0 (Windows NT 10.0; Win64; x64) AppleWebKit/537.36 (KHTML, like Gecko) Chrome/138.0.0.0 Safari/537.36"
20.171.207.179 - - [22/Jul/2025:21:19:23 +0530] "GET /database/migrations/?HX=%2F%2Fsys%2Fclass%2Fmisc%2Fwatchdog%2Fdevice%2Fsubsystem%2Fdevices%2FQEMU0001%3A00%2Ffirmware_node%2Fdriver%2FQEMU0001%3A00%2Fsubsystem%2Fdevices%2FPNP0A08%3A00%2Fdevice%3A01%2Fsubsystem%2Fdevices%2Fdevice%3A05%2Fphysical_node%2F0000%3A02%3A00.0%2Fvirtio1%2Fhost0%2Ftarget0%3A0%3A0%2F0%3A0%3A0%3A0%2Fscsi_generic%2Fsg0%2Fdevice%2Fblock%2Fsda%2Fsda1%2Fsubsystem%2Floop0%2Fsubsystem%2Fsda%2Fdevice%2Fblock%2Fsda%2Fdevice%2Fsubsystem%2Fdevices%2Fhost4%2Fscsi_host%2Fhost4%2Fdevice%2Fscsi_host%2Fhost4%2Fsubsystem%2Fhost3%2Fsubsystem%2Fhost1%2Fsubsystem%2Fhost3%2Fsubsystem%2Fhost1%2Fsubsystem%2Fhost0%2Fsubsystem%2Fhost6%2Fdevice%2Fsubsystem%2Fdevices%2Fhost4%2Fscsi_host%2Fhost4%2Fdevice%2Fscsi_host%2Fhost4%2Fdevice%2Fscsi_host%2Fhost4%2Fdevice%2Fscsi_host%2Fhost4%2Fpower HTTP/1.1" 200 64598 "-" "Mozilla/5.0 AppleWebKit/537.36 (KHTML, like Gecko; compatible; GPTBot/1.2; +https://openai.com/gptbot)"
20.171.207.223 - - [22/Jul/2025:21:19:26 +0530] "GET /database/migrations/?HX=%2F%2Fsys%2Fmodule%2Fusbcore%2Fdrivers%2Fusb%3Ahub%2F1-0%3A1.0%2Fsubsystem%2Fdevices%2Fusb1%2F1-1%2F1-1%3A1.0%2F0003%3A0627%3A0001.0001%2Fdriver%2F0003%3A0627%3A0001.0001%2Fhidraw%2Fhidraw0%2Fdevice%2Fdriver%2F0003%3A0627%3A0001.0001%2Fsubsystem%2Fdrivers%2Fhid-generic%2F0003%3A0627%3A0001.0001%2Fsubsystem%2Fdevices%2F0003%3A0627%3A0001.0001%2Fdriver%2F0003%3A0627%3A0001.0001%2Fhidraw%2Fhidraw0%2Fdevice%2Fhidraw%2Fhidraw0%2Fdevice%2Fdriver%2F0003%3A0627%3A0001.0001%2Fdriver%2F0003%3A0627%3A0001.0001%2Fdriver%2F0003%3A0627%3A0001.0001%2Fhidraw%2Fhidraw0%2Fsubsystem%2Fhidraw0%2Fdevice%2Fhidraw%2Fhidraw0%2Fdevice%2Fhidraw%2Fhidraw0%2Fdevice%2Fdriver%2F0003%3A0627%3A0001.0001%2Fsubsystem%2Fdrivers%2Fhid-generic HTTP/1.1" 200 39552 "-" "Mozilla/5.0 AppleWebKit/537.36 (KHTML, like Gecko; compatible; GPTBot/1.2; +https://openai.com/gptbot)"
120.56.229.10 - - [22/Jul/2025:21:19:26 +0530] "GET /public/purchases HTTP/1.1" 200 43490 "https://santhosh-gst.firstmatrix.co.in/public/sells" "Mozilla/5.0 (Windows NT 10.0; Win64; x64) AppleWebKit/537.36 (KHTML, like Gecko) Chrome/138.0.0.0 Safari/537.36"
120.56.229.10 - - [22/Jul/2025:21:19:27 +0530] "GET /public/purchases?draw=1&columns%5B0%5D%5Bdata%5D=transaction_date&columns%5B0%5D%5Bname%5D=transaction_date&columns%5B0%5D%5Bsearchable%5D=true&columns%5B0%5D%5Borderable%5D=true&columns%5B0%5D%5Bsearch%5D%5Bvalue%5D=&columns%5B0%5D%5Bsearch%5D%5Bregex%5D=false&columns%5B1%5D%5Bdata%5D=ref_no&columns%5B1%5D%5Bname%5D=ref_no&columns%5B1%5D%5Bsearchable%5D=true&columns%5B1%5D%5Borderable%5D=true&columns%5B1%5D%5Bsearch%5D%5Bvalue%5D=&columns%5B1%5D%5Bsearch%5D%5Bregex%5D=false&columns%5B2%5D%5Bdata%5D=location_name&columns%5B2%5D%5Bname%5D=BS.name&columns%5B2%5D%5Bsearchable%5D=true&columns%5B2%5D%5Borderable%5D=true&columns%5B2%5D%5Bsearch%5D%5Bvalue%5D=&columns%5B2%5D%5Bsearch%5D%5Bregex%5D=false&columns%5B3%5D%5Bdata%5D=name&columns%5B3%5D%5Bname%5D=contacts.name&columns%5B3%5D%5Bsearchable%5D=true&columns%5B3%5D%5Borderable%5D=true&columns%5B3%5D%5Bsearch%5D%5Bvalue%5D=&columns%5B3%5D%5Bsearch%5D%5Bregex%5D=false&columns%5B4%5D%5Bdata%5D=status&columns%5B4%5D%5Bname%5D=status&columns%5B4%5D%5Bsearchable%5D=true&columns%5B4%5D%5Borderable%5D=true&columns%5B4%5D%5Bsearch%5D%5Bvalue%5D=&columns%5B4%5D%5Bsearch%5D%5Bregex%5D=false&columns%5B5%5D%5Bdata%5D=payment_status&columns%5B5%5D%5Bname%5D=payment_status&columns%5B5%5D%5Bsearchable%5D=true&columns%5B5%5D%5Borderable%5D=true&columns%5B5%5D%5Bsearch%5D%5Bvalue%5D=&columns%5B5%5D%5Bsearch%5D%5Bregex%5D=false&columns%5B6%5D%5Bdata%5D=final_total&columns%5B6%5D%5Bname%5D=final_total&columns%5B6%5D%5Bsearchable%5D=true&columns%5B6%5D%5Borderable%5D=true&columns%5B6%5D%5Bsearch%5D%5Bvalue%5D=&columns%5B6%5D%5Bsearch%5D%5Bregex%5D=false&columns%5B7%5D%5Bdata%5D=payment_due&columns%5B7%5D%5Bname%5D=payment_due&columns%5B7%5D%5Bsearchable%5D=false&columns%5B7%5D%5Borderable%5D=false&columns%5B7%5D%5Bsearch%5D%5Bvalue%5D=&columns%5B7%5D%5Bsearch%5D%5Bregex%5D=false&columns%5B8%5D%5Bdata%5D=action&columns%5B8%5D%5Bname%5D=action&columns%5B8%5D%5Bsearchable%5D=false&columns%5B8%5D%5Borderable%5D=false&columns%5B8%5D%5Bsearch%5D%5Bvalue%5D=&columns%5B8%5D%5Bsearch%5D%5Bregex%5D=false&order%5B0%5D%5Bcolumn%5D=0&order%5B0%5D%5Bdir%5D=desc&start=0&length=25&search%5Bvalue%5D=&search%5Bregex%5D=false&location_id=&supplier_id=&payment_status=&status=&start_date=2025-04-01&end_date=2026-03-31&_=1753199366572 HTTP/1.1" 200 57 "https://santhosh-gst.firstmatrix.co.in/public/purchases" "Mozilla/5.0 (Windows NT 10.0; Win64; x64) AppleWebKit/537.36 (KHTML, like Gecko) Chrome/138.0.0.0 Safari/537.36"
20.171.207.179 - - [22/Jul/2025:21:20:29 +0530] "GET /database/migrations/?HX=%2F%2Fsys%2Fclass%2Fmisc%2Fwatchdog%2Fdevice%2Fsubsystem%2Fdevices%2FQEMU0001%3A00%2Ffirmware_node%2Fdriver%2FQEMU0001%3A00%2Fsubsystem%2Fdevices%2FPNP0A08%3A00%2Fdevice%3A01%2Fsubsystem%2Fdevices%2Fdevice%3A05%2Fphysical_node%2F0000%3A02%3A00.0%2Fvirtio1%2Fhost0%2Ftarget0%3A0%3A0%2F0%3A0%3A0%3A0%2Fscsi_generic%2Fsg0%2Fdevice%2Fblock%2Fsda%2Fsda1%2Fsubsystem%2Floop0%2Fsubsystem%2Fsda%2Fdevice%2Fblock%2Fsda%2Fdevice%2Fsubsystem%2Fdevices%2Fhost4%2Fscsi_host%2Fhost4%2Fdevice%2Fscsi_host%2Fhost4%2Fsubsystem%2Fhost3%2Fsubsystem%2Fhost1%2Fsubsystem%2Fhost3%2Fsubsystem%2Fhost1%2Fsubsystem%2Fhost6%2Fsubsystem%2Fhost0%2Fdevice%2Ftarget0%3A0%3A0%2F0%3A0%3A0%3A0%2Fblock%2Fsda%2Fbdi%2Fsubsystem%2Fdefault%2Fsubsystem%2Fdefault%2Fpower HTTP/1.1" 200 59779 "-" "Mozilla/5.0 AppleWebKit/537.36 (KHTML, like Gecko; compatible; GPTBot/1.2; +https://openai.com/gptbot)"
20.171.207.223 - - [22/Jul/2025:21:20:29 +0530] "GET /database/migrations/?HX=%2F%2Fsys%2Fmodule%2Fusbcore%2Fdrivers%2Fusb%3Ahub%2F1-0%3A1.0%2Fsubsystem%2Fdevices%2Fusb1%2F1-1%2F1-1%3A1.0%2F0003%3A0627%3A0001.0001%2Fdriver%2F0003%3A0627%3A0001.0001%2Fhidraw%2Fhidraw0%2Fdevice%2Fdriver%2F0003%3A0627%3A0001.0001%2Fsubsystem%2Fdrivers%2Fhid-generic%2F0003%3A0627%3A0001.0001%2Fsubsystem%2Fdevices%2F0003%3A0627%3A0001.0001%2Fdriver%2F0003%3A0627%3A0001.0001%2Fhidraw%2Fhidraw0%2Fdevice%2Fhidraw%2Fhidraw0%2Fdevice%2Fdriver%2F0003%3A0627%3A0001.0001%2Fdriver%2F0003%3A0627%3A0001.0001%2Fdriver%2F0003%3A0627%3A0001.0001%2Fhidraw%2Fhidraw0%2Fsubsystem%2Fhidraw0%2Fdevice%2Fhidraw%2Fhidraw0%2Fdevice%2Fhidraw%2Fhidraw0%2Fdevice%2Fdriver%2F0003%3A0627%3A0001.0001%2Fhidraw%2Fhidraw0%2Fdevice%2Fhidraw%2Fhidraw0%2Fpower HTTP/1.1" 200 56205 "-" "Mozilla/5.0 AppleWebKit/537.36 (KHTML, like Gecko; compatible; GPTBot/1.2; +https://openai.com/gptbot)"
20.171.207.179 - - [22/Jul/2025:21:21:29 +0530] "GET /database/migrations/?HX=%2F%2Fsys%2Fclass%2Fmisc%2Fwatchdog%2Fdevice%2Fsubsystem%2Fdevices%2FQEMU0001%3A00%2Ffirmware_node%2Fdriver%2FQEMU0001%3A00%2Fsubsystem%2Fdevices%2FPNP0A08%3A00%2Fdevice%3A01%2Fsubsystem%2Fdevices%2Fdevice%3A05%2Fphysical_node%2F0000%3A02%3A00.0%2Fvirtio1%2Fhost0%2Ftarget0%3A0%3A0%2F0%3A0%3A0%3A0%2Fscsi_generic%2Fsg0%2Fdevice%2Fblock%2Fsda%2Fsda1%2Fsubsystem%2Floop0%2Fsubsystem%2Fsda%2Fdevice%2Fblock%2Fsda%2Fdevice%2Fsubsystem%2Fdevices%2Fhost4%2Fscsi_host%2Fhost4%2Fdevice%2Fscsi_host%2Fhost4%2Fsubsystem%2Fhost3%2Fsubsystem%2Fhost1%2Fsubsystem%2Fhost3%2Fsubsystem%2Fhost1%2Fsubsystem%2Fhost6%2Fsubsystem%2Fhost0%2Fdevice%2Ftarget0%3A0%3A0%2F0%3A0%3A0%3A0%2Fbsg%2F0%3A0%3A0%3A0%2Fpower HTTP/1.1" 200 55070 "-" "Mozilla/5.0 AppleWebKit/537.36 (KHTML, like Gecko; compatible; GPTBot/1.2; +https://openai.com/gptbot)"
20.171.207.223 - - [22/Jul/2025:21:21:31 +0530] "GET /database/migrations/?HX=%2F%2Fsys%2Fmodule%2Fusbcore%2Fdrivers%2Fusb%3Ahub%2F1-0%3A1.0%2Fsubsystem%2Fdevices%2Fusb1%2F1-1%2F1-1%3A1.0%2F0003%3A0627%3A0001.0001%2Fdriver%2F0003%3A0627%3A0001.0001%2Fhidraw%2Fhidraw0%2Fdevice%2Fdriver%2F0003%3A0627%3A0001.0001%2Fsubsystem%2Fdrivers%2Fhid-generic%2F0003%3A0627%3A0001.0001%2Fsubsystem%2Fdevices%2F0003%3A0627%3A0001.0001%2Fdriver%2F0003%3A0627%3A0001.0001%2Fhidraw%2Fhidraw0%2Fdevice%2Fhidraw%2Fhidraw0%2Fdevice%2Fdriver%2F0003%3A0627%3A0001.0001%2Fdriver%2F0003%3A0627%3A0001.0001%2Fdriver%2F0003%3A0627%3A0001.0001%2Fhidraw%2Fhidraw0%2Fsubsystem%2Fhidraw0%2Fdevice%2Fhidraw%2Fhidraw0%2Fdevice%2Fhidraw%2Fhidraw0%2Fdevice%2Fdriver%2F0003%3A0627%3A0001.0001%2Fsubsystem%2Fdevices%2F0003%3A0627%3A0001.0001%2Fhidraw%2Fhidraw0%2Fdevice%2Fhidraw%2Fhidraw0%2Fpower HTTP/1.1" 200 60158 "-" "Mozilla/5.0 AppleWebKit/537.36 (KHTML, like Gecko; compatible; GPTBot/1.2; +https://openai.com/gptbot)"
20.171.207.223 - - [22/Jul/2025:21:22:31 +0530] "GET /database/migrations/?HX=%2F%2Fproc%2Fself%2Froot%2Fsys%2Fdev%2Fchar%2F247%3A2%2Fdevice%2Fusb1%2F1-1%2F1-1%3A1.0%2F0003%3A0627%3A0001.0001%2Fdriver%2F0003%3A0627%3A0001.0001%2Fhidraw%2Fhidraw0%2Fdevice%2Fdriver%2F0003%3A0627%3A0001.0001%2Fsubsystem%2Fdrivers%2Fhid-generic%2F0003%3A0627%3A0001.0001%2Fsubsystem%2Fdevices%2F0003%3A0627%3A0001.0001%2Fdriver%2F0003%3A0627%3A0001.0001%2Fhidraw%2Fhidraw0%2Fdevice%2Fsubsystem%2Fdevices%2F0003%3A0627%3A0001.0001%2Fhidraw%2Fhidraw0%2Fdevice%2Fdriver%2F0003%3A0627%3A0001.0001%2Fdriver%2F0003%3A0627%3A0001.0001%2Fsubsystem%2Fdrivers%2Fhid-generic%2F0003%3A0627%3A0001.0001%2Fhidraw%2Fhidraw0%2Fdevice%2Fdriver%2F0003%3A0627%3A0001.0001%2Fhidraw%2Fhidraw0%2Fsubsystem%2Fhidraw0%2Fsubsystem%2Fhidraw0%2Fdevice%2Fdriver%2F0003%3A0627%3A0001.0001%2Fsubsystem%2Fdrivers HTTP/1.1" 200 67081 "-" "Mozilla/5.0 AppleWebKit/537.36 (KHTML, like Gecko; compatible; GPTBot/1.2; +https://openai.com/gptbot)"
20.171.207.179 - - [22/Jul/2025:21:22:32 +0530] "GET /database/migrations/?HX=%2F%2Fsys%2Fclass%2Fmisc%2Fwatchdog%2Fdevice%2Fsubsystem%2Fdevices%2FQEMU0001%3A00%2Ffirmware_node%2Fdriver%2FQEMU0001%3A00%2Fsubsystem%2Fdevices%2FPNP0A08%3A00%2Fdevice%3A01%2Fsubsystem%2Fdevices%2Fdevice%3A05%2Fphysical_node%2F0000%3A02%3A00.0%2Fvirtio1%2Fhost0%2Ftarget0%3A0%3A0%2F0%3A0%3A0%3A0%2Fscsi_generic%2Fsg0%2Fdevice%2Fblock%2Fsda%2Fsda1%2Fsubsystem%2Floop0%2Fsubsystem%2Fsda%2Fdevice%2Fblock%2Fsda%2Fdevice%2Fsubsystem%2Fdevices%2Fhost4%2Fscsi_host%2Fhost4%2Fdevice%2Fscsi_host%2Fhost4%2Fsubsystem%2Fhost3%2Fsubsystem%2Fhost1%2Fsubsystem%2Fhost3%2Fsubsystem%2Fhost1%2Fsubsystem%2Fhost5%2Fsubsystem%2Fhost1%2Fdevice%2Fsubsystem%2Fdevices%2Fhost4%2Fscsi_host%2Fhost4%2Fdevice%2Fscsi_host%2Fhost4%2Fdevice%2Fscsi_host%2Fhost4%2Fdevice%2Fscsi_host%2Fhost4%2Fpower HTTP/1.1" 200 64598 "-" "Mozilla/5.0 AppleWebKit/537.36 (KHTML, like Gecko; compatible; GPTBot/1.2; +https://openai.com/gptbot)"
20.171.207.223 - - [22/Jul/2025:21:23:33 +0530] "GET /database/migrations/?HX=%2F%2Fsys%2Fmodule%2Fusbcore%2Fdrivers%2Fusb%3Ahub%2F1-0%3A1.0%2Fsubsystem%2Fdevices%2Fusb1%2F1-1%2F1-1%3A1.0%2F0003%3A0627%3A0001.0001%2Fdriver%2F0003%3A0627%3A0001.0001%2Fhidraw%2Fhidraw0%2Fdevice%2Fdriver%2F0003%3A0627%3A0001.0001%2Fsubsystem%2Fdrivers%2Fhid-generic%2F0003%3A0627%3A0001.0001%2Fsubsystem%2Fdevices%2F0003%3A0627%3A0001.0001%2Fdriver%2F0003%3A0627%3A0001.0001%2Fhidraw%2Fhidraw0%2Fdevice%2Fhidraw%2Fhidraw0%2Fdevice%2Fdriver%2F0003%3A0627%3A0001.0001%2Fdriver%2F0003%3A0627%3A0001.0001%2Fdriver%2F0003%3A0627%3A0001.0001%2Fhidraw%2Fhidraw0%2Fsubsystem%2Fhidraw0%2Fdevice%2Fhidraw%2Fhidraw0%2Fdevice%2Fhidraw%2Fhidraw0%2Fdevice%2Fdriver%2F0003%3A0627%3A0001.0001%2Fhidraw%2Fhidraw0%2Fsubsystem HTTP/1.1" 200 26471 "-" "Mozilla/5.0 AppleWebKit/537.36 (KHTML, like Gecko; compatible; GPTBot/1.2; +https://openai.com/gptbot)"
20.171.207.179 - - [22/Jul/2025:21:23:38 +0530] "GET /database/migrations/?HX=%2F%2Fsys%2Fclass%2Fmisc%2Fwatchdog%2Fdevice%2Fsubsystem%2Fdevices%2FQEMU0001%3A00%2Ffirmware_node%2Fdriver%2FQEMU0001%3A00%2Fsubsystem%2Fdevices%2FPNP0A08%3A00%2Fdevice%3A01%2Fsubsystem%2Fdevices%2Fdevice%3A05%2Fphysical_node%2F0000%3A02%3A00.0%2Fvirtio1%2Fhost0%2Ftarget0%3A0%3A0%2F0%3A0%3A0%3A0%2Fscsi_generic%2Fsg0%2Fdevice%2Fblock%2Fsda%2Fsda1%2Fsubsystem%2Floop0%2Fsubsystem%2Fsda%2Fdevice%2Fblock%2Fsda%2Fdevice%2Fsubsystem%2Fdevices%2Fhost4%2Fscsi_host%2Fhost4%2Fdevice%2Fscsi_host%2Fhost4%2Fsubsystem%2Fhost3%2Fsubsystem%2Fhost1%2Fsubsystem%2Fhost3%2Fsubsystem%2Fhost1%2Fsubsystem%2Fhost6%2Fsubsystem%2Fhost0%2Fdevice%2Ftarget0%3A0%3A0%2F0%3A0%3A0%3A0%2Fbsg%2F0%3A0%3A0%3A0%2Fdevice%2Fpower HTTP/1.1" 200 56020 "-" "Mozilla/5.0 AppleWebKit/537.36 (KHTML, like Gecko; compatible; GPTBot/1.2; +https://openai.com/gptbot)"
20.171.207.223 - - [22/Jul/2025:21:24:38 +0530] "GET /database/migrations/?HX=%2F%2Fsys%2Fmodule%2Fusbcore%2Fdrivers%2Fusb%3Ahub%2F1-0%3A1.0%2Fsubsystem%2Fdevices%2Fusb1%2F1-1%2F1-1%3A1.0%2F0003%3A0627%3A0001.0001%2Fdriver%2F0003%3A0627%3A0001.0001%2Fhidraw%2Fhidraw0%2Fdevice%2Fdriver%2F0003%3A0627%3A0001.0001%2Fsubsystem%2Fdrivers%2Fhid-generic%2F0003%3A0627%3A0001.0001%2Fsubsystem%2Fdevices%2F0003%3A0627%3A0001.0001%2Fdriver%2F0003%3A0627%3A0001.0001%2Fhidraw%2Fhidraw0%2Fdevice%2Fhidraw%2Fhidraw0%2Fdevice%2Fdriver%2F0003%3A0627%3A0001.0001%2Fdriver%2F0003%3A0627%3A0001.0001%2Fdriver%2F0003%3A0627%3A0001.0001%2Fhidraw%2Fhidraw0%2Fsubsystem%2Fhidraw0%2Fdevice%2Fhidraw%2Fhidraw0%2Fdevice%2Fhidraw%2Fhidraw0%2Fdevice%2Fdriver%2F0003%3A0627%3A0001.0001%2Fsubsystem%2Fdevices%2F0003%3A0627%3A0001.0001%2Fdriver HTTP/1.1" 200 40660 "-" "Mozilla/5.0 AppleWebKit/537.36 (KHTML, like Gecko; compatible; GPTBot/1.2; +https://openai.com/gptbot)"
20.171.207.179 - - [22/Jul/2025:21:24:41 +0530] "GET /database/migrations/?HX=%2F%2Fsys%2Fclass%2Fmisc%2Fwatchdog%2Fdevice%2Fsubsystem%2Fdevices%2FQEMU0001%3A00%2Ffirmware_node%2Fdriver%2FQEMU0001%3A00%2Fsubsystem%2Fdevices%2FPNP0A08%3A00%2Fdevice%3A0d%2Fdevice%3A0e%2Fsubsystem%2Fdevices%2FLNXCPU%3A01%2Fthermal_cooling%2Fdevice%2Fphysical_node%2Fnode0%2Fmemory44%2Fsubsystem%2Fdevices%2Fmemory12%2Fnode0%2Fcpu6%2Fnode0%2Fcpu4%2Ffirmware_node%2Fphysical_node%2Fnode0%2Fcpu7%2Fnode0%2Fcpu5%2Fnode0%2Fmemory107%2Fnode0%2Fmemory118%2Fnode0%2Fcpu4%2Ffirmware_node%2Fphysical_node HTTP/1.1" 200 38524 "-" "Mozilla/5.0 AppleWebKit/537.36 (KHTML, like Gecko; compatible; GPTBot/1.2; +https://openai.com/gptbot)"
20.171.207.223 - - [22/Jul/2025:21:25:38 +0530] "GET /database/migrations/?HX=%2F%2Fproc%2Fself%2Froot%2Fsys%2Fdev%2Fchar%2F247%3A2%2Fdevice%2Fusb1%2F1-1%2F1-1%3A1.0%2F0003%3A0627%3A0001.0001%2Fdriver%2F0003%3A0627%3A0001.0001%2Fhidraw%2Fhidraw0%2Fdevice%2Fdriver%2F0003%3A0627%3A0001.0001%2Fsubsystem%2Fdrivers%2Fhid-generic%2F0003%3A0627%3A0001.0001%2Fsubsystem%2Fdevices%2F0003%3A0627%3A0001.0001%2Fdriver%2F0003%3A0627%3A0001.0001%2Fhidraw%2Fhidraw0%2Fdevice%2Fsubsystem%2Fdevices%2F0003%3A0627%3A0001.0001%2Fhidraw%2Fhidraw0%2Fdevice%2Fdriver%2F0003%3A0627%3A0001.0001%2Fdriver%2F0003%3A0627%3A0001.0001%2Fsubsystem%2Fdrivers%2Fhid-generic%2F0003%3A0627%3A0001.0001%2Fhidraw%2Fhidraw0%2Fdevice%2Fdriver%2F0003%3A0627%3A0001.0001%2Fhidraw%2Fhidraw0%2Fsubsystem%2Fhidraw0%2Fsubsystem%2Fhidraw0%2Fdevice%2Fhidraw%2Fhidraw0%2Fdevice%2Fpower HTTP/1.1" 200 57962 "-" "Mozilla/5.0 AppleWebKit/537.36 (KHTML, like Gecko; compatible; GPTBot/1.2; +https://openai.com/gptbot)"
20.171.207.179 - - [22/Jul/2025:21:25:42 +0530] "GET /database/migrations/?HX=%2F%2Fsys%2Fclass%2Fmisc%2Fwatchdog%2Fdevice%2Fsubsystem%2Fdevices%2FQEMU0001%3A00%2Ffirmware_node%2Fdriver%2FQEMU0001%3A00%2Fsubsystem%2Fdevices%2FPNP0A08%3A00%2Fdevice%3A01%2Fsubsystem%2Fdevices%2Fdevice%3A05%2Fphysical_node%2F0000%3A02%3A00.0%2Fvirtio1%2Fhost0%2Ftarget0%3A0%3A0%2F0%3A0%3A0%3A0%2Fscsi_generic%2Fsg0%2Fdevice%2Fblock%2Fsda%2Fsda1%2Fsubsystem%2Floop0%2Fsubsystem%2Fsda%2Fdevice%2Fblock%2Fsda%2Fdevice%2Fsubsystem%2Fdevices%2Fhost4%2Fscsi_host%2Fhost4%2Fdevice%2Fscsi_host%2Fhost4%2Fsubsystem%2Fhost3%2Fsubsystem%2Fhost1%2Fsubsystem%2Fhost3%2Fsubsystem%2Fhost1%2Fsubsystem%2Fhost0%2Fsubsystem%2Fhost5%2Fsubsystem%2Fhost0%2Fdevice%2Ftarget0%3A0%3A0%2F0%3A0%3A0%3A0%2Fblock%2Fsda%2Fbdi%2Fsubsystem%2Fdefault%2Fpower HTTP/1.1" 200 59707 "-" "Mozilla/5.0 AppleWebKit/537.36 (KHTML, like Gecko; compatible; GPTBot/1.2; +https://openai.com/gptbot)"
20.171.207.223 - - [22/Jul/2025:21:26:43 +0530] "GET /database/migrations/?HX=%2F%2Fproc%2Fself%2Froot%2Fsys%2Fdev%2Fchar%2F247%3A2%2Fdevice%2Fusb1%2F1-1%2F1-1%3A1.0%2F0003%3A0627%3A0001.0001%2Fdriver%2F0003%3A0627%3A0001.0001%2Fhidraw%2Fhidraw0%2Fdevice%2Fdriver%2F0003%3A0627%3A0001.0001%2Fsubsystem%2Fdrivers%2Fhid-generic%2F0003%3A0627%3A0001.0001%2Fsubsystem%2Fdevices%2F0003%3A0627%3A0001.0001%2Fdriver%2F0003%3A0627%3A0001.0001%2Fhidraw%2Fhidraw0%2Fdevice%2Fsubsystem%2Fdevices%2F0003%3A0627%3A0001.0001%2Fhidraw%2Fhidraw0%2Fdevice%2Fdriver%2F0003%3A0627%3A0001.0001%2Fdriver%2F0003%3A0627%3A0001.0001%2Fsubsystem%2Fdrivers%2Fhid-generic%2F0003%3A0627%3A0001.0001%2Fhidraw%2Fhidraw0%2Fdevice%2Fdriver%2F0003%3A0627%3A0001.0001%2Fhidraw%2Fhidraw0%2Fsubsystem%2Fhidraw0%2Fsubsystem%2Fhidraw0%2Fdevice%2Fhidraw%2Fhidraw0%2Fdevice%2Fdriver HTTP/1.1" 200 43160 "-" "Mozilla/5.0 AppleWebKit/537.36 (KHTML, like Gecko; compatible; GPTBot/1.2; +https://openai.com/gptbot)"
20.171.207.179 - - [22/Jul/2025:21:26:44 +0530] "GET /database/migrations/?HX=%2F%2Fsys%2Fclass%2Fmisc%2Fwatchdog%2Fdevice%2Fsubsystem%2Fdevices%2FQEMU0001%3A00%2Ffirmware_node%2Fdriver%2FQEMU0001%3A00%2Fsubsystem%2Fdevices%2FPNP0A08%3A00%2Fdevice%3A0d%2Fdevice%3A0e%2Fsubsystem%2Fdevices%2FLNXCPU%3A01%2Fthermal_cooling%2Fdevice%2Fphysical_node%2Fnode0%2Fmemory44%2Fsubsystem%2Fdevices%2Fmemory12%2Fnode0%2Fcpu6%2Fnode0%2Fcpu4%2Ffirmware_node%2Fphysical_node%2Fnode0%2Fcpu7%2Fnode0%2Fcpu5%2Fnode0%2Fmemory107%2Fnode0%2Fmemory42%2Fnode0%2Fmemory2%2Fsubsystem%2Fdevices%2Fmemory111%2Fnode0%2Fmemory96%2Fsubsystem%2Fdevices%2Fmemory2%2Fpower HTTP/1.1" 200 43773 "-" "Mozilla/5.0 AppleWebKit/537.36 (KHTML, like Gecko; compatible; GPTBot/1.2; +https://openai.com/gptbot)"
20.171.207.223 - - [22/Jul/2025:21:27:44 +0530] "GET /database/migrations/?HX=%2F%2Fproc%2Fself%2Froot%2Fsys%2Fdev%2Fchar%2F247%3A2%2Fdevice%2Fusb1%2F1-1%2F1-1%3A1.0%2F0003%3A0627%3A0001.0001%2Fdriver%2F0003%3A0627%3A0001.0001%2Fhidraw%2Fhidraw0%2Fdevice%2Fdriver%2F0003%3A0627%3A0001.0001%2Fsubsystem%2Fdrivers%2Fhid-generic%2F0003%3A0627%3A0001.0001%2Fsubsystem%2Fdevices%2F0003%3A0627%3A0001.0001%2Fdriver%2F0003%3A0627%3A0001.0001%2Fhidraw%2Fhidraw0%2Fdevice%2Fsubsystem%2Fdevices%2F0003%3A0627%3A0001.0001%2Fhidraw%2Fhidraw0%2Fdevice%2Fdriver%2F0003%3A0627%3A0001.0001%2Fdriver%2F0003%3A0627%3A0001.0001%2Fsubsystem%2Fdrivers%2Fhid-generic%2F0003%3A0627%3A0001.0001%2Fhidraw%2Fhidraw0%2Fdevice%2Fdriver%2F0003%3A0627%3A0001.0001%2Fhidraw%2Fhidraw0%2Fsubsystem%2Fhidraw0%2Fsubsystem%2Fhidraw0%2Fdevice%2Fhidraw%2Fhidraw0%2Fdevice%2Fhidraw HTTP/1.1" 200 29352 "-" "Mozilla/5.0 AppleWebKit/537.36 (KHTML, like Gecko; compatible; GPTBot/1.2; +https://openai.com/gptbot)"
20.171.207.179 - - [22/Jul/2025:21:27:48 +0530] "GET /database/migrations/?HX=%2F%2Fsys%2Fclass%2Fmisc%2Fwatchdog%2Fdevice%2Fsubsystem%2Fdevices%2FQEMU0001%3A00%2Ffirmware_node%2Fdriver%2FQEMU0001%3A00%2Fsubsystem%2Fdevices%2FPNP0A08%3A00%2Fdevice%3A0d%2Fdevice%3A0e%2Fsubsystem%2Fdevices%2FLNXCPU%3A01%2Fthermal_cooling%2Fdevice%2Fphysical_node%2Fnode0%2Fmemory44%2Fsubsystem%2Fdevices%2Fmemory12%2Fnode0%2Fcpu6%2Fnode0%2Fcpu4%2Ffirmware_node%2Fphysical_node%2Fnode0%2Fcpu7%2Fnode0%2Fcpu5%2Fnode0%2Fmemory107%2Fnode0%2Fmemory42%2Fnode0%2Fmemory2%2Fsubsystem%2Fdevices%2Fmemory111%2Fnode0%2Fmemory14%2Fsubsystem%2Fdevices%2Fmemory6%2Fpower HTTP/1.1" 200 43773 "-" "Mozilla/5.0 AppleWebKit/537.36 (KHTML, like Gecko; compatible; GPTBot/1.2; +https://openai.com/gptbot)"
20.171.207.223 - - [22/Jul/2025:21:28:49 +0530] "GET /database/migrations/?HX=%2F%2Fproc%2Fself%2Froot%2Fsys%2Fdev%2Fchar%2F247%3A2%2Fdevice%2Fusb1%2F1-1%2F1-1%3A1.0%2F0003%3A0627%3A0001.0001%2Fdriver%2F0003%3A0627%3A0001.0001%2Fhidraw%2Fhidraw0%2Fdevice%2Fdriver%2F0003%3A0627%3A0001.0001%2Fsubsystem%2Fdrivers%2Fhid-generic%2F0003%3A0627%3A0001.0001%2Fsubsystem%2Fdevices%2F0003%3A0627%3A0001.0001%2Fdriver%2F0003%3A0627%3A0001.0001%2Fhidraw%2Fhidraw0%2Fdevice%2Fsubsystem%2Fdevices%2F0003%3A0627%3A0001.0001%2Fhidraw%2Fhidraw0%2Fdevice%2Fdriver%2F0003%3A0627%3A0001.0001%2Fdriver%2F0003%3A0627%3A0001.0001%2Fsubsystem%2Fdrivers%2Fhid-generic%2F0003%3A0627%3A0001.0001%2Fhidraw%2Fhidraw0%2Fdevice%2Fdriver%2F0003%3A0627%3A0001.0001%2Fhidraw%2Fhidraw0%2Fsubsystem%2Fhidraw0%2Fdevice%2Fdriver%2F0003%3A0627%3A0001.0001%2Fsubsystem%2Fdevices HTTP/1.1" 200 28103 "-" "Mozilla/5.0 AppleWebKit/537.36 (KHTML, like Gecko; compatible; GPTBot/1.2; +https://openai.com/gptbot)"
20.171.207.179 - - [22/Jul/2025:21:28:53 +0530] "GET /database/migrations/?HX=%2F%2Fsys%2Fclass%2Fmisc%2Fwatchdog%2Fdevice%2Fsubsystem%2Fdevices%2FQEMU0001%3A00%2Ffirmware_node%2Fdriver%2FQEMU0001%3A00%2Fsubsystem%2Fdevices%2FPNP0A08%3A00%2Fdevice%3A0d%2Fdevice%3A0e%2Fsubsystem%2Fdevices%2FLNXCPU%3A01%2Fthermal_cooling%2Fdevice%2Fphysical_node%2Fnode0%2Fmemory44%2Fsubsystem%2Fdevices%2Fmemory12%2Fnode0%2Fcpu6%2Fnode0%2Fcpu4%2Ffirmware_node%2Fphysical_node%2Fnode0%2Fcpu7%2Fnode0%2Fcpu5%2Fnode0%2Fmemory107%2Fnode0%2Fmemory42%2Fnode0%2Fmemory42%2Fnode0%2Fmemory111%2Fsubsystem%2Fdevices%2Fmemory75%2Fnode0%2Fcpu6%2Fcache%2Findex3 HTTP/1.1" 200 45997 "-" "Mozilla/5.0 AppleWebKit/537.36 (KHTML, like Gecko; compatible; GPTBot/1.2; +https://openai.com/gptbot)"
20.171.207.223 - - [22/Jul/2025:21:29:52 +0530] "GET /database/migrations/?HX=%2F%2Fsys%2Fmodule%2Fusbcore%2Fdrivers%2Fusb%3Ahub%2F1-0%3A1.0%2Fsubsystem%2Fdevices%2Fusb1%2F1-1%2F1-1%3A1.0%2F0003%3A0627%3A0001.0001%2Fdriver%2F0003%3A0627%3A0001.0001%2Fhidraw%2Fhidraw0%2Fdevice%2Fdriver%2F0003%3A0627%3A0001.0001%2Fsubsystem%2Fdrivers%2Fhid-generic%2F0003%3A0627%3A0001.0001%2Fsubsystem%2Fdevices%2F0003%3A0627%3A0001.0001%2Fdriver%2F0003%3A0627%3A0001.0001%2Fhidraw%2Fhidraw0%2Fdevice%2Fhidraw%2Fhidraw0%2Fdevice%2Fdriver%2F0003%3A0627%3A0001.0001%2Fdriver%2F0003%3A0627%3A0001.0001%2Fdriver%2F0003%3A0627%3A0001.0001%2Fhidraw%2Fhidraw0%2Fsubsystem%2Fhidraw0%2Fdevice%2Fhidraw%2Fhidraw0%2Fdevice%2Fhidraw%2Fhidraw0%2Fdevice%2Fdriver%2F0003%3A0627%3A0001.0001%2Fsubsystem%2Fdrivers%2Fhid-generic%2F0003%3A0627%3A0001.0001 HTTP/1.1" 200 48428 "-" "Mozilla/5.0 AppleWebKit/537.36 (KHTML, like Gecko; compatible; GPTBot/1.2; +https://openai.com/gptbot)"
