20.171.207.139 - - [26/Jul/2025:10:07:09 +0530] "GET /vendor/composer/platform_check.php HTTP/1.1" 200 - "-" "Mozilla/5.0 AppleWebKit/537.36 (KHTML, like Gecko; compatible; GPTBot/1.2; +https://openai.com/gptbot)"
20.171.207.139 - - [26/Jul/2025:10:07:13 +0530] "GET /vendor/paragonie/random_compat/dist/ HTTP/1.1" 200 1087 "-" "Mozilla/5.0 AppleWebKit/537.36 (KHTML, like Gecko; compatible; GPTBot/1.2; +https://openai.com/gptbot)"
20.171.207.139 - - [26/Jul/2025:10:07:17 +0530] "GET /vendor/zendframework/zend-validator/CHANGELOG.md HTTP/1.1" 200 19590 "-" "Mozilla/5.0 AppleWebKit/537.36 (KHTML, like Gecko; compatible; GPTBot/1.2; +https://openai.com/gptbot)"
20.171.207.139 - - [26/Jul/2025:10:07:20 +0530] "GET /vendor/league/oauth2-google/ HTTP/1.1" 200 1910 "-" "Mozilla/5.0 AppleWebKit/537.36 (KHTML, like Gecko; compatible; GPTBot/1.2; +https://openai.com/gptbot)"
4.227.36.59 - - [26/Jul/2025:10:07:21 +0530] "GET /robots.txt HTTP/1.1" 500 679 "-" "Mozilla/5.0 AppleWebKit/537.36 (KHTML, like Gecko; compatible; GPTBot/1.2; +https://openai.com/gptbot)"
20.171.207.139 - - [26/Jul/2025:10:07:23 +0530] "GET /vendor/zendframework/zend-stdlib/CHANGELOG.md HTTP/1.1" 200 9447 "-" "Mozilla/5.0 AppleWebKit/537.36 (KHTML, like Gecko; compatible; GPTBot/1.2; +https://openai.com/gptbot)"
20.171.207.139 - - [26/Jul/2025:10:07:26 +0530] "GET /vendor/zendframework/zend-validator/LICENSE.md HTTP/1.1" 200 1516 "-" "Mozilla/5.0 AppleWebKit/537.36 (KHTML, like Gecko; compatible; GPTBot/1.2; +https://openai.com/gptbot)"
20.171.207.139 - - [26/Jul/2025:10:07:28 +0530] "GET /vendor/zendframework/zend-barcode/CHANGELOG.md HTTP/1.1" 200 3238 "-" "Mozilla/5.0 AppleWebKit/537.36 (KHTML, like Gecko; compatible; GPTBot/1.2; +https://openai.com/gptbot)"
20.171.207.139 - - [26/Jul/2025:10:07:31 +0530] "GET /uploads/logo1.png HTTP/1.1" 200 5347 "-" "Mozilla/5.0 AppleWebKit/537.36 (KHTML, like Gecko; compatible; GPTBot/1.2; +https://openai.com/gptbot)"
20.171.207.139 - - [26/Jul/2025:10:07:33 +0530] "GET /vendor/guzzlehttp/promises/ HTTP/1.1" 200 1544 "-" "Mozilla/5.0 AppleWebKit/537.36 (KHTML, like Gecko; compatible; GPTBot/1.2; +https://openai.com/gptbot)"
20.171.207.139 - - [26/Jul/2025:10:07:34 +0530] "GET /vendor/zendframework/zend-barcode/LICENSE.md HTTP/1.1" 200 1516 "-" "Mozilla/5.0 AppleWebKit/537.36 (KHTML, like Gecko; compatible; GPTBot/1.2; +https://openai.com/gptbot)"
20.171.207.139 - - [26/Jul/2025:10:07:36 +0530] "GET /vendor/composer/installed.php HTTP/1.1" 200 - "-" "Mozilla/5.0 AppleWebKit/537.36 (KHTML, like Gecko; compatible; GPTBot/1.2; +https://openai.com/gptbot)"
20.171.207.139 - - [26/Jul/2025:10:07:37 +0530] "GET /hrm/js/jquery-print-file-min.js HTTP/1.1" 200 86927 "-" "Mozilla/5.0 AppleWebKit/537.36 (KHTML, like Gecko; compatible; GPTBot/1.2; +https://openai.com/gptbot)"
20.171.207.139 - - [26/Jul/2025:10:07:39 +0530] "GET /vendor/zendframework/zend-validator/src/AbstractValidator.php HTTP/1.1" 500 - "-" "Mozilla/5.0 AppleWebKit/537.36 (KHTML, like Gecko; compatible; GPTBot/1.2; +https://openai.com/gptbot)"
20.171.207.139 - - [26/Jul/2025:10:07:40 +0530] "GET /vendor/zendframework/zend-validator/src/StaticValidator.php HTTP/1.1" 200 - "-" "Mozilla/5.0 AppleWebKit/537.36 (KHTML, like Gecko; compatible; GPTBot/1.2; +https://openai.com/gptbot)"
20.171.207.139 - - [26/Jul/2025:10:07:44 +0530] "GET /help/js/jquery.js HTTP/1.1" 200 95785 "-" "Mozilla/5.0 AppleWebKit/537.36 (KHTML, like Gecko; compatible; GPTBot/1.2; +https://openai.com/gptbot)"
20.171.207.139 - - [26/Jul/2025:10:07:47 +0530] "GET /vendor/league/oauth2-client/ HTTP/1.1" 200 1186 "-" "Mozilla/5.0 AppleWebKit/537.36 (KHTML, like Gecko; compatible; GPTBot/1.2; +https://openai.com/gptbot)"
20.171.207.139 - - [26/Jul/2025:10:07:50 +0530] "GET /vendor/stripe/stripe-php/VERSION HTTP/1.1" 200 7 "-" "Mozilla/5.0 AppleWebKit/537.36 (KHTML, like Gecko; compatible; GPTBot/1.2; +https://openai.com/gptbot)"
20.171.207.139 - - [26/Jul/2025:10:07:53 +0530] "GET /vendor/stripe/stripe-php/LICENSE HTTP/1.1" 200 1099 "-" "Mozilla/5.0 AppleWebKit/537.36 (KHTML, like Gecko; compatible; GPTBot/1.2; +https://openai.com/gptbot)"
20.171.207.139 - - [26/Jul/2025:10:07:55 +0530] "GET /vendor/guzzlehttp/promises/composer.json HTTP/1.1" 200 924 "-" "Mozilla/5.0 AppleWebKit/537.36 (KHTML, like Gecko; compatible; GPTBot/1.2; +https://openai.com/gptbot)"
20.171.207.139 - - [26/Jul/2025:10:07:57 +0530] "GET /vendor/guzzlehttp/promises/Makefile HTTP/1.1" 200 189 "-" "Mozilla/5.0 AppleWebKit/537.36 (KHTML, like Gecko; compatible; GPTBot/1.2; +https://openai.com/gptbot)"
20.171.207.139 - - [26/Jul/2025:10:07:59 +0530] "GET /vendor/zendframework/zend-validator/src/ValidatorInterface.php HTTP/1.1" 200 - "-" "Mozilla/5.0 AppleWebKit/537.36 (KHTML, like Gecko; compatible; GPTBot/1.2; +https://openai.com/gptbot)"
20.171.207.139 - - [26/Jul/2025:10:08:01 +0530] "GET /vendor/zendframework/zend-validator/bin/update_hostname_validator.php HTTP/1.1" 500 - "-" "Mozilla/5.0 AppleWebKit/537.36 (KHTML, like Gecko; compatible; GPTBot/1.2; +https://openai.com/gptbot)"
20.171.207.139 - - [26/Jul/2025:10:08:02 +0530] "GET /vendor/ralouphie/getallheaders/LICENSE HTTP/1.1" 200 1080 "-" "Mozilla/5.0 AppleWebKit/537.36 (KHTML, like Gecko; compatible; GPTBot/1.2; +https://openai.com/gptbot)"
20.171.207.139 - - [26/Jul/2025:10:08:07 +0530] "GET /hrm/?C=S%3BO%3DA HTTP/1.1" 200 3796 "-" "Mozilla/5.0 AppleWebKit/537.36 (KHTML, like Gecko; compatible; GPTBot/1.2; +https://openai.com/gptbot)"
20.171.207.139 - - [26/Jul/2025:10:08:11 +0530] "GET /hrm/?C=M%3BO%3DA HTTP/1.1" 200 3796 "-" "Mozilla/5.0 AppleWebKit/537.36 (KHTML, like Gecko; compatible; GPTBot/1.2; +https://openai.com/gptbot)"
20.171.207.139 - - [26/Jul/2025:10:08:14 +0530] "GET /vendor/league/oauth2-client/?C=M%3BO%3DA HTTP/1.1" 200 1186 "-" "Mozilla/5.0 AppleWebKit/537.36 (KHTML, like Gecko; compatible; GPTBot/1.2; +https://openai.com/gptbot)"
20.171.207.139 - - [26/Jul/2025:10:08:18 +0530] "GET /vendor/composer/autoload_psr4.php HTTP/1.1" 200 - "-" "Mozilla/5.0 AppleWebKit/537.36 (KHTML, like Gecko; compatible; GPTBot/1.2; +https://openai.com/gptbot)"
20.171.207.139 - - [26/Jul/2025:10:08:21 +0530] "GET /uploads/avatars/ HTTP/1.1" 200 114 "-" "Mozilla/5.0 AppleWebKit/537.36 (KHTML, like Gecko; compatible; GPTBot/1.2; +https://openai.com/gptbot)"
20.171.207.139 - - [26/Jul/2025:10:08:23 +0530] "GET /uploads/logo.png HTTP/1.1" 200 5710 "-" "Mozilla/5.0 AppleWebKit/537.36 (KHTML, like Gecko; compatible; GPTBot/1.2; +https://openai.com/gptbot)"
20.171.207.139 - - [26/Jul/2025:10:08:26 +0530] "GET /help/images/add_product.png HTTP/1.1" 200 130092 "-" "Mozilla/5.0 AppleWebKit/537.36 (KHTML, like Gecko; compatible; GPTBot/1.2; +https://openai.com/gptbot)"
20.171.207.139 - - [26/Jul/2025:10:08:28 +0530] "GET /vendor/guzzlehttp/guzzle/vendor-bin/psalm/ HTTP/1.1" 200 889 "-" "Mozilla/5.0 AppleWebKit/537.36 (KHTML, like Gecko; compatible; GPTBot/1.2; +https://openai.com/gptbot)"
20.171.207.139 - - [26/Jul/2025:10:08:30 +0530] "GET /vendor/league/oauth2-google/examples/ HTTP/1.1" 500 - "-" "Mozilla/5.0 AppleWebKit/537.36 (KHTML, like Gecko; compatible; GPTBot/1.2; +https://openai.com/gptbot)"
20.171.207.139 - - [26/Jul/2025:10:08:32 +0530] "GET /vendor/league/oauth2-client/composer.json HTTP/1.1" 200 1397 "-" "Mozilla/5.0 AppleWebKit/537.36 (KHTML, like Gecko; compatible; GPTBot/1.2; +https://openai.com/gptbot)"
20.171.207.139 - - [26/Jul/2025:10:08:37 +0530] "GET /hrm/product-update.php HTTP/1.1" 500 - "-" "Mozilla/5.0 AppleWebKit/537.36 (KHTML, like Gecko; compatible; GPTBot/1.2; +https://openai.com/gptbot)"
20.171.207.139 - - [26/Jul/2025:10:08:43 +0530] "GET /vendor/league/oauth2-google/composer.json HTTP/1.1" 200 1076 "-" "Mozilla/5.0 AppleWebKit/537.36 (KHTML, like Gecko; compatible; GPTBot/1.2; +https://openai.com/gptbot)"
20.171.207.139 - - [26/Jul/2025:10:08:56 +0530] "GET /vendor/league/oauth2-google/CHANGELOG.md HTTP/1.1" 200 1124 "-" "Mozilla/5.0 AppleWebKit/537.36 (KHTML, like Gecko; compatible; GPTBot/1.2; +https://openai.com/gptbot)"
20.171.207.139 - - [26/Jul/2025:10:09:09 +0530] "GET /vendor/mike42/escpos-php/ HTTP/1.1" 200 2610 "-" "Mozilla/5.0 AppleWebKit/537.36 (KHTML, like Gecko; compatible; GPTBot/1.2; +https://openai.com/gptbot)"
20.171.207.139 - - [26/Jul/2025:10:09:20 +0530] "GET /help/images/sales.png HTTP/1.1" 200 176312 "-" "Mozilla/5.0 AppleWebKit/537.36 (KHTML, like Gecko; compatible; GPTBot/1.2; +https://openai.com/gptbot)"
20.171.207.139 - - [26/Jul/2025:10:09:31 +0530] "GET /vendor/composer/InstalledVersions.php HTTP/1.1" 200 - "-" "Mozilla/5.0 AppleWebKit/537.36 (KHTML, like Gecko; compatible; GPTBot/1.2; +https://openai.com/gptbot)"
20.171.207.139 - - [26/Jul/2025:10:09:40 +0530] "GET /vendor/zendframework/zend-validator/src/ValidatorChain.php HTTP/1.1" 500 - "-" "Mozilla/5.0 AppleWebKit/537.36 (KHTML, like Gecko; compatible; GPTBot/1.2; +https://openai.com/gptbot)"
20.171.207.139 - - [26/Jul/2025:10:09:48 +0530] "GET /vendor/league/oauth2-google/CONTRIBUTING.md HTTP/1.1" 200 1705 "-" "Mozilla/5.0 AppleWebKit/537.36 (KHTML, like Gecko; compatible; GPTBot/1.2; +https://openai.com/gptbot)"
20.171.207.139 - - [26/Jul/2025:10:10:15 +0530] "GET /vendor/zendframework/zend-validator/src/ValidatorProviderInterface.php HTTP/1.1" 200 - "-" "Mozilla/5.0 AppleWebKit/537.36 (KHTML, like Gecko; compatible; GPTBot/1.2; +https://openai.com/gptbot)"
20.171.207.139 - - [26/Jul/2025:10:10:37 +0530] "GET /vendor/guzzlehttp/promises/src/ HTTP/1.1" 200 3994 "-" "Mozilla/5.0 AppleWebKit/537.36 (KHTML, like Gecko; compatible; GPTBot/1.2; +https://openai.com/gptbot)"
20.171.207.139 - - [26/Jul/2025:10:10:57 +0530] "GET /vendor/guzzlehttp/guzzle/CHANGELOG.md HTTP/1.1" 200 83915 "-" "Mozilla/5.0 AppleWebKit/537.36 (KHTML, like Gecko; compatible; GPTBot/1.2; +https://openai.com/gptbot)"
20.171.207.139 - - [26/Jul/2025:10:11:15 +0530] "GET /vendor/guzzlehttp/guzzle/UPGRADING.md HTTP/1.1" 200 53616 "-" "Mozilla/5.0 AppleWebKit/537.36 (KHTML, like Gecko; compatible; GPTBot/1.2; +https://openai.com/gptbot)"
20.171.207.139 - - [26/Jul/2025:10:11:32 +0530] "GET /themes/default/assets/plugins/select2/alfa-rex.php56 HTTP/1.1" 403 15 "-" "Mozilla/5.0 AppleWebKit/537.36 (KHTML, like Gecko; compatible; GPTBot/1.2; +https://openai.com/gptbot)"
20.171.207.139 - - [26/Jul/2025:10:11:47 +0530] "GET /vendor/guzzlehttp/promises/LICENSE HTTP/1.1" 200 1116 "-" "Mozilla/5.0 AppleWebKit/537.36 (KHTML, like Gecko; compatible; GPTBot/1.2; +https://openai.com/gptbot)"
20.171.207.139 - - [26/Jul/2025:10:12:01 +0530] "GET /vendor/mike42/escpos-php/test/ HTTP/1.1" 200 1207 "-" "Mozilla/5.0 AppleWebKit/537.36 (KHTML, like Gecko; compatible; GPTBot/1.2; +https://openai.com/gptbot)"
20.171.207.139 - - [26/Jul/2025:10:12:15 +0530] "GET /vendor/mike42/escpos-php/doc/ HTTP/1.1" 200 1204 "-" "Mozilla/5.0 AppleWebKit/537.36 (KHTML, like Gecko; compatible; GPTBot/1.2; +https://openai.com/gptbot)"
20.171.207.139 - - [26/Jul/2025:10:12:27 +0530] "GET /vendor/mike42/escpos-php/src/ HTTP/1.1" 200 846 "-" "Mozilla/5.0 AppleWebKit/537.36 (KHTML, like Gecko; compatible; GPTBot/1.2; +https://openai.com/gptbot)"
4.227.36.59 - - [26/Jul/2025:10:12:27 +0530] "GET /robots.txt HTTP/1.1" 500 679 "-" "Mozilla/5.0 AppleWebKit/537.36 (KHTML, like Gecko; compatible; GPTBot/1.2; +https://openai.com/gptbot)"
20.171.207.139 - - [26/Jul/2025:10:12:37 +0530] "GET /vendor/ralouphie/getallheaders/src/ HTTP/1.1" 200 874 "-" "Mozilla/5.0 AppleWebKit/537.36 (KHTML, like Gecko; compatible; GPTBot/1.2; +https://openai.com/gptbot)"
20.171.207.139 - - [26/Jul/2025:10:12:47 +0530] "GET /vendor/composer/installed.json HTTP/1.1" 200 43891 "-" "Mozilla/5.0 AppleWebKit/537.36 (KHTML, like Gecko; compatible; GPTBot/1.2; +https://openai.com/gptbot)"
20.171.207.139 - - [26/Jul/2025:10:12:56 +0530] "GET /vendor/guzzlehttp/promises/src/functions_include.php HTTP/1.1" 200 - "-" "Mozilla/5.0 AppleWebKit/537.36 (KHTML, like Gecko; compatible; GPTBot/1.2; +https://openai.com/gptbot)"
20.171.207.139 - - [26/Jul/2025:10:13:04 +0530] "GET /vendor/mike42/escpos-php/example/ HTTP/1.1" 200 4368 "-" "Mozilla/5.0 AppleWebKit/537.36 (KHTML, like Gecko; compatible; GPTBot/1.2; +https://openai.com/gptbot)"
20.171.207.139 - - [26/Jul/2025:10:13:11 +0530] "GET /vendor/zendframework/zend-validator/src/ValidatorPluginManager.php HTTP/1.1" 500 - "-" "Mozilla/5.0 AppleWebKit/537.36 (KHTML, like Gecko; compatible; GPTBot/1.2; +https://openai.com/gptbot)"
20.171.207.139 - - [26/Jul/2025:10:13:17 +0530] "GET /vendor/league/oauth2-google/src/ HTTP/1.1" 200 1035 "-" "Mozilla/5.0 AppleWebKit/537.36 (KHTML, like Gecko; compatible; GPTBot/1.2; +https://openai.com/gptbot)"
20.171.207.139 - - [26/Jul/2025:10:13:37 +0530] "GET /vendor/league/oauth2-client/src/ HTTP/1.1" 200 1561 "-" "Mozilla/5.0 AppleWebKit/537.36 (KHTML, like Gecko; compatible; GPTBot/1.2; +https://openai.com/gptbot)"
20.171.207.139 - - [26/Jul/2025:10:13:54 +0530] "GET /vendor/mike42/escpos-php/test/integration/ HTTP/1.1" 200 1063 "-" "Mozilla/5.0 AppleWebKit/537.36 (KHTML, like Gecko; compatible; GPTBot/1.2; +https://openai.com/gptbot)"
20.171.207.139 - - [26/Jul/2025:10:14:10 +0530] "GET /vendor/mike42/escpos-php/test/unit/ HTTP/1.1" 200 3388 "-" "Mozilla/5.0 AppleWebKit/537.36 (KHTML, like Gecko; compatible; GPTBot/1.2; +https://openai.com/gptbot)"
20.171.207.139 - - [26/Jul/2025:10:14:24 +0530] "GET /vendor/guzzlehttp/psr7/src/ HTTP/1.1" 200 6144 "-" "Mozilla/5.0 AppleWebKit/537.36 (KHTML, like Gecko; compatible; GPTBot/1.2; +https://openai.com/gptbot)"
20.171.207.139 - - [26/Jul/2025:10:14:36 +0530] "GET /vendor/mike42/escpos-php/src/Mike42/ HTTP/1.1" 200 864 "-" "Mozilla/5.0 AppleWebKit/537.36 (KHTML, like Gecko; compatible; GPTBot/1.2; +https://openai.com/gptbot)"
20.171.207.139 - - [26/Jul/2025:10:14:47 +0530] "GET /vendor/guzzlehttp/psr7/CHANGELOG.md HTTP/1.1" 200 8011 "-" "Mozilla/5.0 AppleWebKit/537.36 (KHTML, like Gecko; compatible; GPTBot/1.2; +https://openai.com/gptbot)"
20.171.207.139 - - [26/Jul/2025:10:14:57 +0530] "GET /vendor/zendframework/zend-validator/src/ValidatorPluginManagerFactory.php HTTP/1.1" 500 - "-" "Mozilla/5.0 AppleWebKit/537.36 (KHTML, like Gecko; compatible; GPTBot/1.2; +https://openai.com/gptbot)"
20.171.207.139 - - [26/Jul/2025:10:15:07 +0530] "GET /vendor/mike42/escpos-php/example/rawbt-receipt.html HTTP/1.1" 200 1810 "-" "Mozilla/5.0 AppleWebKit/537.36 (KHTML, like Gecko; compatible; GPTBot/1.2; +https://openai.com/gptbot)"
20.171.207.139 - - [26/Jul/2025:10:15:34 +0530] "GET /vendor/mike42/escpos-php/example/pdf417-code.php HTTP/1.1" 200 - "-" "Mozilla/5.0 AppleWebKit/537.36 (KHTML, like Gecko; compatible; GPTBot/1.2; +https://openai.com/gptbot)"
20.171.207.139 - - [26/Jul/2025:10:16:00 +0530] "GET /vendor/mike42/escpos-php/example/specific/ HTTP/1.1" 200 3770 "-" "Mozilla/5.0 AppleWebKit/537.36 (KHTML, like Gecko; compatible; GPTBot/1.2; +https://openai.com/gptbot)"
20.171.207.139 - - [26/Jul/2025:10:16:22 +0530] "GET /help/js/bootstrap.min.js HTTP/1.1" 200 35951 "-" "Mozilla/5.0 AppleWebKit/537.36 (KHTML, like Gecko; compatible; GPTBot/1.2; +https://openai.com/gptbot)"
20.171.207.139 - - [26/Jul/2025:10:16:42 +0530] "GET /vendor/mike42/escpos-php/test/integration/resources/ HTTP/1.1" 200 909 "-" "Mozilla/5.0 AppleWebKit/537.36 (KHTML, like Gecko; compatible; GPTBot/1.2; +https://openai.com/gptbot)"
20.171.207.139 - - [26/Jul/2025:10:17:00 +0530] "GET /vendor/mike42/escpos-php/test/unit/resources/ HTTP/1.1" 200 3834 "-" "Mozilla/5.0 AppleWebKit/537.36 (KHTML, like Gecko; compatible; GPTBot/1.2; +https://openai.com/gptbot)"
20.171.207.139 - - [26/Jul/2025:10:17:17 +0530] "GET /vendor/guzzlehttp/psr7/src/Rfc7230.php HTTP/1.1" 200 - "-" "Mozilla/5.0 AppleWebKit/537.36 (KHTML, like Gecko; compatible; GPTBot/1.2; +https://openai.com/gptbot)"
20.171.207.139 - - [26/Jul/2025:10:17:32 +0530] "GET /vendor/guzzlehttp/psr7/src/functions_include.php HTTP/1.1" 200 - "-" "Mozilla/5.0 AppleWebKit/537.36 (KHTML, like Gecko; compatible; GPTBot/1.2; +https://openai.com/gptbot)"
4.227.36.59 - - [26/Jul/2025:10:17:33 +0530] "GET /robots.txt HTTP/1.1" 500 679 "-" "Mozilla/5.0 AppleWebKit/537.36 (KHTML, like Gecko; compatible; GPTBot/1.2; +https://openai.com/gptbot)"
20.171.207.139 - - [26/Jul/2025:10:17:45 +0530] "GET /vendor/guzzlehttp/psr7/src/functions.php HTTP/1.1" 200 - "-" "Mozilla/5.0 AppleWebKit/537.36 (KHTML, like Gecko; compatible; GPTBot/1.2; +https://openai.com/gptbot)"
20.171.207.139 - - [26/Jul/2025:10:17:56 +0530] "GET /vendor/mike42/escpos-php/LICENSE.md HTTP/1.1" 200 1157 "-" "Mozilla/5.0 AppleWebKit/537.36 (KHTML, like Gecko; compatible; GPTBot/1.2; +https://openai.com/gptbot)"
20.171.207.139 - - [26/Jul/2025:10:18:07 +0530] "GET /vendor/mike42/escpos-php/example/resources/rawbtlogo.png HTTP/1.1" 200 1358 "-" "Mozilla/5.0 AppleWebKit/537.36 (KHTML, like Gecko; compatible; GPTBot/1.2; +https://openai.com/gptbot)"
20.171.207.139 - - [26/Jul/2025:10:18:17 +0530] "GET /vendor/?C=S%3BO%3DA HTTP/1.1" 200 2729 "-" "Mozilla/5.0 AppleWebKit/537.36 (KHTML, like Gecko; compatible; GPTBot/1.2; +https://openai.com/gptbot)"
20.171.207.139 - - [26/Jul/2025:10:18:25 +0530] "GET /vendor/?C=M%3BO%3DA HTTP/1.1" 200 2729 "-" "Mozilla/5.0 AppleWebKit/537.36 (KHTML, like Gecko; compatible; GPTBot/1.2; +https://openai.com/gptbot)"
20.171.207.139 - - [26/Jul/2025:10:18:33 +0530] "GET /vendor/mike42/escpos-php/example/specific/?C=M%3BO%3DA HTTP/1.1" 200 3770 "-" "Mozilla/5.0 AppleWebKit/537.36 (KHTML, like Gecko; compatible; GPTBot/1.2; +https://openai.com/gptbot)"
20.171.207.139 - - [26/Jul/2025:10:18:40 +0530] "GET /vendor/mike42/escpos-php/example/specific/123-code128-barcode.php HTTP/1.1" 200 - "-" "Mozilla/5.0 AppleWebKit/537.36 (KHTML, like Gecko; compatible; GPTBot/1.2; +https://openai.com/gptbot)"
20.171.207.139 - - [26/Jul/2025:10:18:46 +0530] "GET /vendor/mike42/escpos-php/test/unit/resources/canvas_white.jpg HTTP/1.1" 200 160 "-" "Mozilla/5.0 AppleWebKit/537.36 (KHTML, like Gecko; compatible; GPTBot/1.2; +https://openai.com/gptbot)"
20.171.207.139 - - [26/Jul/2025:10:18:52 +0530] "GET /vendor/mike42/escpos-php/test/unit/resources/black_white.jpg HTTP/1.1" 200 175 "-" "Mozilla/5.0 AppleWebKit/537.36 (KHTML, like Gecko; compatible; GPTBot/1.2; +https://openai.com/gptbot)"
20.171.207.139 - - [26/Jul/2025:10:18:57 +0530] "GET /vendor/mike42/escpos-php/test/unit/resources/canvas_black.jpg HTTP/1.1" 200 160 "-" "Mozilla/5.0 AppleWebKit/537.36 (KHTML, like Gecko; compatible; GPTBot/1.2; +https://openai.com/gptbot)"
20.171.207.139 - - [26/Jul/2025:10:19:02 +0530] "GET /vendor/mike42/escpos-php/example/specific/32-german-tm-t20-ii-custom-command.php HTTP/1.1" 200 33 "-" "Mozilla/5.0 AppleWebKit/537.36 (KHTML, like Gecko; compatible; GPTBot/1.2; +https://openai.com/gptbot)"
20.171.207.139 - - [26/Jul/2025:10:19:06 +0530] "GET /vendor/mike42/escpos-php/example/specific/6-arabic-epos-tep-220m.php HTTP/1.1" 500 - "-" "Mozilla/5.0 AppleWebKit/537.36 (KHTML, like Gecko; compatible; GPTBot/1.2; +https://openai.com/gptbot)"
20.171.207.139 - - [26/Jul/2025:10:19:10 +0530] "GET /vendor/mike42/escpos-php/example/specific/68-redblack.php HTTP/1.1" 500 - "-" "Mozilla/5.0 AppleWebKit/537.36 (KHTML, like Gecko; compatible; GPTBot/1.2; +https://openai.com/gptbot)"
20.171.207.139 - - [26/Jul/2025:10:19:21 +0530] "GET /vendor/mike42/escpos-php/example/specific/44-pound-symbol-star-tsp650.php HTTP/1.1" 200 - "-" "Mozilla/5.0 AppleWebKit/537.36 (KHTML, like Gecko; compatible; GPTBot/1.2; +https://openai.com/gptbot)"
20.171.207.139 - - [26/Jul/2025:10:19:55 +0530] "GET /vendor/mike42/escpos-php/example/specific/97-dithering.php HTTP/1.1" 500 - "-" "Mozilla/5.0 AppleWebKit/537.36 (KHTML, like Gecko; compatible; GPTBot/1.2; +https://openai.com/gptbot)"
49.47.217.234 - - [26/Jul/2025:10:19:58 +0530] "GET /welcome HTTP/1.1" 500 679 "-" "Mozilla/5.0 (Windows NT 10.0; Win64; x64) AppleWebKit/537.36 (KHTML, like Gecko) Chrome/138.0.0.0 Safari/537.36 Edg/138.0.0.0"
49.47.217.234 - - [26/Jul/2025:10:19:59 +0530] "GET /favicon.ico HTTP/1.1" 500 679 "https://mmt-fms.firstmatrix.co.in/welcome" "Mozilla/5.0 (Windows NT 10.0; Win64; x64) AppleWebKit/537.36 (KHTML, like Gecko) Chrome/138.0.0.0 Safari/537.36 Edg/138.0.0.0"
20.171.207.139 - - [26/Jul/2025:10:20:26 +0530] "GET /vendor/mike42/escpos-php/example/specific/29-latvian-star-tup592.php HTTP/1.1" 500 - "-" "Mozilla/5.0 AppleWebKit/537.36 (KHTML, like Gecko; compatible; GPTBot/1.2; +https://openai.com/gptbot)"
20.171.207.139 - - [26/Jul/2025:10:21:28 +0530] "GET /vendor/mike42/escpos-php/example/specific/141-custom-command.php HTTP/1.1" 200 25 "-" "Mozilla/5.0 AppleWebKit/537.36 (KHTML, like Gecko; compatible; GPTBot/1.2; +https://openai.com/gptbot)"
20.171.207.139 - - [26/Jul/2025:10:22:33 +0530] "GET /vendor/mike42/escpos-php/example/specific/37-chinese.php HTTP/1.1" 500 - "-" "Mozilla/5.0 AppleWebKit/537.36 (KHTML, like Gecko; compatible; GPTBot/1.2; +https://openai.com/gptbot)"
4.227.36.59 - - [26/Jul/2025:10:22:34 +0530] "GET /robots.txt HTTP/1.1" 500 679 "-" "Mozilla/5.0 AppleWebKit/537.36 (KHTML, like Gecko; compatible; GPTBot/1.2; +https://openai.com/gptbot)"
49.47.217.234 - - [26/Jul/2025:10:22:39 +0530] "GET /welcome HTTP/1.1" 500 679 "-" "Mozilla/5.0 (Windows NT 10.0; Win64; x64) AppleWebKit/537.36 (KHTML, like Gecko) Chrome/138.0.0.0 Safari/537.36 Edg/138.0.0.0"
49.47.217.234 - - [26/Jul/2025:10:22:39 +0530] "GET /favicon.ico HTTP/1.1" 500 679 "https://mmt-fms.firstmatrix.co.in/welcome" "Mozilla/5.0 (Windows NT 10.0; Win64; x64) AppleWebKit/537.36 (KHTML, like Gecko) Chrome/138.0.0.0 Safari/537.36 Edg/138.0.0.0"
49.47.217.234 - - [26/Jul/2025:10:22:42 +0530] "GET /welcome HTTP/1.1" 500 679 "-" "Mozilla/5.0 (Windows NT 10.0; Win64; x64) AppleWebKit/537.36 (KHTML, like Gecko) Chrome/138.0.0.0 Safari/537.36 Edg/138.0.0.0"
49.47.217.234 - - [26/Jul/2025:10:22:42 +0530] "GET /favicon.ico HTTP/1.1" 500 679 "https://mmt-fms.firstmatrix.co.in/welcome" "Mozilla/5.0 (Windows NT 10.0; Win64; x64) AppleWebKit/537.36 (KHTML, like Gecko) Chrome/138.0.0.0 Safari/537.36 Edg/138.0.0.0"
49.47.217.234 - - [26/Jul/2025:10:23:01 +0530] "GET /welcome HTTP/1.1" 500 679 "-" "Mozilla/5.0 (Windows NT 10.0; Win64; x64) AppleWebKit/537.36 (KHTML, like Gecko) Chrome/138.0.0.0 Safari/537.36 Edg/138.0.0.0"
49.47.217.234 - - [26/Jul/2025:10:23:02 +0530] "GET /favicon.ico HTTP/1.1" 500 679 "https://mmt-fms.firstmatrix.co.in/welcome" "Mozilla/5.0 (Windows NT 10.0; Win64; x64) AppleWebKit/537.36 (KHTML, like Gecko) Chrome/138.0.0.0 Safari/537.36 Edg/138.0.0.0"
20.171.207.139 - - [26/Jul/2025:10:23:33 +0530] "GET /vendor/mike42/escpos-php/example/specific/235-get-data.php HTTP/1.1" 200 19 "-" "Mozilla/5.0 AppleWebKit/537.36 (KHTML, like Gecko; compatible; GPTBot/1.2; +https://openai.com/gptbot)"
20.171.207.139 - - [26/Jul/2025:10:24:34 +0530] "GET /vendor/mike42/escpos-php/example/specific/148-data-uri.php HTTP/1.1" 500 - "-" "Mozilla/5.0 AppleWebKit/537.36 (KHTML, like Gecko; compatible; GPTBot/1.2; +https://openai.com/gptbot)"
20.171.207.139 - - [26/Jul/2025:10:25:36 +0530] "GET /vendor/mike42/escpos-php/example/specific/54-gfx-sidebyside.php HTTP/1.1" 500 - "-" "Mozilla/5.0 AppleWebKit/537.36 (KHTML, like Gecko; compatible; GPTBot/1.2; +https://openai.com/gptbot)"
49.47.217.234 - - [26/Jul/2025:10:26:23 +0530] "GET /welcome HTTP/1.1" 500 679 "-" "Mozilla/5.0 (Windows NT 10.0; Win64; x64) AppleWebKit/537.36 (KHTML, like Gecko) Chrome/138.0.0.0 Safari/537.36 Edg/138.0.0.0"
49.47.217.234 - - [26/Jul/2025:10:26:24 +0530] "GET /favicon.ico HTTP/1.1" 500 679 "https://mmt-fms.firstmatrix.co.in/welcome" "Mozilla/5.0 (Windows NT 10.0; Win64; x64) AppleWebKit/537.36 (KHTML, like Gecko) Chrome/138.0.0.0 Safari/537.36 Edg/138.0.0.0"
49.47.217.234 - - [26/Jul/2025:10:26:26 +0530] "GET /welcome HTTP/1.1" 500 679 "-" "Mozilla/5.0 (Windows NT 10.0; Win64; x64) AppleWebKit/537.36 (KHTML, like Gecko) Chrome/138.0.0.0 Safari/537.36 Edg/138.0.0.0"
49.47.217.234 - - [26/Jul/2025:10:26:26 +0530] "GET /favicon.ico HTTP/1.1" 500 679 "https://mmt-fms.firstmatrix.co.in/welcome" "Mozilla/5.0 (Windows NT 10.0; Win64; x64) AppleWebKit/537.36 (KHTML, like Gecko) Chrome/138.0.0.0 Safari/537.36 Edg/138.0.0.0"
20.171.207.139 - - [26/Jul/2025:10:26:39 +0530] "GET /vendor/mike42/escpos-php/example/specific/62-greek-symbol-swap.php HTTP/1.1" 200 - "-" "Mozilla/5.0 AppleWebKit/537.36 (KHTML, like Gecko; compatible; GPTBot/1.2; +https://openai.com/gptbot)"
49.47.217.234 - - [26/Jul/2025:10:27:23 +0530] "GET /welcome HTTP/1.1" 500 679 "-" "Mozilla/5.0 (Windows NT 10.0; Win64; x64) AppleWebKit/537.36 (KHTML, like Gecko) Chrome/138.0.0.0 Safari/537.36 Edg/138.0.0.0"
49.47.217.234 - - [26/Jul/2025:10:27:24 +0530] "GET /favicon.ico HTTP/1.1" 500 679 "https://mmt-fms.firstmatrix.co.in/welcome" "Mozilla/5.0 (Windows NT 10.0; Win64; x64) AppleWebKit/537.36 (KHTML, like Gecko) Chrome/138.0.0.0 Safari/537.36 Edg/138.0.0.0"
20.171.207.139 - - [26/Jul/2025:10:27:45 +0530] "GET /vendor/mike42/escpos-php/example/specific/39-currency-symbols.php HTTP/1.1" 500 - "-" "Mozilla/5.0 AppleWebKit/537.36 (KHTML, like Gecko; compatible; GPTBot/1.2; +https://openai.com/gptbot)"
4.227.36.59 - - [26/Jul/2025:10:27:46 +0530] "GET /robots.txt HTTP/1.1" 500 679 "-" "Mozilla/5.0 AppleWebKit/537.36 (KHTML, like Gecko; compatible; GPTBot/1.2; +https://openai.com/gptbot)"
20.171.207.139 - - [26/Jul/2025:10:28:45 +0530] "GET /vendor/mike42/escpos-php/example/interface/ HTTP/1.1" 200 1785 "-" "Mozilla/5.0 AppleWebKit/537.36 (KHTML, like Gecko; compatible; GPTBot/1.2; +https://openai.com/gptbot)"
49.47.217.234 - - [26/Jul/2025:10:29:37 +0530] "GET /welcome HTTP/1.1" 500 679 "-" "Mozilla/5.0 (Windows NT 10.0; Win64; x64) AppleWebKit/537.36 (KHTML, like Gecko) Chrome/138.0.0.0 Safari/537.36 Edg/138.0.0.0"
49.47.217.234 - - [26/Jul/2025:10:29:38 +0530] "GET /favicon.ico HTTP/1.1" 500 679 "https://mmt-fms.firstmatrix.co.in/welcome" "Mozilla/5.0 (Windows NT 10.0; Win64; x64) AppleWebKit/537.36 (KHTML, like Gecko) Chrome/138.0.0.0 Safari/537.36 Edg/138.0.0.0"
20.171.207.139 - - [26/Jul/2025:10:29:47 +0530] "GET /vendor/mike42/escpos-php/example/receipt-with-logo.php HTTP/1.1" 500 - "-" "Mozilla/5.0 AppleWebKit/537.36 (KHTML, like Gecko; compatible; GPTBot/1.2; +https://openai.com/gptbot)"
49.47.217.234 - - [26/Jul/2025:10:30:22 +0530] "GET /welcome HTTP/1.1" 500 679 "-" "Mozilla/5.0 (Windows NT 10.0; Win64; x64) AppleWebKit/537.36 (KHTML, like Gecko) Chrome/138.0.0.0 Safari/537.36 Edg/138.0.0.0"
49.47.217.234 - - [26/Jul/2025:10:30:23 +0530] "GET /favicon.ico HTTP/1.1" 500 679 "https://mmt-fms.firstmatrix.co.in/welcome" "Mozilla/5.0 (Windows NT 10.0; Win64; x64) AppleWebKit/537.36 (KHTML, like Gecko) Chrome/138.0.0.0 Safari/537.36 Edg/138.0.0.0"
20.171.207.139 - - [26/Jul/2025:10:30:52 +0530] "GET /vendor/mike42/escpos-php/example/specific/29-latvian-star-tup592.php HTTP/1.1" 500 - "-" "Mozilla/5.0 AppleWebKit/537.36 (KHTML, like Gecko; compatible; GPTBot/1.2; +https://openai.com/gptbot)"
20.171.207.139 - - [26/Jul/2025:10:31:58 +0530] "GET /vendor/paragonie/random_compat/LICENSE HTTP/1.1" 200 1098 "-" "Mozilla/5.0 AppleWebKit/537.36 (KHTML, like Gecko; compatible; GPTBot/1.2; +https://openai.com/gptbot)"
20.171.207.139 - - [26/Jul/2025:10:32:59 +0530] "GET /vendor/paragonie/random_compat/other/build_phar.php HTTP/1.1" 500 - "-" "Mozilla/5.0 AppleWebKit/537.36 (KHTML, like Gecko; compatible; GPTBot/1.2; +https://openai.com/gptbot)"
4.227.36.59 - - [26/Jul/2025:10:33:00 +0530] "GET /robots.txt HTTP/1.1" 500 679 "-" "Mozilla/5.0 AppleWebKit/537.36 (KHTML, like Gecko; compatible; GPTBot/1.2; +https://openai.com/gptbot)"
20.171.207.139 - - [26/Jul/2025:10:34:04 +0530] "GET /vendor/mike42/escpos-php/composer.lock HTTP/1.1" 200 45282 "-" "Mozilla/5.0 AppleWebKit/537.36 (KHTML, like Gecko; compatible; GPTBot/1.2; +https://openai.com/gptbot)"
20.171.207.139 - - [26/Jul/2025:10:35:09 +0530] "GET /vendor/mike42/escpos-php/example/resources/ HTTP/1.1" 200 2536 "-" "Mozilla/5.0 AppleWebKit/537.36 (KHTML, like Gecko; compatible; GPTBot/1.2; +https://openai.com/gptbot)"
49.47.217.234 - - [26/Jul/2025:10:35:34 +0530] "GET /welcome HTTP/1.1" 500 679 "-" "Mozilla/5.0 (Windows NT 10.0; Win64; x64) AppleWebKit/537.36 (KHTML, like Gecko) Chrome/138.0.0.0 Safari/537.36 Edg/138.0.0.0"
49.47.217.234 - - [26/Jul/2025:10:35:35 +0530] "GET /favicon.ico HTTP/1.1" 500 679 "https://mmt-fms.firstmatrix.co.in/welcome" "Mozilla/5.0 (Windows NT 10.0; Win64; x64) AppleWebKit/537.36 (KHTML, like Gecko) Chrome/138.0.0.0 Safari/537.36 Edg/138.0.0.0"
20.171.207.139 - - [26/Jul/2025:10:36:10 +0530] "GET /vendor/stripe/stripe-php/data/ca-certificates.crt HTTP/1.1" 200 236061 "-" "Mozilla/5.0 AppleWebKit/537.36 (KHTML, like Gecko; compatible; GPTBot/1.2; +https://openai.com/gptbot)"
49.47.217.234 - - [26/Jul/2025:10:36:35 +0530] "GET /welcome HTTP/1.1" 500 679 "-" "Mozilla/5.0 (Windows NT 10.0; Win64; x64) AppleWebKit/537.36 (KHTML, like Gecko) Chrome/138.0.0.0 Safari/537.36 Edg/138.0.0.0"
49.47.217.234 - - [26/Jul/2025:10:36:35 +0530] "GET /favicon.ico HTTP/1.1" 500 679 "https://mmt-fms.firstmatrix.co.in/welcome" "Mozilla/5.0 (Windows NT 10.0; Win64; x64) AppleWebKit/537.36 (KHTML, like Gecko) Chrome/138.0.0.0 Safari/537.36 Edg/138.0.0.0"
49.47.217.234 - - [26/Jul/2025:10:36:37 +0530] "GET /welcome HTTP/1.1" 500 679 "-" "Mozilla/5.0 (Windows NT 10.0; Win64; x64) AppleWebKit/537.36 (KHTML, like Gecko) Chrome/138.0.0.0 Safari/537.36 Edg/138.0.0.0"
49.47.217.234 - - [26/Jul/2025:10:36:37 +0530] "GET /favicon.ico HTTP/1.1" 500 679 "https://mmt-fms.firstmatrix.co.in/welcome" "Mozilla/5.0 (Windows NT 10.0; Win64; x64) AppleWebKit/537.36 (KHTML, like Gecko) Chrome/138.0.0.0 Safari/537.36 Edg/138.0.0.0"
20.171.207.139 - - [26/Jul/2025:10:37:10 +0530] "GET /vendor/guzzlehttp/promises/CHANGELOG.md HTTP/1.1" 200 1504 "-" "Mozilla/5.0 AppleWebKit/537.36 (KHTML, like Gecko; compatible; GPTBot/1.2; +https://openai.com/gptbot)"
20.171.207.139 - - [26/Jul/2025:10:38:15 +0530] "GET /help/images/settings.png HTTP/1.1" 200 337676 "-" "Mozilla/5.0 AppleWebKit/537.36 (KHTML, like Gecko; compatible; GPTBot/1.2; +https://openai.com/gptbot)"
4.227.36.59 - - [26/Jul/2025:10:38:16 +0530] "GET /robots.txt HTTP/1.1" 500 679 "-" "Mozilla/5.0 AppleWebKit/537.36 (KHTML, like Gecko; compatible; GPTBot/1.2; +https://openai.com/gptbot)"
49.47.217.234 - - [26/Jul/2025:10:38:48 +0530] "GET /welcome HTTP/1.1" 500 679 "-" "Mozilla/5.0 (Windows NT 10.0; Win64; x64) AppleWebKit/537.36 (KHTML, like Gecko) Chrome/138.0.0.0 Safari/537.36 Edg/138.0.0.0"
49.47.217.234 - - [26/Jul/2025:10:38:48 +0530] "GET /favicon.ico HTTP/1.1" 500 679 "https://mmt-fms.firstmatrix.co.in/welcome" "Mozilla/5.0 (Windows NT 10.0; Win64; x64) AppleWebKit/537.36 (KHTML, like Gecko) Chrome/138.0.0.0 Safari/537.36 Edg/138.0.0.0"
49.47.217.234 - - [26/Jul/2025:10:38:50 +0530] "GET /welcome HTTP/1.1" 500 679 "-" "Mozilla/5.0 (Windows NT 10.0; Win64; x64) AppleWebKit/537.36 (KHTML, like Gecko) Chrome/138.0.0.0 Safari/537.36 Edg/138.0.0.0"
49.47.217.234 - - [26/Jul/2025:10:38:51 +0530] "GET /favicon.ico HTTP/1.1" 500 679 "https://mmt-fms.firstmatrix.co.in/welcome" "Mozilla/5.0 (Windows NT 10.0; Win64; x64) AppleWebKit/537.36 (KHTML, like Gecko) Chrome/138.0.0.0 Safari/537.36 Edg/138.0.0.0"
20.171.207.139 - - [26/Jul/2025:10:39:16 +0530] "GET /vendor/mike42/escpos-php/CONTRIBUTORS.md HTTP/1.1" 200 995 "-" "Mozilla/5.0 AppleWebKit/537.36 (KHTML, like Gecko; compatible; GPTBot/1.2; +https://openai.com/gptbot)"
20.171.207.139 - - [26/Jul/2025:10:40:19 +0530] "GET /vendor/mike42/escpos-php/CONTRIBUTING.md HTTP/1.1" 200 3417 "-" "Mozilla/5.0 AppleWebKit/537.36 (KHTML, like Gecko; compatible; GPTBot/1.2; +https://openai.com/gptbot)"
20.171.207.139 - - [26/Jul/2025:10:41:21 +0530] "GET /vendor/composer/ClassLoader.php HTTP/1.1" 200 - "-" "Mozilla/5.0 AppleWebKit/537.36 (KHTML, like Gecko; compatible; GPTBot/1.2; +https://openai.com/gptbot)"
20.171.207.139 - - [26/Jul/2025:10:42:25 +0530] "GET /vendor/mike42/escpos-php/example/character-tables.php HTTP/1.1" 200 - "-" "Mozilla/5.0 AppleWebKit/537.36 (KHTML, like Gecko; compatible; GPTBot/1.2; +https://openai.com/gptbot)"
49.47.217.234 - - [26/Jul/2025:10:42:39 +0530] "GET /welcome HTTP/1.1" 500 679 "-" "Mozilla/5.0 (Windows NT 10.0; Win64; x64) AppleWebKit/537.36 (KHTML, like Gecko) Chrome/138.0.0.0 Safari/537.36 Edg/138.0.0.0"
49.47.217.234 - - [26/Jul/2025:10:42:39 +0530] "GET /favicon.ico HTTP/1.1" 500 679 "https://mmt-fms.firstmatrix.co.in/welcome" "Mozilla/5.0 (Windows NT 10.0; Win64; x64) AppleWebKit/537.36 (KHTML, like Gecko) Chrome/138.0.0.0 Safari/537.36 Edg/138.0.0.0"
20.171.207.139 - - [26/Jul/2025:10:43:27 +0530] "GET /vendor/?C=N%3BO%3DD HTTP/1.1" 200 2729 "-" "Mozilla/5.0 AppleWebKit/537.36 (KHTML, like Gecko; compatible; GPTBot/1.2; +https://openai.com/gptbot)"
4.227.36.59 - - [26/Jul/2025:10:43:28 +0530] "GET /robots.txt HTTP/1.1" 500 679 "-" "Mozilla/5.0 AppleWebKit/537.36 (KHTML, like Gecko; compatible; GPTBot/1.2; +https://openai.com/gptbot)"
20.171.207.139 - - [26/Jul/2025:10:44:32 +0530] "GET /vendor/?C=D%3BO%3DA HTTP/1.1" 200 2729 "-" "Mozilla/5.0 AppleWebKit/537.36 (KHTML, like Gecko; compatible; GPTBot/1.2; +https://openai.com/gptbot)"
20.171.207.139 - - [26/Jul/2025:10:45:37 +0530] "GET /vendor/mike42/escpos-php/example/resources/document.html HTTP/1.1" 200 17887 "-" "Mozilla/5.0 AppleWebKit/537.36 (KHTML, like Gecko; compatible; GPTBot/1.2; +https://openai.com/gptbot)"
20.171.207.139 - - [26/Jul/2025:10:46:37 +0530] "GET /vendor/mike42/escpos-php/example/resources/document.pdf HTTP/1.1" 200 24389 "-" "Mozilla/5.0 AppleWebKit/537.36 (KHTML, like Gecko; compatible; GPTBot/1.2; +https://openai.com/gptbot)"
20.171.207.139 - - [26/Jul/2025:10:47:38 +0530] "GET /vendor/mike42/escpos-php/example/resources/document.odt HTTP/1.1" 200 39751 "-" "Mozilla/5.0 AppleWebKit/537.36 (KHTML, like Gecko; compatible; GPTBot/1.2; +https://openai.com/gptbot)"
20.171.207.139 - - [26/Jul/2025:10:48:41 +0530] "GET /vendor/mike42/escpos-php/example/resources/tulips.png HTTP/1.1" 200 379443 "-" "Mozilla/5.0 AppleWebKit/537.36 (KHTML, like Gecko; compatible; GPTBot/1.2; +https://openai.com/gptbot)"
4.227.36.59 - - [26/Jul/2025:10:48:42 +0530] "GET /robots.txt HTTP/1.1" 500 679 "-" "Mozilla/5.0 AppleWebKit/537.36 (KHTML, like Gecko; compatible; GPTBot/1.2; +https://openai.com/gptbot)"
20.171.207.139 - - [26/Jul/2025:10:49:41 +0530] "GET /vendor/mike42/escpos-php/example/resources/tux.png HTTP/1.1" 200 5198 "-" "Mozilla/5.0 AppleWebKit/537.36 (KHTML, like Gecko; compatible; GPTBot/1.2; +https://openai.com/gptbot)"
20.171.207.139 - - [26/Jul/2025:10:50:44 +0530] "GET /vendor/mike42/escpos-php/example/resources/document.z HTTP/1.1" 200 18900 "-" "Mozilla/5.0 AppleWebKit/537.36 (KHTML, like Gecko; compatible; GPTBot/1.2; +https://openai.com/gptbot)"
20.171.207.139 - - [26/Jul/2025:10:51:46 +0530] "GET /vendor/mike42/escpos-php/example/resources/character-encoding-test-strings.inc HTTP/1.1" 200 3535 "-" "Mozilla/5.0 AppleWebKit/537.36 (KHTML, like Gecko; compatible; GPTBot/1.2; +https://openai.com/gptbot)"
20.171.207.139 - - [26/Jul/2025:10:52:50 +0530] "GET /vendor/mike42/escpos-php/doc/escpos.doxyfile HTTP/1.1" 200 102812 "-" "Mozilla/5.0 AppleWebKit/537.36 (KHTML, like Gecko; compatible; GPTBot/1.2; +https://openai.com/gptbot)"
20.171.207.139 - - [26/Jul/2025:10:53:55 +0530] "GET /hrm/js/?C=M%3BO%3DA HTTP/1.1" 200 801 "-" "Mozilla/5.0 AppleWebKit/537.36 (KHTML, like Gecko; compatible; GPTBot/1.2; +https://openai.com/gptbot)"
49.47.217.234 - - [26/Jul/2025:10:53:55 +0530] "GET /welcome HTTP/1.1" 500 679 "-" "Mozilla/5.0 (Windows NT 10.0; Win64; x64) AppleWebKit/537.36 (KHTML, like Gecko) Chrome/138.0.0.0 Safari/537.36 Edg/138.0.0.0"
49.47.217.234 - - [26/Jul/2025:10:53:56 +0530] "GET /favicon.ico HTTP/1.1" 500 679 "https://mmt-fms.firstmatrix.co.in/welcome" "Mozilla/5.0 (Windows NT 10.0; Win64; x64) AppleWebKit/537.36 (KHTML, like Gecko) Chrome/138.0.0.0 Safari/537.36 Edg/138.0.0.0"
49.47.217.234 - - [26/Jul/2025:10:53:58 +0530] "GET /welcome HTTP/1.1" 500 679 "-" "Mozilla/5.0 (Windows NT 10.0; Win64; x64) AppleWebKit/537.36 (KHTML, like Gecko) Chrome/138.0.0.0 Safari/537.36 Edg/138.0.0.0"
49.47.217.234 - - [26/Jul/2025:10:53:58 +0530] "GET /favicon.ico HTTP/1.1" 500 679 "https://mmt-fms.firstmatrix.co.in/welcome" "Mozilla/5.0 (Windows NT 10.0; Win64; x64) AppleWebKit/537.36 (KHTML, like Gecko) Chrome/138.0.0.0 Safari/537.36 Edg/138.0.0.0"
49.47.217.234 - - [26/Jul/2025:10:54:05 +0530] "GET /welcome HTTP/1.1" 500 679 "-" "Mozilla/5.0 (Windows NT 10.0; Win64; x64) AppleWebKit/537.36 (KHTML, like Gecko) Chrome/138.0.0.0 Safari/537.36 Edg/138.0.0.0"
49.47.217.234 - - [26/Jul/2025:10:54:05 +0530] "GET /welcome HTTP/1.1" 500 679 "-" "Mozilla/5.0 (Windows NT 10.0; Win64; x64) AppleWebKit/537.36 (KHTML, like Gecko) Chrome/138.0.0.0 Safari/537.36 Edg/138.0.0.0"
49.47.217.234 - - [26/Jul/2025:10:54:06 +0530] "GET /favicon.ico HTTP/1.1" 500 679 "https://mmt-fms.firstmatrix.co.in/welcome" "Mozilla/5.0 (Windows NT 10.0; Win64; x64) AppleWebKit/537.36 (KHTML, like Gecko) Chrome/138.0.0.0 Safari/537.36 Edg/138.0.0.0"
49.47.217.234 - - [26/Jul/2025:10:54:33 +0530] "GET /welcome HTTP/1.1" 500 679 "-" "Mozilla/5.0 (Macintosh; Intel Mac OS X 10_15_7) AppleWebKit/537.36 (KHTML, like Gecko) Chrome/138.0.0.0 Safari/537.36"
49.47.217.234 - - [26/Jul/2025:10:54:44 +0530] "GET /welcome HTTP/1.1" 500 679 "-" "Mozilla/5.0 (Windows NT 10.0; Win64; x64) AppleWebKit/537.36 (KHTML, like Gecko) Chrome/138.0.0.0 Safari/537.36 Edg/138.0.0.0"
49.47.217.234 - - [26/Jul/2025:10:54:45 +0530] "GET /favicon.ico HTTP/1.1" 500 679 "https://mmt-fms.firstmatrix.co.in/welcome" "Mozilla/5.0 (Windows NT 10.0; Win64; x64) AppleWebKit/537.36 (KHTML, like Gecko) Chrome/138.0.0.0 Safari/537.36 Edg/138.0.0.0"
20.171.207.139 - - [26/Jul/2025:10:54:59 +0530] "GET /hrm/js/?C=N%3BO%3DD HTTP/1.1" 200 801 "-" "Mozilla/5.0 AppleWebKit/537.36 (KHTML, like Gecko; compatible; GPTBot/1.2; +https://openai.com/gptbot)"
49.47.217.234 - - [26/Jul/2025:10:55:25 +0530] "GET /welcome HTTP/1.1" 500 679 "-" "Mozilla/5.0 (Windows NT 10.0; Win64; x64) AppleWebKit/537.36 (KHTML, like Gecko) Chrome/138.0.0.0 Safari/537.36 Edg/138.0.0.0"
49.47.217.234 - - [26/Jul/2025:10:55:26 +0530] "GET /favicon.ico HTTP/1.1" 500 679 "https://mmt-fms.firstmatrix.co.in/welcome" "Mozilla/5.0 (Windows NT 10.0; Win64; x64) AppleWebKit/537.36 (KHTML, like Gecko) Chrome/138.0.0.0 Safari/537.36 Edg/138.0.0.0"
20.171.207.139 - - [26/Jul/2025:10:55:59 +0530] "GET /hrm/js/?C=D%3BO%3DA HTTP/1.1" 200 801 "-" "Mozilla/5.0 AppleWebKit/537.36 (KHTML, like Gecko; compatible; GPTBot/1.2; +https://openai.com/gptbot)"
49.47.219.111 - - [26/Jul/2025:10:56:02 +0530] "GET / HTTP/1.1" 200 1669 "-" "Mozilla/5.0 (Windows NT 10.0; Win64; x64) AppleWebKit/537.36 (KHTML, like Gecko) Chrome/138.0.0.0 Safari/537.36"
49.47.219.111 - - [26/Jul/2025:10:56:03 +0530] "GET /favicon.ico HTTP/1.1" 500 679 "https://mmt-fms.firstmatrix.co.in/" "Mozilla/5.0 (Windows NT 10.0; Win64; x64) AppleWebKit/537.36 (KHTML, like Gecko) Chrome/138.0.0.0 Safari/537.36"
49.47.217.234 - - [26/Jul/2025:10:56:03 +0530] "GET /welcome HTTP/1.1" 500 679 "-" "Mozilla/5.0 (Macintosh; Intel Mac OS X 10_15_7) AppleWebKit/537.36 (KHTML, like Gecko) Chrome/138.0.0.0 Safari/537.36"
49.47.217.234 - - [26/Jul/2025:10:56:34 +0530] "GET /welcome HTTP/1.1" 500 679 "-" "Mozilla/5.0 (Windows NT 10.0; Win64; x64) AppleWebKit/537.36 (KHTML, like Gecko) Chrome/138.0.0.0 Safari/537.36 Edg/138.0.0.0"
49.47.217.234 - - [26/Jul/2025:10:56:35 +0530] "GET /favicon.ico HTTP/1.1" 500 679 "https://mmt-fms.firstmatrix.co.in/welcome" "Mozilla/5.0 (Windows NT 10.0; Win64; x64) AppleWebKit/537.36 (KHTML, like Gecko) Chrome/138.0.0.0 Safari/537.36 Edg/138.0.0.0"
20.171.207.139 - - [26/Jul/2025:10:57:01 +0530] "GET /hrm/js/?C=S%3BO%3DA HTTP/1.1" 200 801 "-" "Mozilla/5.0 AppleWebKit/537.36 (KHTML, like Gecko; compatible; GPTBot/1.2; +https://openai.com/gptbot)"
49.47.217.234 - - [26/Jul/2025:10:57:31 +0530] "GET /welcome HTTP/1.1" 500 679 "-" "Mozilla/5.0 (Windows NT 10.0; Win64; x64) AppleWebKit/537.36 (KHTML, like Gecko) Chrome/138.0.0.0 Safari/537.36 Edg/138.0.0.0"
49.47.217.234 - - [26/Jul/2025:10:57:31 +0530] "GET /favicon.ico HTTP/1.1" 500 679 "https://mmt-fms.firstmatrix.co.in/welcome" "Mozilla/5.0 (Windows NT 10.0; Win64; x64) AppleWebKit/537.36 (KHTML, like Gecko) Chrome/138.0.0.0 Safari/537.36 Edg/138.0.0.0"
49.47.217.234 - - [26/Jul/2025:10:57:37 +0530] "GET /welcome HTTP/1.1" 500 679 "-" "Mozilla/5.0 (Windows NT 10.0; Win64; x64) AppleWebKit/537.36 (KHTML, like Gecko) Chrome/138.0.0.0 Safari/537.36 Edg/138.0.0.0"
49.47.217.234 - - [26/Jul/2025:10:57:38 +0530] "GET /favicon.ico HTTP/1.1" 500 679 "https://mmt-fms.firstmatrix.co.in/welcome" "Mozilla/5.0 (Windows NT 10.0; Win64; x64) AppleWebKit/537.36 (KHTML, like Gecko) Chrome/138.0.0.0 Safari/537.36 Edg/138.0.0.0"
49.47.217.234 - - [26/Jul/2025:10:57:40 +0530] "GET /welcome HTTP/1.1" 500 679 "-" "Mozilla/5.0 (Windows NT 10.0; Win64; x64) AppleWebKit/537.36 (KHTML, like Gecko) Chrome/138.0.0.0 Safari/537.36 Edg/138.0.0.0"
49.47.217.234 - - [26/Jul/2025:10:57:41 +0530] "GET /favicon.ico HTTP/1.1" 500 679 "https://mmt-fms.firstmatrix.co.in/welcome" "Mozilla/5.0 (Windows NT 10.0; Win64; x64) AppleWebKit/537.36 (KHTML, like Gecko) Chrome/138.0.0.0 Safari/537.36 Edg/138.0.0.0"
20.171.207.139 - - [26/Jul/2025:10:58:07 +0530] "GET /vendor/zendframework/zend-stdlib/src/InitializableInterface.php HTTP/1.1" 200 - "-" "Mozilla/5.0 AppleWebKit/537.36 (KHTML, like Gecko; compatible; GPTBot/1.2; +https://openai.com/gptbot)"
20.171.207.139 - - [26/Jul/2025:10:59:08 +0530] "GET /vendor/ralouphie/getallheaders/src/getallheaders.php HTTP/1.1" 200 - "-" "Mozilla/5.0 AppleWebKit/537.36 (KHTML, like Gecko; compatible; GPTBot/1.2; +https://openai.com/gptbot)"
49.47.217.234 - - [26/Jul/2025:10:59:09 +0530] "GET /welcome HTTP/1.1" 500 679 "-" "Mozilla/5.0 (Macintosh; Intel Mac OS X 10_15_7) AppleWebKit/537.36 (KHTML, like Gecko) Chrome/138.0.0.0 Safari/537.36"
49.47.217.234 - - [26/Jul/2025:10:59:10 +0530] "GET /welcome HTTP/1.1" 500 679 "-" "Mozilla/5.0 (Macintosh; Intel Mac OS X 10_15_7) AppleWebKit/537.36 (KHTML, like Gecko) Chrome/138.0.0.0 Safari/537.36"
49.47.217.234 - - [26/Jul/2025:10:59:11 +0530] "GET /welcome HTTP/1.1" 500 679 "-" "Mozilla/5.0 (Macintosh; Intel Mac OS X 10_15_7) AppleWebKit/537.36 (KHTML, like Gecko) Chrome/138.0.0.0 Safari/537.36"
49.47.217.234 - - [26/Jul/2025:10:59:11 +0530] "GET /welcome HTTP/1.1" 500 679 "-" "Mozilla/5.0 (Macintosh; Intel Mac OS X 10_15_7) AppleWebKit/537.36 (KHTML, like Gecko) Chrome/138.0.0.0 Safari/537.36"
20.171.207.139 - - [26/Jul/2025:11:00:08 +0530] "GET /vendor/guzzlehttp/guzzle/vendor-bin/phpstan/ HTTP/1.1" 200 893 "-" "Mozilla/5.0 AppleWebKit/537.36 (KHTML, like Gecko; compatible; GPTBot/1.2; +https://openai.com/gptbot)"
49.47.217.234 - - [26/Jul/2025:11:00:49 +0530] "GET /welcome HTTP/1.1" 500 679 "-" "Mozilla/5.0 (Macintosh; Intel Mac OS X 10_15_7) AppleWebKit/537.36 (KHTML, like Gecko) Chrome/138.0.0.0 Safari/537.36"
49.47.217.234 - - [26/Jul/2025:11:00:50 +0530] "GET /welcome HTTP/1.1" 500 679 "-" "Mozilla/5.0 (Macintosh; Intel Mac OS X 10_15_7) AppleWebKit/537.36 (KHTML, like Gecko) Chrome/138.0.0.0 Safari/537.36"
49.47.217.234 - - [26/Jul/2025:11:00:50 +0530] "GET /welcome HTTP/1.1" 500 679 "-" "Mozilla/5.0 (Macintosh; Intel Mac OS X 10_15_7) AppleWebKit/537.36 (KHTML, like Gecko) Chrome/138.0.0.0 Safari/537.36"
49.47.217.234 - - [26/Jul/2025:11:00:50 +0530] "GET /welcome HTTP/1.1" 500 679 "-" "Mozilla/5.0 (Macintosh; Intel Mac OS X 10_15_7) AppleWebKit/537.36 (KHTML, like Gecko) Chrome/138.0.0.0 Safari/537.36"
49.47.217.234 - - [26/Jul/2025:11:00:56 +0530] "GET /welcome HTTP/1.1" 500 679 "-" "Mozilla/5.0 (Macintosh; Intel Mac OS X 10_15_7) AppleWebKit/537.36 (KHTML, like Gecko) Chrome/138.0.0.0 Safari/537.36"
20.171.207.139 - - [26/Jul/2025:11:01:12 +0530] "GET /vendor/zendframework/zend-stdlib/src/ParameterObjectInterface.php HTTP/1.1" 200 - "-" "Mozilla/5.0 AppleWebKit/537.36 (KHTML, like Gecko; compatible; GPTBot/1.2; +https://openai.com/gptbot)"
49.47.217.234 - - [26/Jul/2025:11:01:20 +0530] "GET /welcome HTTP/1.1" 500 679 "-" "Mozilla/5.0 (Macintosh; Intel Mac OS X 10_15_7) AppleWebKit/537.36 (KHTML, like Gecko) Chrome/138.0.0.0 Safari/537.36"
49.47.217.234 - - [26/Jul/2025:11:01:22 +0530] "GET /welcome HTTP/1.1" 500 679 "-" "Mozilla/5.0 (Macintosh; Intel Mac OS X 10_15_7) AppleWebKit/537.36 (KHTML, like Gecko) Chrome/138.0.0.0 Safari/537.36"
20.171.207.139 - - [26/Jul/2025:11:02:13 +0530] "GET /vendor/guzzlehttp/guzzle/LICENSE HTTP/1.1" 200 1111 "-" "Mozilla/5.0 AppleWebKit/537.36 (KHTML, like Gecko; compatible; GPTBot/1.2; +https://openai.com/gptbot)"
20.171.207.139 - - [26/Jul/2025:11:03:14 +0530] "GET /vendor/guzzlehttp/guzzle/vendor-bin/php-cs-fixer/ HTTP/1.1" 200 903 "-" "Mozilla/5.0 AppleWebKit/537.36 (KHTML, like Gecko; compatible; GPTBot/1.2; +https://openai.com/gptbot)"
20.171.207.139 - - [26/Jul/2025:11:04:16 +0530] "GET /vendor/paragonie/random_compat/lib/random.php HTTP/1.1" 200 - "-" "Mozilla/5.0 AppleWebKit/537.36 (KHTML, like Gecko; compatible; GPTBot/1.2; +https://openai.com/gptbot)"
4.227.36.59 - - [26/Jul/2025:11:04:17 +0530] "GET /robots.txt HTTP/1.1" 500 679 "-" "Mozilla/5.0 AppleWebKit/537.36 (KHTML, like Gecko; compatible; GPTBot/1.2; +https://openai.com/gptbot)"
20.171.207.139 - - [26/Jul/2025:11:05:17 +0530] "GET /vendor/mike42/escpos-php/example/customer-display.php HTTP/1.1" 500 - "-" "Mozilla/5.0 AppleWebKit/537.36 (KHTML, like Gecko; compatible; GPTBot/1.2; +https://openai.com/gptbot)"
20.171.207.139 - - [26/Jul/2025:11:06:22 +0530] "GET /hrm/font-style/Calibri.ttf HTTP/1.1" 200 352736 "-" "Mozilla/5.0 AppleWebKit/537.36 (KHTML, like Gecko; compatible; GPTBot/1.2; +https://openai.com/gptbot)"
20.171.207.139 - - [26/Jul/2025:11:07:24 +0530] "GET /vendor/zendframework/zend-servicemanager/src/ConfigInterface.php HTTP/1.1" 200 - "-" "Mozilla/5.0 AppleWebKit/537.36 (KHTML, like Gecko; compatible; GPTBot/1.2; +https://openai.com/gptbot)"
20.171.207.139 - - [26/Jul/2025:11:08:28 +0530] "GET /vendor/zendframework/zend-validator/src/UndisclosedPassword.php HTTP/1.1" 500 - "-" "Mozilla/5.0 AppleWebKit/537.36 (KHTML, like Gecko; compatible; GPTBot/1.2; +https://openai.com/gptbot)"
20.171.207.139 - - [26/Jul/2025:11:09:30 +0530] "GET /vendor/zendframework/zend-barcode/src/RendererPluginManager.php HTTP/1.1" 500 - "-" "Mozilla/5.0 AppleWebKit/537.36 (KHTML, like Gecko; compatible; GPTBot/1.2; +https://openai.com/gptbot)"
4.227.36.59 - - [26/Jul/2025:11:09:30 +0530] "GET /robots.txt HTTP/1.1" 500 679 "-" "Mozilla/5.0 AppleWebKit/537.36 (KHTML, like Gecko; compatible; GPTBot/1.2; +https://openai.com/gptbot)"
20.171.207.139 - - [26/Jul/2025:11:10:33 +0530] "GET /vendor/zendframework/zend-servicemanager/src/ServiceManager.php HTTP/1.1" 500 - "-" "Mozilla/5.0 AppleWebKit/537.36 (KHTML, like Gecko; compatible; GPTBot/1.2; +https://openai.com/gptbot)"
20.171.207.139 - - [26/Jul/2025:11:11:37 +0530] "GET /hrm/font-style/Algerian%20Regular.ttf HTTP/1.1" 200 69496 "-" "Mozilla/5.0 AppleWebKit/537.36 (KHTML, like Gecko; compatible; GPTBot/1.2; +https://openai.com/gptbot)"
49.47.219.111 - - [26/Jul/2025:11:12:14 +0530] "GET /login HTTP/1.1" 500 679 "-" "Mozilla/5.0 (Windows NT 10.0; Win64; x64) AppleWebKit/537.36 (KHTML, like Gecko) Chrome/138.0.0.0 Safari/537.36"
49.47.219.111 - - [26/Jul/2025:11:12:15 +0530] "GET /favicon.ico HTTP/1.1" 500 679 "https://mmt-fms.firstmatrix.co.in/login" "Mozilla/5.0 (Windows NT 10.0; Win64; x64) AppleWebKit/537.36 (KHTML, like Gecko) Chrome/138.0.0.0 Safari/537.36"
49.47.219.111 - - [26/Jul/2025:11:12:33 +0530] "GET /login HTTP/1.1" 500 679 "-" "Mozilla/5.0 (Windows NT 10.0; Win64; x64) AppleWebKit/537.36 (KHTML, like Gecko) Chrome/138.0.0.0 Safari/537.36"
49.47.219.111 - - [26/Jul/2025:11:12:33 +0530] "GET /favicon.ico HTTP/1.1" 500 679 "https://mmt-fms.firstmatrix.co.in/login" "Mozilla/5.0 (Windows NT 10.0; Win64; x64) AppleWebKit/537.36 (KHTML, like Gecko) Chrome/138.0.0.0 Safari/537.36"
49.47.219.111 - - [26/Jul/2025:11:12:37 +0530] "GET /login HTTP/1.1" 500 679 "-" "Mozilla/5.0 (Windows NT 10.0; Win64; x64) AppleWebKit/537.36 (KHTML, like Gecko) Chrome/138.0.0.0 Safari/537.36"
49.47.219.111 - - [26/Jul/2025:11:12:37 +0530] "GET /favicon.ico HTTP/1.1" 500 679 "https://mmt-fms.firstmatrix.co.in/login" "Mozilla/5.0 (Windows NT 10.0; Win64; x64) AppleWebKit/537.36 (KHTML, like Gecko) Chrome/138.0.0.0 Safari/537.36"
20.171.207.139 - - [26/Jul/2025:11:12:38 +0530] "GET /vendor/mike42/escpos-php/example/specific/33-spanish-seypos-prp-300.php HTTP/1.1" 200 106 "-" "Mozilla/5.0 AppleWebKit/537.36 (KHTML, like Gecko; compatible; GPTBot/1.2; +https://openai.com/gptbot)"
49.47.219.111 - - [26/Jul/2025:11:12:45 +0530] "GET /login HTTP/1.1" 500 679 "-" "Mozilla/5.0 (Windows NT 10.0; Win64; x64) AppleWebKit/537.36 (KHTML, like Gecko) Chrome/138.0.0.0 Safari/537.36"
49.47.219.111 - - [26/Jul/2025:11:12:45 +0530] "GET /favicon.ico HTTP/1.1" 500 679 "https://mmt-fms.firstmatrix.co.in/login" "Mozilla/5.0 (Windows NT 10.0; Win64; x64) AppleWebKit/537.36 (KHTML, like Gecko) Chrome/138.0.0.0 Safari/537.36"
49.47.219.111 - - [26/Jul/2025:11:12:48 +0530] "GET / HTTP/1.1" 200 1669 "-" "Mozilla/5.0 (Windows NT 10.0; Win64; x64) AppleWebKit/537.36 (KHTML, like Gecko) Chrome/138.0.0.0 Safari/537.36"
49.47.219.111 - - [26/Jul/2025:11:12:48 +0530] "GET /favicon.ico HTTP/1.1" 500 679 "https://mmt-fms.firstmatrix.co.in/" "Mozilla/5.0 (Windows NT 10.0; Win64; x64) AppleWebKit/537.36 (KHTML, like Gecko) Chrome/138.0.0.0 Safari/537.36"
49.47.219.111 - - [26/Jul/2025:11:12:56 +0530] "GET /login HTTP/1.1" 500 679 "-" "Mozilla/5.0 (Windows NT 10.0; Win64; x64) AppleWebKit/537.36 (KHTML, like Gecko) Chrome/138.0.0.0 Safari/537.36"
